From mboxrd@z Thu Jan 1 00:00:00 1970 Return-Path: Received: from mails.dpdk.org (mails.dpdk.org [217.70.189.124]) by inbox.dpdk.org (Postfix) with ESMTP id E1E8548A42 for ; Fri, 31 Oct 2025 11:55:27 +0100 (CET) Received: from mails.dpdk.org (localhost [127.0.0.1]) by mails.dpdk.org (Postfix) with ESMTP id ADE9040270; Fri, 31 Oct 2025 11:55:27 +0100 (CET) Received: from mail-qt1-f227.google.com (mail-qt1-f227.google.com [209.85.160.227]) by mails.dpdk.org (Postfix) with ESMTP id 25F7F40270 for ; Fri, 31 Oct 2025 11:55:26 +0100 (CET) Received: by mail-qt1-f227.google.com with SMTP id d75a77b69052e-4ed0d6d3144so20521351cf.0 for ; Fri, 31 Oct 2025 03:55:26 -0700 (PDT) DKIM-Signature: v=1; a=rsa-sha256; c=relaxed/relaxed; d=iol.unh.edu; s=unh-iol; t=1761908125; x=1762512925; darn=dpdk.org; h=cc:to:from:subject:message-id:date:from:to:cc:subject:date :message-id:reply-to; bh=Afy1U/QmoefLDxl+rljtz/1bcKrP/9ty5DxMym7+pVo=; b=OOkkY2WR3j1Z76PUvmiGD6/bku9zyjNiC4FCJVbt8aoSBygtD2UCPLvsDX52b3dA57 AKfnQ3YTqYEp5oCy7BsAIxmGykvGbzk0yW7T27hzJ1SmcpTbDsU68k86k3wxGnTTDb0Y 0B4plf74vJUetmNCt7FxweiuuUDZnWWFxfOvw= X-Google-DKIM-Signature: v=1; a=rsa-sha256; c=relaxed/relaxed; d=1e100.net; s=20230601; t=1761908125; x=1762512925; h=cc:to:from:subject:message-id:date:x-gm-message-state:from:to:cc :subject:date:message-id:reply-to; bh=Afy1U/QmoefLDxl+rljtz/1bcKrP/9ty5DxMym7+pVo=; b=vxjpySwsdsvUib++NtMt7cdEKGVoYwwzg7XbMbIiIwT691Sj4CU/SOh11zyqDUS60q bMVAyAIUYHYMcMBFlMxZUi+cqPMz99GKJLtt4Lm51gU8sdPj8Bc25dBwZ3wL0wvkEX0p QfesffoWUuPDKXfFfJQtYluT93UA3IC3YCTIpQ0MmSqechoyWh6BSkDVE+ag2KGP2wL2 QiERlipvlR82CosjmYSgQ+AsPyZWHDGPa9OsRDjAKRoFbfSZX++PCccTABCfgaqcPv/I VtDAQhEgDwAmP17Bme7fCSvTz6EsNl2InFKxWxQmiQ0evkEaPVJfTiYJDO7sgwu7b3Po HjVg== X-Gm-Message-State: AOJu0Yxix75FspHjiqF+8Ym2DGCDctrNckg4PaXjVuDQ+vuzqT/S1dgN hAVvtZhKTwQXpaBU94OSgpLYfaaRg9egxWsdjy1fo8ixJm/zhFRjxI/UdzVaJhhZ8L7hUNmBgUU 2V/UzvIFspDOpiNbtfpl7P0WMqXj6Bf3ZDOcj X-Gm-Gg: ASbGnct5Pj60rGMemg9hHjwObDr0Zf/JSl+FzLldqPDSVoXGAR1FaJDDMFcZiV6+QwM tVtycNWKVSU7Mu0qnC9ZM6+gpPza460Vf/koHj2uJPnx4YAonoLUu3vQmpeJSdh97BmvjIUFMZ6 FPMDXY2MkrFXwHFo6R88kVkFbBUBsj9iGAYa2DpzNpozmxaP/mWNzLqOvDQOe0Yxa25fBYdYUtt NgdU03tLDaCfAR9L8Gd60znVXq7/MjzFAcSkDJrnfZiFGNOirmp5ad7Q/Pput4TaSSj042DfW8u gugnf2eeJ41/rlOpAq7SVvQEIOq/OY+AFdlKLTwbQwU4sYtsEv/xEvSXMofilm6kPK/1wcMZ9TH PPkCJnjoG5mrvxmtxyk71DOzbXoC1qns= X-Google-Smtp-Source: AGHT+IHSKHhGSY7CIteTLUwTv1P3Eae93OYbSIhKGLgJl186noxv90gzo2vdOvy8QY7RRpUALlrjwOlMH9t6 X-Received: by 2002:a05:622a:1448:b0:4eb:a78d:426c with SMTP id d75a77b69052e-4ed30d5e117mr39290401cf.13.1761908124983; Fri, 31 Oct 2025 03:55:24 -0700 (PDT) Received: from postal.iol.unh.edu (postal.iol.unh.edu. [132.177.123.84]) by smtp-relay.gmail.com with ESMTPS id 6a1803df08f44-880362c54a0sm1185156d6.17.2025.10.31.03.55.24 (version=TLS1_2 cipher=ECDHE-ECDSA-AES128-GCM-SHA256 bits=128/128); Fri, 31 Oct 2025 03:55:24 -0700 (PDT) X-Relaying-Domain: iol.unh.edu Date: Fri, 31 Oct 2025 03:55:24 -0700 (PDT) Message-ID: <6904959c.050a0220.1bf502.5db9SMTPIN_ADDED_MISSING@mx.google.com> Received: from [172.21.0.2] (unknown [172.18.0.240]) by postal.iol.unh.edu (Postfix) with ESMTP id 8D4166051830; Fri, 31 Oct 2025 06:55:24 -0400 (EDT) Subject: |FAILURE| [GIT MASTER] 62f583c49bf67dd4d6733ece14e55fe6839e66d1 From: dpdklab@iol.unh.edu To: Test Report Cc: dpdk-test-reports@iol.unh.edu, Xueming Li , Christian Ehrhardt , Kevin Traynor , Luca Boccassi Content-Type: text/plain X-BeenThere: test-report@dpdk.org X-Mailman-Version: 2.1.29 Precedence: list List-Id: automatic DPDK test reports List-Unsubscribe: , List-Archive: List-Post: List-Help: List-Subscribe: , Errors-To: test-report-bounces@dpdk.org _Testing issues_ Branch: tags/v23.11 62f583c49bf67dd4d6733ece14e55fe6839e66d1 --> testing issues Upstream job id: Generic-Unit-Test-DPDK#387192 Test environment and result as below: +------------------------------+----------------+--------------+------------------------------+---------------------------+ | Environment | dpdk_unit_test | lpm_autotest | cryptodev_sw_snow3g_autotest | cryptodev_sw_zuc_autotest | +==============================+================+==============+==============================+===========================+ | CentOS Stream 9 | PASS | SKIPPED | SKIPPED | SKIPPED | +------------------------------+----------------+--------------+------------------------------+---------------------------+ | CentOS Stream 10 | PEND | SKIPPED | SKIPPED | SKIPPED | +------------------------------+----------------+--------------+------------------------------+---------------------------+ | Debian GNU/Linux 12 | PASS | SKIPPED | SKIPPED | SKIPPED | +------------------------------+----------------+--------------+------------------------------+---------------------------+ | Fedora Linux 40 | PEND | SKIPPED | SKIPPED | SKIPPED | +------------------------------+----------------+--------------+------------------------------+---------------------------+ | Fedora Linux 41 | PEND | SKIPPED | SKIPPED | SKIPPED | +------------------------------+----------------+--------------+------------------------------+---------------------------+ | Fedora Linux 42 | PEND | SKIPPED | SKIPPED | SKIPPED | +------------------------------+----------------+--------------+------------------------------+---------------------------+ | Red Hat Enterprise Linux 9.5 | PEND | SKIPPED | SKIPPED | SKIPPED | +------------------------------+----------------+--------------+------------------------------+---------------------------+ | Ubuntu 22.04 | PASS | SKIPPED | SKIPPED | SKIPPED | +------------------------------+----------------+--------------+------------------------------+---------------------------+ | Ubuntu 20.04 | PEND | PASS | SKIPPED | SKIPPED | +------------------------------+----------------+--------------+------------------------------+---------------------------+ | Ubuntu 24.04 | PEND | SKIPPED | SKIPPED | SKIPPED | +------------------------------+----------------+--------------+------------------------------+---------------------------+ | Debian 12 (arm) | SKIPPED | SKIPPED | PEND | PEND | +------------------------------+----------------+--------------+------------------------------+---------------------------+ CentOS Stream 9 Kernel: 5.4 Compiler: gcc gcc (GCC) 11.5.0 20240719 (Red Hat 11.5.0-11) CentOS Stream 10 Kernel: 5.4 Compiler: gcc gcc (GCC) 14.2.1 20250110 (Red Hat 14.2.1-8) Debian GNU/Linux 12 Kernel: 5.4 Compiler: gcc gcc (Debian 12.2.0-14+deb12u1) 12.2.0 Fedora Linux 40 Kernel: 5.4 Compiler: gcc gcc (GCC) 14.2.1 20240912 (Red Hat 14.2.1-3) Fedora Linux 41 Kernel: 5.4 Compiler: gcc gcc (GCC) 14.3.1 20250523 (Red Hat 14.3.1-1) Fedora Linux 42 Kernel: 5.4 Compiler: gcc gcc (GCC) 15.2.1 20250808 (Red Hat 15.2.1-1) Red Hat Enterprise Linux 9.5 Kernel: 5.4 Compiler: gcc gcc (GCC) 11.5.0 20240719 (Red Hat 11.5.0-2) Ubuntu 22.04 Kernel: 5.4 Compiler: gcc gcc (Ubuntu 11.4.0-1ubuntu1~22.04) 11.4.0 Ubuntu 20.04 Kernel: 5.4 Compiler: gcc gcc (Ubuntu 9.4.0-1ubuntu1~20.04.2) 9.4.0 Ubuntu 24.04 Kernel: 5.4 Compiler: gcc gcc (Ubuntu 13.3.0-6ubuntu2~24.04) 13.3.0 Debian 12 (arm) Kernel: Depends on container host Compiler: gcc (Debian 12.2.0-14) 12.2.0 To view detailed results, visit: https://lab.dpdk.org/results/dashboard/tarballs/35407/ UNH-IOL DPDK Community Lab To manage your email subscriptions, visit: https://lab.dpdk.org/results/dashboard/preferences/subscriptions/