From mboxrd@z Thu Jan 1 00:00:00 1970 Return-Path: Received: from mails.dpdk.org (mails.dpdk.org [217.70.189.124]) by inbox.dpdk.org (Postfix) with ESMTP id 7A55148A46 for ; Fri, 31 Oct 2025 17:12:02 +0100 (CET) Received: from mails.dpdk.org (localhost [127.0.0.1]) by mails.dpdk.org (Postfix) with ESMTP id 63A2640150; Fri, 31 Oct 2025 17:12:02 +0100 (CET) Received: from mail-pg1-f226.google.com (mail-pg1-f226.google.com [209.85.215.226]) by mails.dpdk.org (Postfix) with ESMTP id 25D3740150 for ; Fri, 31 Oct 2025 17:12:01 +0100 (CET) Received: by mail-pg1-f226.google.com with SMTP id 41be03b00d2f7-b6cfffbb1e3so1908172a12.3 for ; Fri, 31 Oct 2025 09:12:01 -0700 (PDT) DKIM-Signature: v=1; a=rsa-sha256; c=relaxed/relaxed; d=iol.unh.edu; s=unh-iol; t=1761927120; x=1762531920; darn=dpdk.org; h=references:in-reply-to:cc:to:from:subject:message-id:date:from:to :cc:subject:date:message-id:reply-to; bh=gXUOl5luVj4KCTAcWeCQ793kWVP5bNcBKXPUgeKUDE0=; b=i1ksdEfVplgz+AvebAjZOj/5Psm1It6I+6JLKvt5cEACT7Z7AEi06ARHztspNvuMnZ PZGVQjzRmk1staP+xsCxr8H5XanG/ZPcBUsZ0r/1RiHk1Zc+ZHCbDM871X6PNj0lKeWc TAmZ5rzF6kAozOIZyVDxW2Yqhv09NXzqziyLA= X-Google-DKIM-Signature: v=1; a=rsa-sha256; c=relaxed/relaxed; d=1e100.net; s=20230601; t=1761927120; x=1762531920; h=references:in-reply-to:cc:to:from:subject:message-id:date :x-gm-message-state:from:to:cc:subject:date:message-id:reply-to; bh=gXUOl5luVj4KCTAcWeCQ793kWVP5bNcBKXPUgeKUDE0=; b=X3BwAVVnWjtiGrFTTZaYdxYpmceKeqzuPpyXgR5AVNL7aLJ9fkkQd0JO7/HOQnLJcM FoWj3dLz4VVBJG5pT3VynfaZvfomJVK8SHI/XUqenrbbSOfUW4GPfP2Wh5jdke62RPa7 gHPHGq3kVFH4m6Kkd89xVCrHd+mXIHZdGD+jQmWQ0ymMmzv1JNjbRrBlkPgmqDefOJ9/ NYqh/EZJdSXeuO+gXzFAf7F277ajLfnjRUMxWd3OFR25WnA2apSUa9akeSp4EgEtyq0p OE0NjQDf+50rGKf+1Tf1XFqjwcLIifflHUzzMYtmh9EIvmS79wJ7ceyURMfSXLANuDOy HgXQ== X-Gm-Message-State: AOJu0YznnRStg4vClEpfRwwgYPoW73Pn+k4mMOjBfu8e+9cqAoqhtt5m 2PpaewhilCIUF8jEO+jNaRwBJO2eiFDvHVTIXocN88DC7tZetKQAd5+tJvSfrXkUJdqo+iEpZ0k 9PhppK7R5poDJYzlv47kj/jKK89IXQMKEm1KzKArFh0Se X-Gm-Gg: ASbGncsM4x0FQEsrWwcLLaY5rEkmS/roDJG//OLQPBcTx8NaIpQYVzG+kYyqBMaAs7d EqBU29kCfIvpGYLPQBtpsFs3hoygngfZVksN60sXGjIYYFXi8uTfblmaX38GGhKRyhJNh2VZCTL 9C0IbyS5MqbP/HGXETpViq/cFoAzuLucR79IU6cm4luclaRmbUe81ifl+Te50lsXbvl+yJSgTDk HuCOt2TLVjnXIMW9B03os7Au/kXo+InwJofoivZVXEWReujwrnzjdlpsh8YZd5p+VsKiKz4cO8g mtC8GcMrUS5sRO2qv3h91g1zuPnWAelyMjL7X3GSstrwc4jfJ6MG2CO6ZLL9FMdw+ARF0KCmoAl NmSZ+5hT8yhlpsLMCENsMoVsaPMs8DY4= X-Google-Smtp-Source: AGHT+IGEAOjTzBxfXxCYYN9YihCJrTjo0p0j6uBYPCACdvqpBXz7yMEOMBtlNMVzpEuNYOF5CievxsW174NB X-Received: by 2002:a17:903:2d1:b0:294:cc8d:c0c2 with SMTP id d9443c01a7336-2951a3a7bf7mr59309645ad.27.1761927120019; Fri, 31 Oct 2025 09:12:00 -0700 (PDT) Received: from postal.iol.unh.edu (postal.iol.unh.edu. [132.177.123.84]) by smtp-relay.gmail.com with ESMTPS id d9443c01a7336-2954d65611esm221535ad.37.2025.10.31.09.11.59 (version=TLS1_2 cipher=ECDHE-ECDSA-AES128-GCM-SHA256 bits=128/128); Fri, 31 Oct 2025 09:12:00 -0700 (PDT) X-Relaying-Domain: iol.unh.edu Date: Fri, 31 Oct 2025 09:12:00 -0700 (PDT) Message-ID: <6904dfd0.170a0220.3c6c52.1396SMTPIN_ADDED_MISSING@mx.google.com> Received: from [172.21.0.2] (unknown [172.18.0.240]) by postal.iol.unh.edu (Postfix) with ESMTP id 2D9A1604D420; Fri, 31 Oct 2025 12:11:59 -0400 (EDT) Subject: |FAILURE| pw158318-158319 [PATCH] [2/2] net/iavf: fix single VLAN in From: dpdklab@iol.unh.edu To: Test Report Cc: dpdk-test-reports@iol.unh.edu, Ciara Loftus In-Reply-To: <20251031152250.2441980-3-ciara.loftus@intel.com> References: <20251031152250.2441980-3-ciara.loftus@intel.com> Content-Type: text/plain X-BeenThere: test-report@dpdk.org X-Mailman-Version: 2.1.29 Precedence: list List-Id: automatic DPDK test reports List-Unsubscribe: , List-Archive: List-Post: List-Help: List-Subscribe: , Errors-To: test-report-bounces@dpdk.org Test-Label: iol-compile-amd64-testing Test-Status: FAILURE http://dpdk.org/patch/158319 _Testing issues_ Submitter: Ciara Loftus Date: Friday, October 31 2025 15:22:50 DPDK git baseline: Repo:dpdk Branch: master CommitID:8c4861d00aabcf54ef9d6f1df2a4cfb37c06f6c2 158318-158319 --> testing issues Upstream job id: Generic-DPDK-Compile-Meson#439657 Test environment and result as below: +-------------------------------+--------------------+-------------------+------------------+-------------------------+-------------------+----------------------+ | Environment | dpdk_meson_compile | dpdk_compile_spdk | dpdk_compile_ovs | dpdk_llvm_clang_compile | dpdk_msvc_compile | dpdk_mingw64_compile | +===============================+====================+===================+==================+=========================+===================+======================+ | CentOS Stream 9 | PEND | PEND | SKIPPED | SKIPPED | SKIPPED | SKIPPED | +-------------------------------+--------------------+-------------------+------------------+-------------------------+-------------------+----------------------+ | Fedora Linux 42 | PEND | PEND | PEND | SKIPPED | SKIPPED | SKIPPED | +-------------------------------+--------------------+-------------------+------------------+-------------------------+-------------------+----------------------+ | Debian GNU/Linux 12 | PEND | PEND | SKIPPED | SKIPPED | SKIPPED | SKIPPED | +-------------------------------+--------------------+-------------------+------------------+-------------------------+-------------------+----------------------+ | CentOS Stream 10 | PASS | SKIPPED | SKIPPED | SKIPPED | SKIPPED | SKIPPED | +-------------------------------+--------------------+-------------------+------------------+-------------------------+-------------------+----------------------+ | FreeBSD 14.2 | PASS | SKIPPED | SKIPPED | SKIPPED | SKIPPED | SKIPPED | +-------------------------------+--------------------+-------------------+------------------+-------------------------+-------------------+----------------------+ | openSUSE Leap 15.6 | PASS | SKIPPED | SKIPPED | SKIPPED | SKIPPED | SKIPPED | +-------------------------------+--------------------+-------------------+------------------+-------------------------+-------------------+----------------------+ | Ubuntu 20.04 | PASS | SKIPPED | SKIPPED | SKIPPED | SKIPPED | SKIPPED | +-------------------------------+--------------------+-------------------+------------------+-------------------------+-------------------+----------------------+ | Red Hat Enterprise Linux 8.10 | PEND | SKIPPED | SKIPPED | SKIPPED | SKIPPED | SKIPPED | +-------------------------------+--------------------+-------------------+------------------+-------------------------+-------------------+----------------------+ | Alpine Linux 3.22.0 | PASS | SKIPPED | SKIPPED | SKIPPED | SKIPPED | SKIPPED | +-------------------------------+--------------------+-------------------+------------------+-------------------------+-------------------+----------------------+ | Ubuntu 24.04 | PEND | PEND | PEND | SKIPPED | SKIPPED | SKIPPED | +-------------------------------+--------------------+-------------------+------------------+-------------------------+-------------------+----------------------+ | Ubuntu 22.04 | PASS | WARN | SKIPPED | SKIPPED | SKIPPED | SKIPPED | +-------------------------------+--------------------+-------------------+------------------+-------------------------+-------------------+----------------------+ | Red Hat Enterprise Linux 9.5 | PEND | SKIPPED | SKIPPED | SKIPPED | SKIPPED | SKIPPED | +-------------------------------+--------------------+-------------------+------------------+-------------------------+-------------------+----------------------+ | Windows Server 2022 | SKIPPED | SKIPPED | SKIPPED | PASS | PEND | PEND | +-------------------------------+--------------------+-------------------+------------------+-------------------------+-------------------+----------------------+ ==== 20 line log output for Ubuntu 22.04 (dpdk_compile_spdk): ==== --- Failed to get log output --- ==== End log output ==== CentOS Stream 9 Kernel: 5.15 Compiler: gcc gcc (GCC) 11.5.0 20240719 (Red Hat 11.5.0-11) Fedora Linux 42 Kernel: 5.15 Compiler: clang gcc (GCC) 15.2.1 20250808 (Red Hat 15.2.1-1) Debian GNU/Linux 12 Kernel: 5.15 Compiler: gcc gcc (Debian 12.2.0-14+deb12u1) 12.2.0 CentOS Stream 10 Kernel: 5.15 Compiler: gcc gcc (GCC) 14.2.1 20250110 (Red Hat 14.2.1-8) FreeBSD 14.2 Kernel: 14.2-RELEASE Compiler: clang 18.1.6 openSUSE Leap 15.6 Kernel: 5.15 Compiler: gcc gcc (SUSE Linux) 7.5.0 Ubuntu 20.04 Kernel: 5.15 Compiler: gcc gcc (Ubuntu 9.4.0-1ubuntu1~20.04.2) 9.4.0 Red Hat Enterprise Linux 8.10 Kernel: 5.15 Compiler: gcc gcc (GCC) 8.5.0 20210514 (Red Hat 8.5.0-22) Alpine Linux 3.22.0 Kernel: 5.15 Compiler: gcc gcc (Alpine 14.2.0) 14.2.0 Ubuntu 24.04 Kernel: 5.15 Compiler: gcc gcc (Ubuntu 13.3.0-6ubuntu2~24.04) 13.3.0 Ubuntu 22.04 Kernel: 5.15 Compiler: gcc gcc (Ubuntu 11.4.0-1ubuntu1~22.04) 11.4.0 Red Hat Enterprise Linux 9.5 Kernel: 5.15 Compiler: gcc gcc (GCC) 11.5.0 20240719 (Red Hat 11.5.0-2) Windows Server 2022 Kernel: 10.0.20348.2031 Compiler: clang 15.0.7, gcc 14.1.0 (MinGW), and MSVC VS 19.39.33521 To view detailed results, visit: https://lab.dpdk.org/results/dashboard/patchsets/34434/ UNH-IOL DPDK Community Lab To manage your email subscriptions, visit: https://lab.dpdk.org/results/dashboard/preferences/subscriptions/