automatic DPDK test reports
 help / color / mirror / Atom feed
From: dpdklab@iol.unh.edu
To: Test Report <test-report@dpdk.org>
Cc: dpdk-test-reports@iol.unh.edu
Subject: |PENDING| pw158318-158319 [PATCH] [2/2] net/iavf: fix single VLAN in
Date: Fri, 31 Oct 2025 09:17:32 -0700 (PDT)	[thread overview]
Message-ID: <6904e11c.170a0220.23b47c.0ec9SMTPIN_ADDED_MISSING@mx.google.com> (raw)
In-Reply-To: <20251031152250.2441980-3-ciara.loftus@intel.com>

Test-Label: iol-unit-arm64-testing
Test-Status: PENDING
http://dpdk.org/patch/158319

_Testing pending_

Submitter: Ciara Loftus <ciara.loftus@intel.com>
Date: Friday, October 31 2025 15:22:50 
DPDK git baseline: Repo:dpdk
  Branch: master
  CommitID:8c4861d00aabcf54ef9d6f1df2a4cfb37c06f6c2

158318-158319 --> testing pending

Upstream job id: Generic-Unit-Test-DPDK#387341

Test environment and result as below:

+------------------------------+--------------+---------------------------+------------------------------+----------------+
|         Environment          | lpm_autotest | cryptodev_sw_zuc_autotest | cryptodev_sw_snow3g_autotest | dpdk_unit_test |
+==============================+==============+===========================+==============================+================+
| Ubuntu 20.04                 | PASS         | SKIPPED                   | SKIPPED                      | PEND           |
+------------------------------+--------------+---------------------------+------------------------------+----------------+
| Debian 12 (arm)              | SKIPPED      | PEND                      | PEND                         | SKIPPED        |
+------------------------------+--------------+---------------------------+------------------------------+----------------+
| Ubuntu 22.04                 | SKIPPED      | SKIPPED                   | SKIPPED                      | PEND           |
+------------------------------+--------------+---------------------------+------------------------------+----------------+
| Red Hat Enterprise Linux 9.5 | SKIPPED      | SKIPPED                   | SKIPPED                      | PEND           |
+------------------------------+--------------+---------------------------+------------------------------+----------------+
| Fedora Linux 40              | SKIPPED      | SKIPPED                   | SKIPPED                      | PEND           |
+------------------------------+--------------+---------------------------+------------------------------+----------------+
| CentOS Stream 9              | SKIPPED      | SKIPPED                   | SKIPPED                      | PEND           |
+------------------------------+--------------+---------------------------+------------------------------+----------------+
| Fedora Linux 41              | SKIPPED      | SKIPPED                   | SKIPPED                      | PEND           |
+------------------------------+--------------+---------------------------+------------------------------+----------------+
| CentOS Stream 10             | SKIPPED      | SKIPPED                   | SKIPPED                      | PEND           |
+------------------------------+--------------+---------------------------+------------------------------+----------------+
| Ubuntu 24.04                 | SKIPPED      | SKIPPED                   | SKIPPED                      | PEND           |
+------------------------------+--------------+---------------------------+------------------------------+----------------+
| Fedora Linux 42              | SKIPPED      | SKIPPED                   | SKIPPED                      | PEND           |
+------------------------------+--------------+---------------------------+------------------------------+----------------+
| Debian GNU/Linux 12          | SKIPPED      | SKIPPED                   | SKIPPED                      | PEND           |
+------------------------------+--------------+---------------------------+------------------------------+----------------+


Ubuntu 20.04
	Kernel: 5.4
	Compiler: gcc gcc (Ubuntu 9.4.0-1ubuntu1~20.04.2) 9.4.0

Debian 12 (arm)
	Kernel: Depends on container host
	Compiler: gcc (Debian 12.2.0-14) 12.2.0

Ubuntu 22.04
	Kernel: 5.4
	Compiler: gcc gcc (Ubuntu 11.4.0-1ubuntu1~22.04) 11.4.0

Red Hat Enterprise Linux 9.5
	Kernel: 5.4
	Compiler: gcc gcc (GCC) 11.5.0 20240719 (Red Hat 11.5.0-2)

Fedora Linux 40
	Kernel: 5.4
	Compiler: clang gcc (GCC) 14.2.1 20240912 (Red Hat 14.2.1-3)

CentOS Stream 9
	Kernel: 5.4
	Compiler: gcc gcc (GCC) 11.5.0 20240719 (Red Hat 11.5.0-11)

Fedora Linux 41
	Kernel: 5.4
	Compiler: clang gcc (GCC) 14.3.1 20250523 (Red Hat 14.3.1-1)

CentOS Stream 10
	Kernel: 5.4
	Compiler: gcc gcc (GCC) 14.2.1 20250110 (Red Hat 14.2.1-8)

Ubuntu 24.04
	Kernel: 5.4
	Compiler: gcc gcc (Ubuntu 13.3.0-6ubuntu2~24.04) 13.3.0

Fedora Linux 42
	Kernel: 5.4
	Compiler: gcc gcc (GCC) 15.2.1 20250808 (Red Hat 15.2.1-1)

Debian GNU/Linux 12
	Kernel: 5.4
	Compiler: gcc gcc (Debian 12.2.0-14+deb12u1) 12.2.0

To view detailed results, visit:
https://lab.dpdk.org/results/dashboard/patchsets/34434/

UNH-IOL DPDK Community Lab

To manage your email subscriptions, visit: 
https://lab.dpdk.org/results/dashboard/preferences/subscriptions/

  parent reply	other threads:[~2025-10-31 16:17 UTC|newest]

Thread overview: 26+ messages / expand[flat|nested]  mbox.gz  Atom feed  top
     [not found] <20251031152250.2441980-3-ciara.loftus@intel.com>
2025-10-31 14:49 ` |SUCCESS| pw158318-158319 [PATCH 2/2] net/iavf: fix single VLAN insertion positioning qemudev
2025-10-31 14:54 ` qemudev
2025-10-31 15:24 ` |SUCCESS| pw158319 " checkpatch
2025-10-31 16:01 ` |PENDING| pw158318-158319 [PATCH] [2/2] net/iavf: fix single VLAN in dpdklab
2025-10-31 16:03 ` dpdklab
2025-10-31 16:04 ` |SUCCESS| " dpdklab
2025-10-31 16:09 ` dpdklab
2025-10-31 16:12 ` |FAILURE| " dpdklab
2025-10-31 16:12 ` dpdklab
2025-10-31 16:13 ` |PENDING| " dpdklab
2025-10-31 16:17 ` dpdklab [this message]
2025-10-31 16:21 ` |SUCCESS| " dpdklab
2025-10-31 16:24 ` dpdklab
2025-10-31 16:26 ` dpdklab
2025-10-31 16:26 ` dpdklab
2025-10-31 16:31 ` |WARNING| " dpdklab
2025-10-31 16:44 ` dpdklab
2025-10-31 16:52 ` |SUCCESS| " dpdklab
2025-10-31 16:53 ` dpdklab
2025-10-31 16:58 ` |SUCCESS| pw158319 [PATCH 2/2] net/iavf: fix single VLAN insertion positioning 0-day Robot
2025-10-31 16:58 ` 0-day Robot
2025-10-31 16:59 ` |SUCCESS| pw158318-158319 [PATCH] [2/2] net/iavf: fix single VLAN in dpdklab
2025-10-31 17:05 ` |WARNING| " dpdklab
2025-10-31 17:05 ` |SUCCESS| " dpdklab
2025-10-31 19:35 ` dpdklab
2025-10-31 20:45 ` dpdklab

Reply instructions:

You may reply publicly to this message via plain-text email
using any one of the following methods:

* Save the following mbox file, import it into your mail client,
  and reply-to-all from there: mbox

  Avoid top-posting and favor interleaved quoting:
  https://en.wikipedia.org/wiki/Posting_style#Interleaved_style

* Reply using the --to, --cc, and --in-reply-to
  switches of git-send-email(1):

  git send-email \
    --in-reply-to=6904e11c.170a0220.23b47c.0ec9SMTPIN_ADDED_MISSING@mx.google.com \
    --to=dpdklab@iol.unh.edu \
    --cc=dpdk-test-reports@iol.unh.edu \
    --cc=test-report@dpdk.org \
    /path/to/YOUR_REPLY

  https://kernel.org/pub/software/scm/git/docs/git-send-email.html

* If your mail client supports setting the In-Reply-To header
  via mailto: links, try the mailto: link
Be sure your reply has a Subject: header at the top and a blank line before the message body.
This is a public inbox, see mirroring instructions
for how to clone and mirror all data and code used for this inbox;
as well as URLs for NNTP newsgroup(s).