automatic DPDK test reports
 help / color / mirror / Atom feed
* |SUCCESS| pw158320-158324 [PATCH v2 5/5] bpf: remove use of VLA
       [not found] <20251031164417.14166-6-stephen@networkplumber.org>
@ 2025-10-31 16:23 ` qemudev
  2025-10-31 16:28 ` qemudev
                   ` (3 subsequent siblings)
  4 siblings, 0 replies; 5+ messages in thread
From: qemudev @ 2025-10-31 16:23 UTC (permalink / raw)
  To: test-report

Test-Label: loongarch-compilation
Test-Status: SUCCESS
http://dpdk.org/patch/158324

_Compilation OK_

Submitter: Stephen Hemminger <stephen@networkplumber.org>
Date: Fri, 31 Oct 2025 09:41:45 -0700
DPDK git baseline: Repo:dpdk
  Branch: main
  CommitID: 8c4861d00aabcf54ef9d6f1df2a4cfb37c06f6c2

158320-158324 --> meson & ninja build successfully

Test environment and result as below:

+---------------------+----------------+
|     Environment     | compilation    |
+---------------------+----------------+
| Loongnix-Server 8.3 | PASS           |
+---------------------+----------------+

Loongnix-Server 8.3
    Kernel: 4.19.190+
    Compiler: gcc 8.3


^ permalink raw reply	[flat|nested] 5+ messages in thread

* |SUCCESS| pw158320-158324 [PATCH v2 5/5] bpf: remove use of VLA
       [not found] <20251031164417.14166-6-stephen@networkplumber.org>
  2025-10-31 16:23 ` |SUCCESS| pw158320-158324 [PATCH v2 5/5] bpf: remove use of VLA qemudev
@ 2025-10-31 16:28 ` qemudev
  2025-10-31 16:44 ` |SUCCESS| pw158324 " checkpatch
                   ` (2 subsequent siblings)
  4 siblings, 0 replies; 5+ messages in thread
From: qemudev @ 2025-10-31 16:28 UTC (permalink / raw)
  To: test-report

Test-Label: loongarch-unit-testing
Test-Status: SUCCESS
http://dpdk.org/patch/158324

_Unit Testing PASS_

Submitter: Stephen Hemminger <stephen@networkplumber.org>
Date: Fri, 31 Oct 2025 09:41:45 -0700
DPDK git baseline: Repo:dpdk
  Branch: main
  CommitID: 8c4861d00aabcf54ef9d6f1df2a4cfb37c06f6c2

158320-158324 --> testing pass

Test environment and result as below:

+---------------------+----------------+
|     Environment     | dpdk_unit_test |
+---------------------+----------------+
| Loongnix-Server 8.3 | PASS           |
+---------------------+----------------+

Loongnix-Server 8.3
    Kernel: 4.19.190+
    Compiler: gcc 8.3


Test result details:
  1/123 DPDK:fast-tests / acl_autotest                            OK              3.51s
  2/123 DPDK:fast-tests / alarm_autotest                          OK              1.72s
  3/123 DPDK:fast-tests / argparse_autotest                       OK              0.76s
  4/123 DPDK:fast-tests / atomic_autotest                         OK              7.30s
  5/123 DPDK:fast-tests / bitcount_autotest                       OK              0.77s
  6/123 DPDK:fast-tests / bitmap_autotest                         OK              0.77s
  7/123 DPDK:fast-tests / bitops_autotest                         OK              2.24s
  8/123 DPDK:fast-tests / bitratestats_autotest                   OK              0.74s
  9/123 DPDK:fast-tests / bitset_autotest                         OK              3.47s
 10/123 DPDK:fast-tests / bpf_autotest                            OK              0.77s
 11/123 DPDK:fast-tests / bpf_elf_load_autotest                   SKIP            0.75s   exit status 77
 12/123 DPDK:fast-tests / bpf_eth_tx_elf_load_autotest            SKIP            0.75s   exit status 77
 13/123 DPDK:fast-tests / bpf_eth_rx_elf_load_autotest            SKIP            0.75s   exit status 77
 14/123 DPDK:fast-tests / bpf_convert_autotest                    OK              0.78s
 15/123 DPDK:fast-tests / byteorder_autotest                      OK              0.70s
 16/123 DPDK:fast-tests / cfgfile_autotest                        OK              0.78s
 17/123 DPDK:fast-tests / cksum_autotest                          OK              0.75s
 18/123 DPDK:fast-tests / cmdline_autotest                        OK              0.76s
 19/123 DPDK:fast-tests / common_autotest                         OK              1.62s
 20/123 DPDK:fast-tests / compressdev_autotest                    SKIP            0.08s   exit status 77
 21/123 DPDK:fast-tests / cpuflags_autotest                       OK              0.75s
 22/123 DPDK:fast-tests / crc_autotest                            OK              0.75s
 23/123 DPDK:fast-tests / user_delay_us                           OK              0.74s
 24/123 DPDK:fast-tests / debug_autotest                          OK             14.48s
 25/123 DPDK:fast-tests / devargs_autotest                        OK              0.76s
 26/123 DPDK:fast-tests / dispatcher_autotest                     OK              2.53s
 27/123 DPDK:fast-tests / distributor_autotest                    OK              1.21s
 28/123 DPDK:fast-tests / eal_flags_c_opt_autotest                OK              0.79s
 29/123 DPDK:fast-tests / eal_flags_main_opt_autotest             OK              0.23s
 30/123 DPDK:fast-tests / eal_flags_n_opt_autotest                OK              0.20s
 31/123 DPDK:fast-tests / eal_flags_hpet_autotest                 OK              0.14s
 32/123 DPDK:fast-tests / eal_flags_no_huge_autotest              OK              0.20s
 33/123 DPDK:fast-tests / eal_flags_a_opt_autotest                OK              0.32s
 34/123 DPDK:fast-tests / eal_flags_b_opt_autotest                OK              0.26s
 35/123 DPDK:fast-tests / eal_flags_vdev_opt_autotest             OK              0.21s
 36/123 DPDK:fast-tests / eal_flags_r_opt_autotest                OK              0.20s
 37/123 DPDK:fast-tests / eal_flags_mem_autotest                  OK              0.60s
 38/123 DPDK:fast-tests / eal_flags_file_prefix_autotest          OK             22.30s
 39/123 DPDK:fast-tests / eal_flags_misc_autotest                 OK              1.05s
 40/123 DPDK:fast-tests / eal_fs_autotest                         OK              0.76s
 41/123 DPDK:fast-tests / errno_autotest                          OK              0.74s
 42/123 DPDK:fast-tests / ethdev_link_status                      OK              0.75s
 43/123 DPDK:fast-tests / event_eth_tx_adapter_autotest           OK              1.71s
 44/123 DPDK:fast-tests / event_ring_autotest                     OK              0.76s
 45/123 DPDK:fast-tests / eventdev_common_autotest                OK              0.74s
 46/123 DPDK:fast-tests / eventdev_selftest_sw                    OK              7.77s
 47/123 DPDK:fast-tests / fbarray_autotest                        OK              0.75s
 48/123 DPDK:fast-tests / fib_autotest                            OK              1.60s
 49/123 DPDK:fast-tests / fib6_autotest                           OK              1.38s
 50/123 DPDK:fast-tests / func_reentrancy_autotest                OK              2.28s
 51/123 DPDK:fast-tests / graph_autotest                          OK              0.76s
 52/123 DPDK:fast-tests / node_list_dump                          OK              0.75s
 53/123 DPDK:fast-tests / graph_feature_arc_autotest              OK              0.75s
 54/123 DPDK:fast-tests / hash_autotest                           OK              1.36s
 55/123 DPDK:fast-tests / hash_readwrite_func_autotest            OK              0.13s
 56/123 DPDK:fast-tests / interrupt_autotest                      OK              2.05s
 57/123 DPDK:fast-tests / ipfrag_autotest                         OK              0.09s
 58/123 DPDK:fast-tests / ipsec_autotest                          SKIP            0.75s   exit status 77
 59/123 DPDK:fast-tests / kvargs_autotest                         OK              0.75s
 60/123 DPDK:fast-tests / latencystats_autotest                   OK              0.74s
 61/123 DPDK:fast-tests / lcore_var_autotest                      OK              0.84s
 62/123 DPDK:fast-tests / lcores_autotest                         OK              5.53s
 63/123 DPDK:fast-tests / logs_autotest                           OK              0.73s
 64/123 DPDK:fast-tests / lpm_autotest                            OK              2.76s
 65/123 DPDK:fast-tests / lpm6_autotest                           OK              5.90s
 66/123 DPDK:fast-tests / malloc_autotest                         OK             64.16s
 67/123 DPDK:fast-tests / mbuf_autotest                           OK              5.27s
 68/123 DPDK:fast-tests / mcslock_autotest                        OK              4.67s
 69/123 DPDK:fast-tests / member_autotest                         OK              1.94s
 70/123 DPDK:fast-tests / memcpy_autotest                         OK              7.15s
 71/123 DPDK:fast-tests / memory_autotest                         OK              0.10s
 72/123 DPDK:fast-tests / mempool_autotest                        OK              0.44s
 73/123 DPDK:fast-tests / memzone_autotest                        OK              0.15s
 74/123 DPDK:fast-tests / meter_autotest                          OK              0.75s
 75/123 DPDK:fast-tests / metrics_autotest                        OK              0.75s
 76/123 DPDK:fast-tests / multiprocess_autotest                   OK              0.20s
 77/123 DPDK:fast-tests / net_ether_autotest                      OK              1.42s
 78/123 DPDK:fast-tests / net_ipv6_autotest                       OK              0.75s
 79/123 DPDK:fast-tests / pcapng_autotest                         OK              6.52s
 80/123 DPDK:fast-tests / pdcp_autotest                           SKIP            0.08s   exit status 77
 81/123 DPDK:fast-tests / pdump_autotest                          OK              0.87s
 82/123 DPDK:fast-tests / per_lcore_autotest                      OK              0.83s
 83/123 DPDK:fast-tests / pflock_autotest                         OK              1.56s
 84/123 DPDK:fast-tests / pie_autotest                            OK              0.76s
 85/123 DPDK:fast-tests / ring_pmd_autotest                       OK              0.75s
 86/123 DPDK:fast-tests / power_autotest                          OK              0.75s
 87/123 DPDK:fast-tests / power_cpufreq_autotest                  SKIP            0.08s   exit status 77
 88/123 DPDK:fast-tests / power_intel_uncore_autotest             SKIP            0.75s   exit status 77
 89/123 DPDK:fast-tests / power_kvm_vm_autotest                   SKIP            0.08s   exit status 77
 90/123 DPDK:fast-tests / prefetch_autotest                       OK              0.76s
 91/123 DPDK:fast-tests / ptr_compress_autotest                   OK              0.76s
 92/123 DPDK:fast-tests / rawdev_autotest                         OK              0.75s
 93/123 DPDK:fast-tests / rcu_qsbr_autotest                       OK              1.28s
 94/123 DPDK:fast-tests / reorder_autotest                        OK              0.81s
 95/123 DPDK:fast-tests / rib_autotest                            OK              9.39s
 96/123 DPDK:fast-tests / rib6_autotest                           OK              9.40s
 97/123 DPDK:fast-tests / ring_autotest                           OK              0.78s
 98/123 DPDK:fast-tests / rwlock_test1_autotest                   OK              1.50s
 99/123 DPDK:fast-tests / rwlock_rda_autotest                     OK              5.75s
100/123 DPDK:fast-tests / rwlock_rds_wrm_autotest                 OK              5.75s
101/123 DPDK:fast-tests / rwlock_rde_wro_autotest                 OK              5.69s
102/123 DPDK:fast-tests / sched_autotest                          OK              0.76s
103/123 DPDK:fast-tests / security_autotest                       OK              0.06s
104/123 DPDK:fast-tests / seqlock_autotest                        OK              2.29s
105/123 DPDK:fast-tests / service_autotest                        OK              3.01s
106/123 DPDK:fast-tests / soring_autotest                         OK              0.31s
107/123 DPDK:fast-tests / spinlock_autotest                       OK              0.39s
108/123 DPDK:fast-tests / stack_autotest                          OK              0.86s
109/123 DPDK:fast-tests / stack_lf_autotest                       SKIP            0.05s   exit status 77
110/123 DPDK:fast-tests / string_autotest                         OK              0.31s
111/123 DPDK:fast-tests / table_autotest                          OK              7.67s
112/123 DPDK:fast-tests / tailq_autotest                          OK              0.31s
113/123 DPDK:fast-tests / telemetry_data_autotest                 OK              0.31s
114/123 DPDK:fast-tests / telemetry_json_autotest                 OK              0.31s
115/123 DPDK:fast-tests / thash_autotest                          OK              0.32s
116/123 DPDK:fast-tests / threads_autotest                        OK              0.49s
117/123 DPDK:fast-tests / ticketlock_autotest                     OK              0.46s
118/123 DPDK:fast-tests / timer_autotest                          OK              3.87s
119/123 DPDK:fast-tests / trace_autotest                          OK              0.31s
120/123 DPDK:fast-tests / trace_autotest_with_traces              OK              0.31s
121/123 DPDK:fast-tests / vdev_autotest                           OK              0.31s
122/123 DPDK:fast-tests / version_autotest                        OK              0.31s
123/123 DPDK:fast-tests / telemetry_all                           OK             20.04s


Ok:                 113
Expected Fail:      0
Fail:               0
Unexpected Pass:    0
Skipped:            10
Timeout:            0


^ permalink raw reply	[flat|nested] 5+ messages in thread

* |SUCCESS| pw158324 [PATCH v2 5/5] bpf: remove use of VLA
       [not found] <20251031164417.14166-6-stephen@networkplumber.org>
  2025-10-31 16:23 ` |SUCCESS| pw158320-158324 [PATCH v2 5/5] bpf: remove use of VLA qemudev
  2025-10-31 16:28 ` qemudev
@ 2025-10-31 16:44 ` checkpatch
  2025-10-31 17:01 ` |FAILURE| pw158320-158324 [PATCH] [v2,5/5] " dpdklab
  2025-10-31 17:57 ` |FAILURE| pw158324 [PATCH v2 5/5] " 0-day Robot
  4 siblings, 0 replies; 5+ messages in thread
From: checkpatch @ 2025-10-31 16:44 UTC (permalink / raw)
  To: test-report

Test-Label: checkpatch
Test-Status: SUCCESS
http://dpdk.org/patch/158324

_coding style OK_



^ permalink raw reply	[flat|nested] 5+ messages in thread

* |FAILURE| pw158320-158324 [PATCH] [v2,5/5] bpf: remove use of VLA
       [not found] <20251031164417.14166-6-stephen@networkplumber.org>
                   ` (2 preceding siblings ...)
  2025-10-31 16:44 ` |SUCCESS| pw158324 " checkpatch
@ 2025-10-31 17:01 ` dpdklab
  2025-10-31 17:57 ` |FAILURE| pw158324 [PATCH v2 5/5] " 0-day Robot
  4 siblings, 0 replies; 5+ messages in thread
From: dpdklab @ 2025-10-31 17:01 UTC (permalink / raw)
  To: test-report; +Cc: dpdk-test-reports

Test-Label: iol-testing
Test-Status: FAILURE
http://dpdk.org/patch/158324

_build patch failure_

Submitter: Stephen Hemminger <stephen@networkplumber.org>
Date: Friday, October 31 2025 16:41:49 
Applied on: CommitID:8c4861d00aabcf54ef9d6f1df2a4cfb37c06f6c2
Apply patch set 158320-158324 failed:

Cloning the DPDK mirror at: https://github.com/DPDK/dpdk.git (Attempt 1 of 3)
Trying to checkout branch: origin/main
Checked out to main (8c4861d00aabcf54ef9d6f1df2a4cfb37c06f6c2)
Done: main commit 8c4861d00aabcf54ef9d6f1df2a4cfb37c06f6c2
Trying to checkout branch: origin/main
Checked out to main (8c4861d00aabcf54ef9d6f1df2a4cfb37c06f6c2)
Applying patch...

Applying: bpf: add allocation annotations to functions
Applying: bpf: use bulk free on filtered packets
Applying: bpf: add a test for BPF ELF load
Applying: bpf: add test for Rx and Tx filtering
Applying: bpf: remove use of VLA


Running Check Meson
Processing meson.build
Processing buildtools/meson.build
Processing buildtools/chkincs/meson.build
Processing buildtools/chkincs/staging/meson.build
Processing buildtools/chkincs/staging/drivers/meson.build
Processing buildtools/pkg-config/meson.build
Processing buildtools/subproject/meson.build
Processing usertools/meson.build
Processing lib/meson.build
Processing lib/fib/meson.build
Processing lib/mbuf/meson.build
Processing lib/pcapng/meson.build
Processing lib/graph/meson.build
Processing lib/pci/meson.build
Processing lib/reorder/meson.build
Processing lib/power/meson.build
Processing lib/pdump/meson.build
Processing lib/stack/meson.build
Processing lib/pmu/meson.build
Processing lib/eventdev/meson.build
Processing lib/rib/meson.build
Processing lib/net/meson.build
Processing lib/dmadev/meson.build
Processing lib/distributor/meson.build
Processing lib/rcu/meson.build
Processing lib/table/meson.build
Processing lib/member/meson.build
Processing lib/latencystats/meson.build
Processing lib/ring/meson.build
Processing lib/ethdev/meson.build
Processing lib/gro/meson.build
Processing lib/kvargs/meson.build
Processing lib/hash/meson.build
Processing lib/sched/meson.build
Processing lib/argparse/meson.build
Processing lib/compressdev/meson.build
Processing lib/rawdev/meson.build
Processing lib/vhost/meson.build
Processing lib/acl/meson.build
Processing lib/ip_frag/meson.build
Processing lib/cryptodev/meson.build
Processing lib/lpm/meson.build
Processing lib/cmdline/meson.build
Processing lib/dispatcher/meson.build
Processing lib/efd/meson.build
Processing lib/metrics/meson.build
Processing lib/pipeline/meson.build
Processing lib/ptr_compress/meson.build
Processing lib/regexdev/meson.build
Processing lib/bitratestats/meson.build
Processing lib/timer/meson.build
Processing lib/bbdev/meson.build
Processing lib/meter/meson.build
Processing lib/ipsec/meson.build
Processing lib/mldev/meson.build
Processing lib/gso/meson.build
Processing lib/pdcp/meson.build
Processing lib/jobstats/meson.build
Processing lib/cfgfile/meson.build
Processing lib/mempool/meson.build
Processing lib/port/meson.build
Processing lib/gpudev/meson.build
Processing lib/log/meson.build
Processing lib/telemetry/meson.build
Processing lib/security/meson.build
Processing lib/eal/meson.build
Processing lib/eal/riscv/meson.build
Processing lib/eal/riscv/include/meson.build
Processing lib/eal/x86/meson.build
Processing lib/eal/x86/include/meson.build
Processing lib/eal/ppc/meson.build
Processing lib/eal/ppc/include/meson.build
Processing lib/eal/arm/meson.build
Processing lib/eal/arm/include/meson.build
Processing lib/eal/loongarch/meson.build
Processing lib/eal/loongarch/include/meson.build
Processing lib/eal/freebsd/meson.build
Processing lib/eal/freebsd/include/meson.build
Processing lib/eal/windows/meson.build
Processing lib/eal/windows/include/meson.build
Processing lib/eal/linux/meson.build
Processing lib/eal/linux/include/meson.build
Processing lib/eal/common/meson.build
Processing lib/eal/unix/meson.build
Processing lib/eal/include/meson.build
Processing lib/node/meson.build
Processing lib/bpf/meson.build
Processing app/meson.build
Processing app/graph/meson.build
Processing app/test-regex/meson.build
Processing app/pdump/meson.build
Processing app/test-flow-perf/meson.build
Processing app/test-crypto-perf/meson.build
Processing app/test-sad/meson.build
Processing app/test-cmdline/meson.build
Processing app/test-fib/meson.build
Processing app/test-acl/meson.build
Processing app/test-bbdev/meson.build
Processing app/test-eventdev/meson.build
Processing app/test-security-perf/meson.build
Processing app/test-gpudev/meson.build
Processing app/test/meson.build
Processing app/test/suites/meson.build
Processing app/test/test_cfgfiles/meson.build
Processing app/test/bpf/meson.build
Error: Incorrect indent at app/test/bpf/meson.build:34
Error: Incorrect indent at app/test/bpf/meson.build:35
Processing app/test-compress-perf/meson.build
Processing app/test-mldev/meson.build
Processing app/proc-info/meson.build
Processing app/test-pmd/meson.build
Processing app/dumpcap/meson.build
Processing app/test-dma-perf/meson.build
Processing app/test-pipeline/meson.build
Processing drivers/meson.build
Processing drivers/power/meson.build
Processing drivers/power/amd_uncore/meson.build
Processing drivers/power/intel_uncore/meson.build
Processing drivers/power/kvm_vm/meson.build
Processing drivers/power/intel_pstate/meson.build
Processing drivers/power/amd_pstate/meson.build
Processing drivers/power/acpi/meson.build
Processing drivers/power/cppc/meson.build
Processing drivers/net/meson.build
Processing drivers/net/hinic/meson.build
Processing drivers/net/hinic/base/meson.build
Processing drivers/net/hns3/meson.build
Processing drivers/net/ark/meson.build
Processing drivers/net/avp/meson.build
Processing drivers/net/bnxt/meson.build
Processing drivers/net/bnxt/tf_ulp/meson.build
Processing drivers/net/bnxt/tf_ulp/generic_templates/meson.build
Processing drivers/net/bnxt/tf_core/meson.build
Processing drivers/net/bnxt/tf_core/v3/meson.build
Processing drivers/net/bnxt/hcapi/cfa/meson.build
Processing drivers/net/bnxt/hcapi/cfa_v3/meson.build
Processing drivers/net/ntnic/meson.build
Processing drivers/net/cxgbe/meson.build
Processing drivers/net/bonding/meson.build
Processing drivers/net/dpaa/meson.build
Processing drivers/net/octeon_ep/meson.build
Processing drivers/net/mlx5/meson.build
Processing drivers/net/mlx5/hws/meson.build
Processing drivers/net/mlx5/windows/meson.build
Processing drivers/net/mlx5/linux/meson.build
Processing drivers/net/nbl/meson.build
Processing drivers/net/vdev_netvsc/meson.build
Processing drivers/net/null/meson.build
Processing drivers/net/netvsc/meson.build
Processing drivers/net/ring/meson.build
Processing drivers/net/ena/meson.build
Processing drivers/net/enic/meson.build
Processing drivers/net/xsc/meson.build
Processing drivers/net/softnic/meson.build
Processing drivers/net/mana/meson.build
Processing drivers/net/thunderx/meson.build
Processing drivers/net/thunderx/base/meson.build
Processing drivers/net/failsafe/meson.build
Processing drivers/net/vhost/meson.build
Processing drivers/net/rnp/meson.build
Processing drivers/net/rnp/base/meson.build
Processing drivers/net/atlantic/meson.build
Processing drivers/net/vmxnet3/meson.build
Processing drivers/net/ionic/meson.build
Processing drivers/net/intel/i40e/meson.build
Processing drivers/net/intel/i40e/base/meson.build
Processing drivers/net/intel/idpf/meson.build
Processing drivers/net/intel/idpf/base/meson.build
Processing drivers/net/intel/ixgbe/meson.build
Processing drivers/net/intel/ixgbe/base/meson.build
Processing drivers/net/intel/e1000/meson.build
Processing drivers/net/intel/e1000/base/meson.build
Processing drivers/net/intel/iavf/meson.build
Processing drivers/net/intel/fm10k/meson.build
Processing drivers/net/intel/fm10k/base/meson.build
Processing drivers/net/intel/ipn3ke/meson.build
Processing drivers/net/intel/ice/meson.build
Processing drivers/net/intel/ice/base/meson.build
Processing drivers/net/intel/cpfl/meson.build
Processing drivers/net/bnx2x/meson.build
Processing drivers/net/af_packet/meson.build
Processing drivers/net/octeontx/meson.build
Processing drivers/net/octeontx/base/meson.build
Processing drivers/net/mvneta/meson.build
Processing drivers/net/r8169/meson.build
Processing drivers/net/txgbe/meson.build
Processing drivers/net/txgbe/base/meson.build
Processing drivers/net/tap/meson.build
Processing drivers/net/tap/bpf/meson.build
Processing drivers/net/nfb/meson.build
Processing drivers/net/sfc/meson.build
Processing drivers/net/enetc/meson.build
Processing drivers/net/pcap/meson.build
Processing drivers/net/hinic3/meson.build
Processing drivers/net/hinic3/base/meson.build
Processing drivers/net/mlx4/meson.build
Processing drivers/net/memif/meson.build
Processing drivers/net/nfp/meson.build
Processing drivers/net/enetfec/meson.build
Processing drivers/net/zxdh/meson.build
Processing drivers/net/ngbe/meson.build
Processing drivers/net/ngbe/base/meson.build
Processing drivers/net/dpaa2/meson.build
Processing drivers/net/cnxk/meson.build
Processing drivers/net/qede/meson.build
Processing drivers/net/qede/base/meson.build
Processing drivers/net/virtio/meson.build
Processing drivers/net/gve/meson.build
Processing drivers/net/af_xdp/meson.build
Processing drivers/net/axgbe/meson.build
Processing drivers/net/mvpp2/meson.build
Processing drivers/net/pfe/meson.build
Processing drivers/bus/meson.build
Processing drivers/bus/auxiliary/meson.build
Processing drivers/bus/pci/meson.build
Processing drivers/bus/vmbus/meson.build
Processing drivers/bus/dpaa/meson.build
Processing drivers/bus/cdx/meson.build
Processing drivers/bus/vdev/meson.build
Processing drivers/bus/uacce/meson.build
Processing drivers/bus/platform/meson.build
Processing drivers/bus/fslmc/meson.build
Processing drivers/bus/ifpga/meson.build
Processing drivers/vdpa/meson.build
Processing drivers/vdpa/mlx5/meson.build
Processing drivers/vdpa/sfc/meson.build
Processing drivers/vdpa/nfp/meson.build
Processing drivers/vdpa/ifc/meson.build
Processing drivers/gpu/meson.build
Processing drivers/gpu/cuda/meson.build
Processing drivers/regex/meson.build
Processing drivers/regex/mlx5/meson.build
Processing drivers/regex/cn9k/meson.build
Processing drivers/common/meson.build
Processing drivers/common/dpaax/meson.build
Processing drivers/common/zsda/meson.build
Processing drivers/common/nitrox/meson.build
Processing drivers/common/mlx5/meson.build
Processing drivers/common/mlx5/windows/meson.build
Processing drivers/common/mlx5/linux/meson.build
Processing drivers/common/sfc_efx/meson.build
Processing drivers/common/sfc_efx/base/meson.build
Processing drivers/common/cpt/meson.build
Processing drivers/common/qat/meson.build
Processing drivers/common/ionic/meson.build
Processing drivers/common/mvep/meson.build
Processing drivers/common/octeontx/meson.build
Processing drivers/common/nfp/meson.build
Processing drivers/common/cnxk/meson.build
Processing drivers/crypto/meson.build
Processing drivers/crypto/nitrox/meson.build
Processing drivers/crypto/mlx5/meson.build
Processing drivers/crypto/dpaa_sec/meson.build
Processing drivers/crypto/bcmfs/meson.build
Processing drivers/crypto/null/meson.build
Processing drivers/crypto/dpaa2_sec/meson.build
Processing drivers/crypto/ipsec_mb/meson.build
Processing drivers/crypto/caam_jr/meson.build
Processing drivers/crypto/openssl/meson.build
Processing drivers/crypto/ionic/meson.build
Processing drivers/crypto/octeontx/meson.build
Processing drivers/crypto/ccp/meson.build
Processing drivers/crypto/uadk/meson.build
Processing drivers/crypto/cnxk/meson.build
Processing drivers/crypto/scheduler/meson.build
Processing drivers/crypto/virtio/meson.build
Processing drivers/crypto/armv8/meson.build
Processing drivers/crypto/mvsam/meson.build
Processing drivers/baseband/meson.build
Processing drivers/baseband/la12xx/meson.build
Processing drivers/baseband/null/meson.build
Processing drivers/baseband/fpga_5gnr_fec/meson.build
Processing drivers/baseband/acc/meson.build
Processing drivers/baseband/turbo_sw/meson.build
Processing drivers/baseband/fpga_lte_fec/meson.build
Processing drivers/event/meson.build
Processing drivers/event/dlb2/meson.build
Processing drivers/event/dpaa/meson.build
Processing drivers/event/skeleton/meson.build
Processing drivers/event/sw/meson.build
Processing drivers/event/octeontx/meson.build
Processing drivers/event/dpaa2/meson.build
Processing drivers/event/cnxk/meson.build
Processing drivers/event/dsw/meson.build
Processing drivers/event/opdl/meson.build
Processing drivers/dma/meson.build
Processing drivers/dma/dpaa/meson.build
Processing drivers/dma/skeleton/meson.build
Processing drivers/dma/odm/meson.build
Processing drivers/dma/ioat/meson.build
Processing drivers/dma/idxd/meson.build
Processing drivers/dma/hisilicon/meson.build
Processing drivers/dma/dpaa2/meson.build
Processing drivers/dma/cnxk/meson.build
Processing drivers/raw/meson.build
Processing drivers/raw/cnxk_rvu_lf/meson.build
Processing drivers/raw/skeleton/meson.build
Processing drivers/raw/ntb/meson.build
Processing drivers/raw/cnxk_gpio/meson.build
Processing drivers/raw/cnxk_bphy/meson.build
Processing drivers/raw/ifpga/meson.build
Processing drivers/raw/ifpga/base/meson.build
Processing drivers/raw/gdtc/meson.build
Processing drivers/raw/dpaa2_cmdif/meson.build
Processing drivers/ml/meson.build
Processing drivers/ml/cnxk/meson.build
Processing drivers/compress/meson.build
Processing drivers/compress/nitrox/meson.build
Processing drivers/compress/mlx5/meson.build
Processing drivers/compress/zlib/meson.build
Processing drivers/compress/octeontx/meson.build
Processing drivers/compress/uadk/meson.build
Processing drivers/compress/isal/meson.build
Processing drivers/mempool/meson.build
Processing drivers/mempool/stack/meson.build
Processing drivers/mempool/dpaa/meson.build
Processing drivers/mempool/ring/meson.build
Processing drivers/mempool/bucket/meson.build
Processing drivers/mempool/octeontx/meson.build
Processing drivers/mempool/dpaa2/meson.build
Processing drivers/mempool/cnxk/meson.build
Processing kernel/meson.build
Processing kernel/freebsd/meson.build
Processing kernel/freebsd/contigmem/meson.build
Processing kernel/freebsd/nic_uio/meson.build
Processing doc/meson.build
Processing doc/guides/meson.build
Processing doc/api/meson.build
Processing doc/api/dts/meson.build
Processing config/meson.build
Processing config/riscv/meson.build
Processing config/x86/meson.build
Processing config/ppc/meson.build
Processing config/arm/meson.build
Processing config/loongarch/meson.build
Processing examples/meson.build
Processing examples/l2fwd-crypto/meson.build
Processing examples/bbdev_app/meson.build
Processing examples/l2fwd/meson.build
Processing examples/vmdq/meson.build
Processing examples/qos_meter/meson.build
Processing examples/distributor/meson.build
Processing examples/skeleton/meson.build
Processing examples/link_status_interrupt/meson.build
Processing examples/l2fwd-cat/meson.build
Processing examples/l2fwd-keepalive/meson.build
Processing examples/ipv4_multicast/meson.build
Processing examples/l2fwd-jobstats/meson.build
Processing examples/vdpa/meson.build
Processing examples/vm_power_manager/meson.build
Processing examples/vm_power_manager/guest_cli/meson.build
Processing examples/helloworld/meson.build
Processing examples/flow_filtering/meson.build
Processing examples/eventdev_pipeline/meson.build
Processing examples/fips_validation/meson.build
Processing examples/l3fwd-graph/meson.build
Processing examples/ntb/meson.build
Processing examples/vhost/meson.build
Processing examples/ipsec-secgw/meson.build
Processing examples/ethtool/meson.build
Processing examples/vhost_blk/meson.build
Processing examples/vmdq_dcb/meson.build
Processing examples/l2fwd-macsec/meson.build
Processing examples/cmdline/meson.build
Processing examples/l2fwd-event/meson.build
Processing examples/server_node_efd/efd_server/meson.build
Processing examples/server_node_efd/efd_node/meson.build
Processing examples/bond/meson.build
Processing examples/l3fwd/meson.build
Processing examples/ptpclient/meson.build
Processing examples/ip_pipeline/meson.build
Processing examples/service_cores/meson.build
Processing examples/pipeline/meson.build
Processing examples/ip_fragmentation/meson.build
Processing examples/dma/meson.build
Processing examples/l3fwd-power/meson.build
Processing examples/qos_sched/meson.build
Processing examples/rxtx_callbacks/meson.build
Processing examples/timer/meson.build
Processing examples/multi_process/symmetric_mp/meson.build
Processing examples/multi_process/simple_mp/meson.build
Processing examples/multi_process/hotplug_mp/meson.build
Processing examples/multi_process/client_server_mp/mp_client/meson.build
Processing examples/multi_process/client_server_mp/mp_server/meson.build
Processing examples/packet_ordering/meson.build
Processing examples/ip_reassembly/meson.build
Processing examples/vhost_crypto/meson.build


https://lab.dpdk.org/results/dashboard/patchsets/34435/

UNH-IOL DPDK Community Lab

^ permalink raw reply	[flat|nested] 5+ messages in thread

* |FAILURE| pw158324 [PATCH v2 5/5] bpf: remove use of VLA
       [not found] <20251031164417.14166-6-stephen@networkplumber.org>
                   ` (3 preceding siblings ...)
  2025-10-31 17:01 ` |FAILURE| pw158320-158324 [PATCH] [v2,5/5] " dpdklab
@ 2025-10-31 17:57 ` 0-day Robot
  4 siblings, 0 replies; 5+ messages in thread
From: 0-day Robot @ 2025-10-31 17:57 UTC (permalink / raw)
  To: test-report; +Cc: stephen, robot

From: robot@bytheb.org

Test-Label: github-robot: build
Test-Status: FAILURE
http://patchwork.dpdk.org/patch/158324/

_github build: failed_
Build URL: https://github.com/ovsrobot/dpdk/actions/runs/18979578528

^ permalink raw reply	[flat|nested] 5+ messages in thread

end of thread, other threads:[~2025-10-31 17:57 UTC | newest]

Thread overview: 5+ messages (download: mbox.gz / follow: Atom feed)
-- links below jump to the message on this page --
     [not found] <20251031164417.14166-6-stephen@networkplumber.org>
2025-10-31 16:23 ` |SUCCESS| pw158320-158324 [PATCH v2 5/5] bpf: remove use of VLA qemudev
2025-10-31 16:28 ` qemudev
2025-10-31 16:44 ` |SUCCESS| pw158324 " checkpatch
2025-10-31 17:01 ` |FAILURE| pw158320-158324 [PATCH] [v2,5/5] " dpdklab
2025-10-31 17:57 ` |FAILURE| pw158324 [PATCH v2 5/5] " 0-day Robot

This is a public inbox, see mirroring instructions
for how to clone and mirror all data and code used for this inbox;
as well as URLs for NNTP newsgroup(s).