From mboxrd@z Thu Jan 1 00:00:00 1970 Return-Path: Received: from mails.dpdk.org (mails.dpdk.org [217.70.189.124]) by inbox.dpdk.org (Postfix) with ESMTP id D256448A47 for ; Fri, 31 Oct 2025 23:50:03 +0100 (CET) Received: from mails.dpdk.org (localhost [127.0.0.1]) by mails.dpdk.org (Postfix) with ESMTP id A008E40150; Fri, 31 Oct 2025 23:50:03 +0100 (CET) Received: from mail-oa1-f97.google.com (mail-oa1-f97.google.com [209.85.160.97]) by mails.dpdk.org (Postfix) with ESMTP id 08DDF40150 for ; Fri, 31 Oct 2025 23:50:02 +0100 (CET) Received: by mail-oa1-f97.google.com with SMTP id 586e51a60fabf-373b7e07182so1809543fac.0 for ; Fri, 31 Oct 2025 15:50:01 -0700 (PDT) DKIM-Signature: v=1; a=rsa-sha256; c=relaxed/relaxed; d=iol.unh.edu; s=unh-iol; t=1761951001; x=1762555801; darn=dpdk.org; h=references:in-reply-to:cc:to:from:subject:message-id:date:from:to :cc:subject:date:message-id:reply-to; bh=eZ7RiImBRYSWWbntGXMlyPfb1z/ZrwCYX0MgYnKD/mE=; b=SNoczYTJBbX58iScWfq/XkzPKID6sy89IksSsR35VTKDUug38WPgNFmggNUP/ioURL hFqg2torCjzXPgfUSTjcMc5d5Hirp3UndJjZhhb4hPOK4/gt/tod/JcaTOJJwAbaqqNS XbyJya+9kb56nVGbUNHydSRqXzbo2d1zjW2RA= X-Google-DKIM-Signature: v=1; a=rsa-sha256; c=relaxed/relaxed; d=1e100.net; s=20230601; t=1761951001; x=1762555801; h=references:in-reply-to:cc:to:from:subject:message-id:date :x-gm-message-state:from:to:cc:subject:date:message-id:reply-to; bh=eZ7RiImBRYSWWbntGXMlyPfb1z/ZrwCYX0MgYnKD/mE=; b=UObs+GwY2iBHI6c7BuouUbuSTqbYw29KWMaNAWAm/OHF4JRdKwew4FOuB8RgyQv497 62VWp7aYJnu7MtuUZfq/8kchSrFJCI1nvqKgCaTbT52/vPewpnutwkvrMZLgcsRPPish 2SiSAHZuZ+7TzhuCsDDXtrSWTzUY5cmdDLJ8ZYSDko+4lhOaj0HocCgPDkx9tL5GjlN9 4sJ6ZjEqj/oovTp9KwDZsS8x1aG8KzX9H2phKvAX/5wTHQcQuq4qocTQ7YLmDCULE3/c 8Y3AKnb0oW8CkZu2vScJs1ERUKzFjrWBL5ep6qY2Ot+sAW8r+W5GSgS0t9RSCpICtboM S9Ow== X-Gm-Message-State: AOJu0YzaEUJmLC4Z26cPdViin32GUt1vVJLmh9QePzV6pJKg9wliOyrS A+2NzsaiF900g8B4WKu3GGleYwUUkrSS/+MtsanvjU8liN/SXTBRkzNNuqjEVOKF3RupGYaytCU IcFHK/JlGngvuTSZeSMC8MR3W2q5HcSdg7lNq4W530mIl X-Gm-Gg: ASbGncv+8WAj3SzruO/90CYeVYGdIwE7Pvf/xCKO7ewe82nLh4PzeVYtQV8lCuVLgaZ Eb/0hiA7p9nin/9HKNRQzi6qHjjyz1PDoNlRYTx4YbdUGNePM3EYcvO5s23VdRqfMG6LpMaO66i o+ZFsDCiogE/M/Krgtl+gww5rpiEdh0iiJFtlwWEtgUR3VQSiNIuQCo5uJph9irbfDmqNhmWmsk r4t8tKVaV5/SeAF2yr7G9CY6SqmiEoz2S7PPdl7DuM7s1qDRIir/BckwjROPYvX1JUMZ0J+Akgm jfOVqWKh64qG0rqb79nQzPAtuKhviM4IKHILkkYv1jSQfrl207JzGoTQveEM1nD3aCuSDAz+R6c YuouCL0fcjW29ayj17M63Zc6Ubw11uoU= X-Google-Smtp-Source: AGHT+IHKURGQNoVYAu7guspuGASAaZeTG3q8kvbSGLQXXiW11BWUtB0kM459bGdwau3qS7rYW3TlK+euyr+s X-Received: by 2002:a05:6870:31cb:b0:3d4:876:34b1 with SMTP id 586e51a60fabf-3dacc6d7b56mr1932364fac.33.1761951001082; Fri, 31 Oct 2025 15:50:01 -0700 (PDT) Received: from postal.iol.unh.edu (postal.iol.unh.edu. [132.177.123.84]) by smtp-relay.gmail.com with ESMTPS id 586e51a60fabf-3db4199516dsm253381fac.13.2025.10.31.15.50.00 (version=TLS1_2 cipher=ECDHE-ECDSA-AES128-GCM-SHA256 bits=128/128); Fri, 31 Oct 2025 15:50:01 -0700 (PDT) X-Relaying-Domain: iol.unh.edu Date: Fri, 31 Oct 2025 15:50:01 -0700 (PDT) Message-ID: <69053d19.050a0220.2f22d8.d27bSMTPIN_ADDED_MISSING@mx.google.com> Received: from [172.21.0.3] (unknown [172.18.0.240]) by postal.iol.unh.edu (Postfix) with ESMTP id 393C86051830; Fri, 31 Oct 2025 18:50:00 -0400 (EDT) Subject: |FAILURE| pw158325 [PATCH] graph: fix use-after-free when updating e From: dpdklab@iol.unh.edu To: Test Report Cc: dpdk-test-reports@iol.unh.edu, Robin Jarry In-Reply-To: <20251031221304.394997-2-rjarry@redhat.com> References: <20251031221304.394997-2-rjarry@redhat.com> Content-Type: text/plain X-BeenThere: test-report@dpdk.org X-Mailman-Version: 2.1.29 Precedence: list List-Id: automatic DPDK test reports List-Unsubscribe: , List-Archive: List-Post: List-Help: List-Subscribe: , Errors-To: test-report-bounces@dpdk.org Test-Label: iol-compile-amd64-testing Test-Status: FAILURE http://dpdk.org/patch/158325 _Testing issues_ Submitter: Robin Jarry Date: Friday, October 31 2025 22:13:04 DPDK git baseline: Repo:dpdk Branch: master CommitID:8c4861d00aabcf54ef9d6f1df2a4cfb37c06f6c2 158325 --> testing issues Upstream job id: Generic-DPDK-Compile-Meson#439691 Test environment and result as below: +-------------------------------+-------------------+--------------------+------------------+-------------------+-------------------------+ | Environment | dpdk_msvc_compile | dpdk_meson_compile | dpdk_compile_ovs | dpdk_compile_spdk | dpdk_llvm_clang_compile | +===============================+===================+====================+==================+===================+=========================+ | Windows Server 2022 | PEND | SKIPPED | SKIPPED | SKIPPED | PEND | +-------------------------------+-------------------+--------------------+------------------+-------------------+-------------------------+ | Fedora Linux 42 | SKIPPED | PEND | PEND | PEND | SKIPPED | +-------------------------------+-------------------+--------------------+------------------+-------------------+-------------------------+ | openSUSE Leap 15.6 | SKIPPED | PASS | SKIPPED | SKIPPED | SKIPPED | +-------------------------------+-------------------+--------------------+------------------+-------------------+-------------------------+ | Debian GNU/Linux 12 | SKIPPED | PEND | SKIPPED | PEND | SKIPPED | +-------------------------------+-------------------+--------------------+------------------+-------------------+-------------------------+ | Ubuntu 22.04 | SKIPPED | PEND | SKIPPED | PEND | SKIPPED | +-------------------------------+-------------------+--------------------+------------------+-------------------+-------------------------+ | Alpine Linux 3.22.0 | SKIPPED | PASS | SKIPPED | SKIPPED | SKIPPED | +-------------------------------+-------------------+--------------------+------------------+-------------------+-------------------------+ | CentOS Stream 10 | SKIPPED | PASS | SKIPPED | SKIPPED | SKIPPED | +-------------------------------+-------------------+--------------------+------------------+-------------------+-------------------------+ | Red Hat Enterprise Linux 9.5 | SKIPPED | PASS | SKIPPED | SKIPPED | SKIPPED | +-------------------------------+-------------------+--------------------+------------------+-------------------+-------------------------+ | CentOS Stream 9 | SKIPPED | PASS | SKIPPED | WARN | SKIPPED | +-------------------------------+-------------------+--------------------+------------------+-------------------+-------------------------+ | Red Hat Enterprise Linux 8.10 | SKIPPED | PASS | SKIPPED | SKIPPED | SKIPPED | +-------------------------------+-------------------+--------------------+------------------+-------------------+-------------------------+ | Ubuntu 24.04 | SKIPPED | PEND | PEND | PEND | SKIPPED | +-------------------------------+-------------------+--------------------+------------------+-------------------+-------------------------+ | FreeBSD 14.2 | SKIPPED | PASS | SKIPPED | SKIPPED | SKIPPED | +-------------------------------+-------------------+--------------------+------------------+-------------------+-------------------------+ | Ubuntu 20.04 | SKIPPED | PASS | SKIPPED | SKIPPED | SKIPPED | +-------------------------------+-------------------+--------------------+------------------+-------------------+-------------------------+ ==== 20 line log output for CentOS Stream 9 (dpdk_compile_spdk): ==== --- Failed to get log output --- ==== End log output ==== Windows Server 2022 Kernel: 10.0.20348.2031 Compiler: clang 15.0.7, gcc 14.1.0 (MinGW), and MSVC VS 19.39.33521 Fedora Linux 42 Kernel: 5.15 Compiler: clang gcc (GCC) 15.2.1 20250808 (Red Hat 15.2.1-1) openSUSE Leap 15.6 Kernel: 5.15 Compiler: gcc gcc (SUSE Linux) 7.5.0 Debian GNU/Linux 12 Kernel: 5.15 Compiler: gcc gcc (Debian 12.2.0-14+deb12u1) 12.2.0 Ubuntu 22.04 Kernel: 5.15 Compiler: gcc gcc (Ubuntu 11.4.0-1ubuntu1~22.04) 11.4.0 Alpine Linux 3.22.0 Kernel: 5.15 Compiler: gcc gcc (Alpine 14.2.0) 14.2.0 CentOS Stream 10 Kernel: 5.15 Compiler: gcc gcc (GCC) 14.2.1 20250110 (Red Hat 14.2.1-8) Red Hat Enterprise Linux 9.5 Kernel: 5.15 Compiler: gcc gcc (GCC) 11.5.0 20240719 (Red Hat 11.5.0-2) CentOS Stream 9 Kernel: 5.15 Compiler: gcc gcc (GCC) 11.5.0 20240719 (Red Hat 11.5.0-11) Red Hat Enterprise Linux 8.10 Kernel: 5.15 Compiler: gcc gcc (GCC) 8.5.0 20210514 (Red Hat 8.5.0-22) Ubuntu 24.04 Kernel: 5.15 Compiler: gcc gcc (Ubuntu 13.3.0-6ubuntu2~24.04) 13.3.0 FreeBSD 14.2 Kernel: 14.2-RELEASE Compiler: clang 18.1.6 Ubuntu 20.04 Kernel: 5.15 Compiler: gcc gcc (Ubuntu 9.4.0-1ubuntu1~20.04.2) 9.4.0 To view detailed results, visit: https://lab.dpdk.org/results/dashboard/patchsets/34436/ UNH-IOL DPDK Community Lab To manage your email subscriptions, visit: https://lab.dpdk.org/results/dashboard/preferences/subscriptions/