From mboxrd@z Thu Jan 1 00:00:00 1970 Return-Path: Received: from mails.dpdk.org (mails.dpdk.org [217.70.189.124]) by inbox.dpdk.org (Postfix) with ESMTP id E205C48A4F for ; Sat, 1 Nov 2025 01:28:34 +0100 (CET) Received: from mails.dpdk.org (localhost [127.0.0.1]) by mails.dpdk.org (Postfix) with ESMTP id CD2ED40150; Sat, 1 Nov 2025 01:28:34 +0100 (CET) Received: from mail-il1-f225.google.com (mail-il1-f225.google.com [209.85.166.225]) by mails.dpdk.org (Postfix) with ESMTP id EBC4340150 for ; Sat, 1 Nov 2025 01:28:32 +0100 (CET) Received: by mail-il1-f225.google.com with SMTP id e9e14a558f8ab-4330dfb6ea3so6242715ab.0 for ; Fri, 31 Oct 2025 17:28:32 -0700 (PDT) DKIM-Signature: v=1; a=rsa-sha256; c=relaxed/relaxed; d=iol.unh.edu; s=unh-iol; t=1761956912; x=1762561712; darn=dpdk.org; h=cc:to:from:subject:message-id:date:from:to:cc:subject:date :message-id:reply-to; bh=WrnZDOTU2qtmPAcEM9pfZ8wfE/w561ukMUZzqOjOaW4=; b=SGe99TkY/C6vDJHrgNoYMvLTJnzUBNy+i8cbD6k+zkGRAaaEDyXTOSGtt5NLLkcqmV vW9TMbqJXTnK4SZ3zXYrh517xxXk+iQgXMWUCFrA+/PYNL5EoAV7X2A6ZfWLgWbiWa6Y m5+60kRh3TOd15Xbzxw0CZHBOdRAzTmhiQ9e8= X-Google-DKIM-Signature: v=1; a=rsa-sha256; c=relaxed/relaxed; d=1e100.net; s=20230601; t=1761956912; x=1762561712; h=cc:to:from:subject:message-id:date:x-gm-message-state:from:to:cc :subject:date:message-id:reply-to; bh=WrnZDOTU2qtmPAcEM9pfZ8wfE/w561ukMUZzqOjOaW4=; b=cxMp+0X+qYSqSiRiwk8XBaFAWWRAhmP1ePGD9c91l/vpXi0A0IY27RzPrDYLke6r// tTkPbXtWrFRzrOgy/LWtn7UKY06AAYq9H+MGbu7mofXyyo+Utv7I5n95xP4IDiKd4ARo 1izaTgFA/pZsVt6sRRWiAzwd5jEsMDD1DMLPgc5QJbxSpBBuyhEbZN/Aoar6h/ibmvYD kvvHUFhDZFistKC1fMiWJWwQwXOrdaj1+qvABWW2hcD/aoN7wwzp6W743pN42wlIhxAQ wpK6EkO3BRssDvCJtNCOvegAIWXu6qfitiQV7sicJ2A1nNTpIArU4rMwpysGCmcEv17U uZzQ== X-Gm-Message-State: AOJu0YwzrR1Bt/+bQAhC3Ksni766MM1R7/yfgOWO4HZE2EEuQxB6yyBK 2FRGCF9DQFdC1TWfy1RxZiRHVrvpyA4fnd+dLTgA6mzT02BNwGN8FSRYZZ6de53BMB2xQFG1DZD xQb6EXG8BXtkTRpAk/n2VHe4DPjlZlDHLm5Iq1fAurwtl/eG95zMVDQK0qZS1 X-Gm-Gg: ASbGnct5C7JMYevDqdeJ78lJInL298qU0Q6pyTTWd4L4SLBgUoxtmd1pBbtnQcrCQii pE6dLUyLzDxfF/IP8NgeahCLBxvwn3wLIe3S3sFwt4nv/XlMct6B6huZbjyPclgU2vYBAqFS+5H GSl+EK8RHxadhQm+Y88tjEQ+TwlPbqT6r4GsEbQgY1p315U9reV7WTnCxIYCN04xatFTR5YhNxM NBSSs8ehoHnTgVzyA0qJeik3gPOr9VaDPvk5sNNnQ1igTkqdcnd3kh2klLLzF/kLOe9KCcBmYlE oMEiSUPVI9IjbB0zG9vBbHEPyZOetHyX4NtlZ+5sqtag3LTT+8IMQysHsu/PsWRnZmf1oTEREnU 61ba6WvXF X-Google-Smtp-Source: AGHT+IG+OTSrJpjdTAR8/8br09v/LDr2oP3ltA4LwfusdUxqKZESJYKdgn+s7Fk/O2hEK8foas/1CjoZQYeK X-Received: by 2002:a05:6e02:1606:b0:430:b994:3bd1 with SMTP id e9e14a558f8ab-4330d10a2d8mr80091125ab.1.1761956912106; Fri, 31 Oct 2025 17:28:32 -0700 (PDT) Received: from postal.iol.unh.edu (postal.iol.unh.edu. [2606:4100:3880:1234::84]) by smtp-relay.gmail.com with ESMTPS id 8926c6da1cb9f-5b6a5b8f350sm252599173.29.2025.10.31.17.28.32 (version=TLS1_2 cipher=ECDHE-ECDSA-AES128-GCM-SHA256 bits=128/128); Fri, 31 Oct 2025 17:28:32 -0700 (PDT) X-Relaying-Domain: iol.unh.edu Date: Fri, 31 Oct 2025 17:28:32 -0700 (PDT) Message-ID: <69055430.050a0220.362533.d3eaSMTPIN_ADDED_MISSING@mx.google.com> Received: from [172.21.0.2] (unknown [172.18.0.240]) by postal.iol.unh.edu (Postfix) with ESMTP id BBA346051830; Fri, 31 Oct 2025 20:28:31 -0400 (EDT) Subject: |FAILURE| [GIT MASTER] 8c4861d00aabcf54ef9d6f1df2a4cfb37c06f6c2 From: dpdklab@iol.unh.edu To: Test Report Cc: dpdk-test-reports@iol.unh.edu Content-Type: text/plain X-BeenThere: test-report@dpdk.org X-Mailman-Version: 2.1.29 Precedence: list List-Id: automatic DPDK test reports List-Unsubscribe: , List-Archive: List-Post: List-Help: List-Subscribe: , Errors-To: test-report-bounces@dpdk.org _Testing issues_ Branch: dpdk 8c4861d00aabcf54ef9d6f1df2a4cfb37c06f6c2 --> testing issues Upstream job id: Generic-DPDK-Compile-Meson#439715 Test environment and result as below: +-------------------------------+--------------------+-------------------+------------------+-------------------------+-------------------+----------------------+ | Environment | dpdk_meson_compile | dpdk_compile_spdk | dpdk_compile_ovs | dpdk_llvm_clang_compile | dpdk_msvc_compile | dpdk_mingw64_compile | +===============================+====================+===================+==================+=========================+===================+======================+ | Debian GNU/Linux 12 | PASS | WARN | SKIPPED | SKIPPED | SKIPPED | SKIPPED | +-------------------------------+--------------------+-------------------+------------------+-------------------------+-------------------+----------------------+ | Fedora Linux 42 | PEND | PEND | PEND | SKIPPED | SKIPPED | SKIPPED | +-------------------------------+--------------------+-------------------+------------------+-------------------------+-------------------+----------------------+ | FreeBSD 14.2 | PASS | SKIPPED | SKIPPED | SKIPPED | SKIPPED | SKIPPED | +-------------------------------+--------------------+-------------------+------------------+-------------------------+-------------------+----------------------+ | Ubuntu 20.04 | PASS | SKIPPED | SKIPPED | SKIPPED | SKIPPED | SKIPPED | +-------------------------------+--------------------+-------------------+------------------+-------------------------+-------------------+----------------------+ | CentOS Stream 9 | PEND | PEND | SKIPPED | SKIPPED | SKIPPED | SKIPPED | +-------------------------------+--------------------+-------------------+------------------+-------------------------+-------------------+----------------------+ | Red Hat Enterprise Linux 8.10 | PASS | SKIPPED | SKIPPED | SKIPPED | SKIPPED | SKIPPED | +-------------------------------+--------------------+-------------------+------------------+-------------------------+-------------------+----------------------+ | openSUSE Leap 15.6 | PASS | SKIPPED | SKIPPED | SKIPPED | SKIPPED | SKIPPED | +-------------------------------+--------------------+-------------------+------------------+-------------------------+-------------------+----------------------+ | Red Hat Enterprise Linux 9.5 | PASS | SKIPPED | SKIPPED | SKIPPED | SKIPPED | SKIPPED | +-------------------------------+--------------------+-------------------+------------------+-------------------------+-------------------+----------------------+ | Ubuntu 22.04 | PEND | PEND | SKIPPED | SKIPPED | SKIPPED | SKIPPED | +-------------------------------+--------------------+-------------------+------------------+-------------------------+-------------------+----------------------+ | Ubuntu 24.04 | PEND | PEND | PEND | SKIPPED | SKIPPED | SKIPPED | +-------------------------------+--------------------+-------------------+------------------+-------------------------+-------------------+----------------------+ | CentOS Stream 10 | PASS | SKIPPED | SKIPPED | SKIPPED | SKIPPED | SKIPPED | +-------------------------------+--------------------+-------------------+------------------+-------------------------+-------------------+----------------------+ | Arch Linux 20250613.0.365270 | PEND | SKIPPED | SKIPPED | SKIPPED | SKIPPED | SKIPPED | +-------------------------------+--------------------+-------------------+------------------+-------------------------+-------------------+----------------------+ | Alpine Linux 3.22.0 | PASS | SKIPPED | SKIPPED | SKIPPED | SKIPPED | SKIPPED | +-------------------------------+--------------------+-------------------+------------------+-------------------------+-------------------+----------------------+ | Windows Server 2022 | SKIPPED | SKIPPED | SKIPPED | PASS | PEND | PEND | +-------------------------------+--------------------+-------------------+------------------+-------------------------+-------------------+----------------------+ ==== 20 line log output for Debian GNU/Linux 12 (dpdk_compile_spdk): ==== --- Failed to get log output --- ==== End log output ==== Debian GNU/Linux 12 Kernel: 5.15 Compiler: gcc gcc (Debian 12.2.0-14+deb12u1) 12.2.0 Fedora Linux 42 Kernel: 5.15 Compiler: gcc gcc (GCC) 15.2.1 20250808 (Red Hat 15.2.1-1) FreeBSD 14.2 Kernel: 14.2-RELEASE Compiler: clang 18.1.6 Ubuntu 20.04 Kernel: 4.19 Compiler: gcc gcc (Ubuntu 9.4.0-1ubuntu1~20.04.2) 9.4.0 CentOS Stream 9 Kernel: 5.15 Compiler: gcc gcc (GCC) 11.5.0 20240719 (Red Hat 11.5.0-11) Red Hat Enterprise Linux 8.10 Kernel: 5.15 Compiler: gcc gcc (GCC) 8.5.0 20210514 (Red Hat 8.5.0-22) openSUSE Leap 15.6 Kernel: 5.15 Compiler: gcc gcc (SUSE Linux) 7.5.0 Red Hat Enterprise Linux 9.5 Kernel: 5.15 Compiler: gcc gcc (GCC) 11.5.0 20240719 (Red Hat 11.5.0-2) Ubuntu 22.04 Kernel: 5.15 Compiler: gcc gcc (Ubuntu 11.4.0-1ubuntu1~22.04) 11.4.0 Ubuntu 24.04 Kernel: 5.15 Compiler: gcc gcc (Ubuntu 13.3.0-6ubuntu2~24.04) 13.3.0 CentOS Stream 10 Kernel: 5.15 Compiler: gcc gcc (GCC) 14.2.1 20250110 (Red Hat 14.2.1-8) Arch Linux 20250613.0.365270 Kernel: 5.15 Compiler: gcc gcc (GCC) 15.1.1 20250425 Alpine Linux 3.22.0 Kernel: 5.15 Compiler: gcc gcc (Alpine 14.2.0) 14.2.0 Windows Server 2022 Kernel: 10.0.20348.2031 Compiler: clang 15.0.7, gcc 14.1.0 (MinGW), and MSVC VS 19.39.33521 To view detailed results, visit: https://lab.dpdk.org/results/dashboard/tarballs/35415/ UNH-IOL DPDK Community Lab To manage your email subscriptions, visit: https://lab.dpdk.org/results/dashboard/preferences/subscriptions/