From mboxrd@z Thu Jan 1 00:00:00 1970 Return-Path: Received: from mails.dpdk.org (mails.dpdk.org [217.70.189.124]) by inbox.dpdk.org (Postfix) with ESMTP id 1CA6B48A5D for ; Sat, 1 Nov 2025 05:23:49 +0100 (CET) Received: from mails.dpdk.org (localhost [127.0.0.1]) by mails.dpdk.org (Postfix) with ESMTP id C7C6640150; Sat, 1 Nov 2025 05:23:48 +0100 (CET) Received: from mail-il1-f226.google.com (mail-il1-f226.google.com [209.85.166.226]) by mails.dpdk.org (Postfix) with ESMTP id 9B22240150 for ; Sat, 1 Nov 2025 05:23:47 +0100 (CET) Received: by mail-il1-f226.google.com with SMTP id e9e14a558f8ab-43323c55b7bso654745ab.0 for ; Fri, 31 Oct 2025 21:23:47 -0700 (PDT) DKIM-Signature: v=1; a=rsa-sha256; c=relaxed/relaxed; d=iol.unh.edu; s=unh-iol; t=1761971027; x=1762575827; darn=dpdk.org; h=cc:to:from:subject:message-id:date:from:to:cc:subject:date :message-id:reply-to; bh=UFBwSb/Iiu2UeHCKZYePvwOOH3dPsAbx2H7B/xJSYKo=; b=ZvHvv/eVPeZeMyDnWtOB/Icthe4EbWjYtS1M9YLbyyEmBnLGB0ht5I+SXiVys8TZSL mH4JrdvU2TkzspsFSilILQmsEPDwLHn6M9aCXlL/De2w2bEqXPsXfaKriUVTKqW/mWsn vQu9xl7+Beu/FcIUwV3XeHny8/otfyhTG07Js= X-Google-DKIM-Signature: v=1; a=rsa-sha256; c=relaxed/relaxed; d=1e100.net; s=20230601; t=1761971027; x=1762575827; h=cc:to:from:subject:message-id:date:x-gm-message-state:from:to:cc :subject:date:message-id:reply-to; bh=UFBwSb/Iiu2UeHCKZYePvwOOH3dPsAbx2H7B/xJSYKo=; b=jqsZ1QLXfJWRbCWHPrY2pTfvmyrLD46WtWfrE1aNZTBxpLfH2FqRXEP7pEKc9rDCIx 2MJ1S3cjKVUJeMHh3d9xi8lBeAeVfRMV1hpRzr9xdK0AfZJqevzBNC95KUzhxaAzDcGq ImtGKEx0OZMLR2ipf5hgPbE7MQgRY7ytAOoHmAtBMz65XjjNkjViK8ZlYdqhU1JX77uG T0gggHgqoZy6tSbWOxzTsErL7ZvdCoX4hlzq+XlmX2daKtaSkYG4pkA7t05HyFSq2TbU quCGdvltjtctJ61UiLjSkWijKlM/81lMm2/pjxwnfvVaWu2PvEIMSx7uTWCg/y1trn20 g4Fw== X-Gm-Message-State: AOJu0Yx5fWTj59MnAS15Ct2YdmoXPgvOb3rym0Rl23QJoKhp5L+m575m x7Cm51AS092mQcpAVKUTb6g4BhwZ55j/bEnAc0+vwrZ3N1s5jK6gMV/FhRX+fCKexg2Gj1hFywQ xKu7dYpqtjcDtnrM3pgdXmaUBqlrXJgLutqZi X-Gm-Gg: ASbGncstbXAhRd986LbcqAyujsh91J1h41MPzqiDQzA4nbC930ZoMVzZ2Y9qIL6YsiO NTstPGF7tp6ENlo5I6J2hjicj5gW6RR9O6yThpTMfLxX5PM1JEX6eV8GH4WvbdgRLtAC3Zdk1xw mToVWAu2pU7fV08vaYHPUFzTViqM+acg5zmoufsi6eFPrtIADd4DNWcZnUwuRFTlgdfi9I1iW/t CZnMv8sdMJuvTCNaL2IDxxDOdDkIjBax2fQXkN8Wc+NgLzCRetGaxP8SMhJm+/3dIlB6d6gPX6k 9I36BBDAHHZUeCf7Z4d86hxe03xlxuqUyo4MbME91X/ZSWKsPNw67LzPDrzdYQZ4Ny+zuCyii+7 IN1+2vDLMIsW25UR6rLWo7F7tPMEIRPw= X-Google-Smtp-Source: AGHT+IHUc5vMexDBm4mumutQU9/PsP3devLhBRqXq/+miA660r97pdNNxjvl0yIXEP7Mh6n6NFtgJOzB8ce4 X-Received: by 2002:a05:6e02:12ec:b0:430:af8f:1d28 with SMTP id e9e14a558f8ab-4330d135fc2mr91652315ab.11.1761971026812; Fri, 31 Oct 2025 21:23:46 -0700 (PDT) Received: from postal.iol.unh.edu (postal.iol.unh.edu. [132.177.123.84]) by smtp-relay.gmail.com with ESMTPS id 8926c6da1cb9f-5b6a634d822sm323384173.37.2025.10.31.21.23.46 (version=TLS1_2 cipher=ECDHE-ECDSA-AES128-GCM-SHA256 bits=128/128); Fri, 31 Oct 2025 21:23:46 -0700 (PDT) X-Relaying-Domain: iol.unh.edu Date: Fri, 31 Oct 2025 21:23:46 -0700 (PDT) Message-ID: <69058b52.050a0220.9b5ef.128aSMTPIN_ADDED_MISSING@mx.google.com> Received: from [172.21.0.2] (unknown [172.18.0.240]) by postal.iol.unh.edu (Postfix) with ESMTP id 3C70F6051830; Sat, 1 Nov 2025 00:23:46 -0400 (EDT) Subject: |FAILURE| [GIT MASTER] 62f583c49bf67dd4d6733ece14e55fe6839e66d1 From: dpdklab@iol.unh.edu To: Test Report Cc: dpdk-test-reports@iol.unh.edu, Xueming Li , Christian Ehrhardt , Kevin Traynor , Luca Boccassi Content-Type: text/plain X-BeenThere: test-report@dpdk.org X-Mailman-Version: 2.1.29 Precedence: list List-Id: automatic DPDK test reports List-Unsubscribe: , List-Archive: List-Post: List-Help: List-Subscribe: , Errors-To: test-report-bounces@dpdk.org _Testing issues_ Branch: tags/v23.11 62f583c49bf67dd4d6733ece14e55fe6839e66d1 --> testing issues Upstream job id: Windows-Compile-DPDK-Native#32041 Test environment and result as below: +-------------------------------+--------------------+------------------+-------------------+-------------------+-------------------------+ | Environment | dpdk_meson_compile | dpdk_compile_ovs | dpdk_compile_spdk | dpdk_msvc_compile | dpdk_llvm_clang_compile | +===============================+====================+==================+===================+===================+=========================+ | openSUSE Leap 15.6 | PEND | SKIPPED | SKIPPED | SKIPPED | SKIPPED | +-------------------------------+--------------------+------------------+-------------------+-------------------+-------------------------+ | Fedora Linux 42 | PEND | PEND | PEND | SKIPPED | SKIPPED | +-------------------------------+--------------------+------------------+-------------------+-------------------+-------------------------+ | Debian GNU/Linux 12 | PEND | SKIPPED | PEND | SKIPPED | SKIPPED | +-------------------------------+--------------------+------------------+-------------------+-------------------+-------------------------+ | CentOS Stream 9 | PEND | SKIPPED | PEND | SKIPPED | SKIPPED | +-------------------------------+--------------------+------------------+-------------------+-------------------+-------------------------+ | CentOS Stream 10 | PEND | SKIPPED | SKIPPED | SKIPPED | SKIPPED | +-------------------------------+--------------------+------------------+-------------------+-------------------+-------------------------+ | Red Hat Enterprise Linux 9.5 | PEND | SKIPPED | SKIPPED | SKIPPED | SKIPPED | +-------------------------------+--------------------+------------------+-------------------+-------------------+-------------------------+ | Ubuntu 20.04 | PASS | SKIPPED | SKIPPED | SKIPPED | SKIPPED | +-------------------------------+--------------------+------------------+-------------------+-------------------+-------------------------+ | Ubuntu 22.04 | PEND | SKIPPED | PEND | SKIPPED | SKIPPED | +-------------------------------+--------------------+------------------+-------------------+-------------------+-------------------------+ | Ubuntu 24.04 | PEND | PEND | PEND | SKIPPED | SKIPPED | +-------------------------------+--------------------+------------------+-------------------+-------------------+-------------------------+ | Red Hat Enterprise Linux 8.10 | PEND | SKIPPED | SKIPPED | SKIPPED | SKIPPED | +-------------------------------+--------------------+------------------+-------------------+-------------------+-------------------------+ | Alpine Linux 3.22.0 | PEND | SKIPPED | SKIPPED | SKIPPED | SKIPPED | +-------------------------------+--------------------+------------------+-------------------+-------------------+-------------------------+ | FreeBSD 14.2 | PASS | SKIPPED | SKIPPED | SKIPPED | SKIPPED | +-------------------------------+--------------------+------------------+-------------------+-------------------+-------------------------+ | Windows Server 2022 | SKIPPED | SKIPPED | SKIPPED | PASS | FAIL | +-------------------------------+--------------------+------------------+-------------------+-------------------+-------------------------+ ==== 20 line log output for Windows Server 2022 (dpdk_llvm_clang_compile): ==== Compiler for C supports arguments -mavx512f: YES (cached) Compiler for C supports arguments -mavx512bw: YES (cached) Compiler for C supports arguments -mavx512dq: YES (cached) Compiler for C supports arguments -march=skylake-avx512: YES Message: drivers/common/idpf: Defining dependency "common_idpf" Message: drivers/bus/auxiliary: Defining dependency "bus_auxiliary" Compiler for C supports arguments -Wno-cast-qual: YES (cached) Compiler for C supports arguments -Wno-pointer-arith: YES (cached) Message: drivers/bus/pci: Defining dependency "bus_pci" Message: drivers/bus/vdev: Defining dependency "bus_vdev" Compiler for C supports arguments -std=c11: YES Compiler for C supports arguments -Wno-strict-prototypes: YES Compiler for C supports arguments -D_BSD_SOURCE: YES Compiler for C supports arguments -D_DEFAULT_SOURCE: YES Compiler for C supports arguments -D_XOPEN_SOURCE=600: YES Has header "mlx5devx.h" : YES drivers\common\mlx5\windows\meson.build:10:13: ERROR: C shared or static library 'mlx5devx' not found A full log can be found at C:\Users\builder\jenkins\workspace\Windows-Compile-DPDK-Native\dpdk\build\meson-logs\meson-log.txt ==== End log output ==== openSUSE Leap 15.6 Kernel: 5.15 Compiler: gcc gcc (SUSE Linux) 7.5.0 Fedora Linux 42 Kernel: 5.15 Compiler: clang gcc (GCC) 15.2.1 20250808 (Red Hat 15.2.1-1) Debian GNU/Linux 12 Kernel: 5.15 Compiler: gcc gcc (Debian 12.2.0-14+deb12u1) 12.2.0 CentOS Stream 9 Kernel: 5.15 Compiler: gcc gcc (GCC) 11.5.0 20240719 (Red Hat 11.5.0-11) CentOS Stream 10 Kernel: 5.15 Compiler: gcc gcc (GCC) 14.2.1 20250110 (Red Hat 14.2.1-8) Red Hat Enterprise Linux 9.5 Kernel: 5.15 Compiler: gcc gcc (GCC) 11.5.0 20240719 (Red Hat 11.5.0-2) Ubuntu 20.04 Kernel: 5.15 Compiler: gcc gcc (Ubuntu 9.4.0-1ubuntu1~20.04.2) 9.4.0 Ubuntu 22.04 Kernel: 5.15 Compiler: gcc gcc (Ubuntu 11.4.0-1ubuntu1~22.04) 11.4.0 Ubuntu 24.04 Kernel: 5.15 Compiler: gcc gcc (Ubuntu 13.3.0-6ubuntu2~24.04) 13.3.0 Red Hat Enterprise Linux 8.10 Kernel: 5.15 Compiler: gcc gcc (GCC) 8.5.0 20210514 (Red Hat 8.5.0-22) Alpine Linux 3.22.0 Kernel: 5.15 Compiler: gcc gcc (Alpine 14.2.0) 14.2.0 FreeBSD 14.2 Kernel: 14.2-RELEASE Compiler: clang 18.1.6 Windows Server 2022 Kernel: 10.0.20348.2031 Compiler: clang 15.0.7, gcc 14.1.0 (MinGW), and MSVC VS 19.39.33521 To view detailed results, visit: https://lab.dpdk.org/results/dashboard/tarballs/35418/ UNH-IOL DPDK Community Lab To manage your email subscriptions, visit: https://lab.dpdk.org/results/dashboard/preferences/subscriptions/