From mboxrd@z Thu Jan 1 00:00:00 1970 Return-Path: Received: from mails.dpdk.org (mails.dpdk.org [217.70.189.124]) by inbox.dpdk.org (Postfix) with ESMTP id 6C93248A5A for ; Sat, 1 Nov 2025 06:08:06 +0100 (CET) Received: from mails.dpdk.org (localhost [127.0.0.1]) by mails.dpdk.org (Postfix) with ESMTP id 52C1040150; Sat, 1 Nov 2025 06:08:06 +0100 (CET) Received: from mail-io1-f97.google.com (mail-io1-f97.google.com [209.85.166.97]) by mails.dpdk.org (Postfix) with ESMTP id 77FE640150 for ; Sat, 1 Nov 2025 06:08:05 +0100 (CET) Received: by mail-io1-f97.google.com with SMTP id ca18e2360f4ac-948284e6708so54412339f.2 for ; Fri, 31 Oct 2025 22:08:05 -0700 (PDT) DKIM-Signature: v=1; a=rsa-sha256; c=relaxed/relaxed; d=iol.unh.edu; s=unh-iol; t=1761973685; x=1762578485; darn=dpdk.org; h=cc:to:from:subject:message-id:date:from:to:cc:subject:date :message-id:reply-to; bh=7Urz1CFhAmZFLMkwjOyxWEeGFo74WJeU6KtrPfAKx3A=; b=M8I/rZzTrzRy2skbzvXfnhO6Ock/y68hu/2FuzEv8eP2ym+CCjjpJsv3kSo+9HD1de SJWoQ4afBKUSwO/hizq6OFWkiMJLSfAEU2ptw9oresDFj3moj9cASLGsOqMMGMhiIXG8 5cXXS4i0vexM3bRmo7Qzkjs0quHHagFU5Vnx4= X-Google-DKIM-Signature: v=1; a=rsa-sha256; c=relaxed/relaxed; d=1e100.net; s=20230601; t=1761973685; x=1762578485; h=cc:to:from:subject:message-id:date:x-gm-message-state:from:to:cc :subject:date:message-id:reply-to; bh=7Urz1CFhAmZFLMkwjOyxWEeGFo74WJeU6KtrPfAKx3A=; b=Btpx2jMGKmdg/vtyS7J7cvkM3rSc5j/44U/BkEQGnhvyl+H72jgD5qIjKg6ykPB/vS 1Yu/kmttbdGp6JMNaVVV/WyhubO5eo6b1MZkPIEnNoUKA9eF/JR6S7BA+SqYOqg53oxM Ih+0LyCRN2VwhXPyckX90SIeEOQSrLVYy66fh8trMYlxiUZRkHNL54JzZ3LXu1GcC98W VnY5jiFuQ6C3ouNjHWWBxVRj5X7+EitHcabUIy0P1/f1o49BZNnlV15P6eVJZN5aAY2B WQPIqNMkgtv82C1d05OmNH5f8SXFc02TQjJimLGSJ+aGuzA9KrA+lWoIXMJ+sPlZ7yay wvjg== X-Gm-Message-State: AOJu0YzsbbwL4+eLfIpR/I4IbRHAw7/BwH3P3zou+/JpFxkRLPidIK6t nE+DYgQOofeUa1TseKrxb8OwSFYIQ75eJ3yoR+SibHQ97BWaCSsIQzWxRZPAgwzYkqrJzEMa8xE QygKQaCW7HhnRl2JMRKFKOBuAqz3ZbfyOK1XvVgAmIi/I92aqgqjq X-Gm-Gg: ASbGncsjttl5NMwAx/qdiINSyMBRP4JmWAO2QiStd5LIL9cEoqOxqjqA/CReeOAZn9C rTptJNssRWW3fV1GBuwYkIhGOGEaltmEYOfDXUoHW2LunwtWKbKclsJWlTuZqw/G1A+T2WuJ6LS 2RGiEUeI9fh7Nc7GJEwsM1tGZSdjaihDKnCa6gky0Z2xFWcOvyb/02xkiXpYZ4nABM0dct88rxg XWiz1PBfknIaE2MAJBYWjbWrZkAay8GkElqMgUoZRbGXO6DHMrWxuUyY8uL2psOhUeozESZRbh8 g9ADMHMcrNHukqjdhPSRKCO9AmvH/KK3vgaSUCN9HAabQZrsH8JrDQUQPvHOTVqQoy6u9LeCQBO s7AOEB5A7 X-Google-Smtp-Source: AGHT+IEmCF45N6QYQ44TDQLZjHK/boN2KBY3olCzjIBzl5WGlFPbaL/+YKl4brzXQarjfZrAdZyzM2H7d/PZ X-Received: by 2002:a05:6602:6410:b0:93e:8b7c:4a25 with SMTP id ca18e2360f4ac-94822a7881amr908430339f.18.1761973684680; Fri, 31 Oct 2025 22:08:04 -0700 (PDT) Received: from postal.iol.unh.edu (postal.iol.unh.edu. [2606:4100:3880:1234::84]) by smtp-relay.gmail.com with ESMTPS id 8926c6da1cb9f-5b6a634ab40sm324969173.38.2025.10.31.22.08.04 (version=TLS1_2 cipher=ECDHE-ECDSA-AES128-GCM-SHA256 bits=128/128); Fri, 31 Oct 2025 22:08:04 -0700 (PDT) X-Relaying-Domain: iol.unh.edu Date: Fri, 31 Oct 2025 22:08:04 -0700 (PDT) Message-ID: <690595b4.050a0220.14793f.0f86SMTPIN_ADDED_MISSING@mx.google.com> Received: from [172.21.0.2] (unknown [172.18.0.240]) by postal.iol.unh.edu (Postfix) with ESMTP id 2FA436051830; Sat, 1 Nov 2025 01:08:04 -0400 (EDT) Subject: |FAILURE| [GIT MASTER] 42105ccaeef093ad8c7ce11d1bde3652861b783b From: dpdklab@iol.unh.edu To: Test Report Cc: dpdk-test-reports@iol.unh.edu, Xueming Li , Christian Ehrhardt , Kevin Traynor , Luca Boccassi Content-Type: text/plain X-BeenThere: test-report@dpdk.org X-Mailman-Version: 2.1.29 Precedence: list List-Id: automatic DPDK test reports List-Unsubscribe: , List-Archive: List-Post: List-Help: List-Subscribe: , Errors-To: test-report-bounces@dpdk.org _Testing issues_ Branch: tags/v22.11 42105ccaeef093ad8c7ce11d1bde3652861b783b --> testing issues Upstream job id: Generic-Unit-Test-DPDK#387464 Test environment and result as below: +-----------------+------------------------------+---------------------------+--------------+----------------+ | Environment | cryptodev_sw_snow3g_autotest | cryptodev_sw_zuc_autotest | lpm_autotest | dpdk_unit_test | +=================+==============================+===========================+==============+================+ | Debian 12 (arm) | PASS | PASS | SKIPPED | SKIPPED | +-----------------+------------------------------+---------------------------+--------------+----------------+ | Ubuntu 20.04 | SKIPPED | SKIPPED | FAIL | SKIPPED | +-----------------+------------------------------+---------------------------+--------------+----------------+ | Ubuntu 22.04 | SKIPPED | SKIPPED | SKIPPED | PASS | +-----------------+------------------------------+---------------------------+--------------+----------------+ ==== 20 line log output for Ubuntu 20.04 (lpm_autotest): ==== [671/690] Compiling C object 'app/test/3062f5d@@dpdk-test@exe/test_threads.c.o'. [672/690] Compiling C object 'app/test/3062f5d@@dpdk-test@exe/test_thash_perf.c.o'. [673/690] Compiling C object 'app/test/3062f5d@@dpdk-test@exe/test_timer.c.o'. [674/690] Compiling C object 'app/test/3062f5d@@dpdk-test@exe/test_thash.c.o'. [675/690] Compiling C object 'app/test/3062f5d@@dpdk-test@exe/test_timer_perf.c.o'. [676/690] Compiling C object 'app/test/3062f5d@@dpdk-test@exe/test_timer_racecond.c.o'. [677/690] Compiling C object 'app/test/3062f5d@@dpdk-test@exe/test_timer_secondary.c.o'. [678/690] Compiling C object 'app/test/3062f5d@@dpdk-test@exe/test_ticketlock.c.o'. [679/690] Compiling C object 'app/test/3062f5d@@dpdk-test@exe/test_trace_register.c.o'. [680/690] Compiling C object 'app/test/3062f5d@@dpdk-test@exe/test_trace.c.o'. [681/690] Compiling C object 'app/test/3062f5d@@dpdk-test@exe/test_version.c.o'. [682/690] Compiling C object 'app/test/3062f5d@@dpdk-test@exe/test_ring.c.o'. [683/690] Compiling C object 'app/test/3062f5d@@dpdk-test@exe/test_telemetry_json.c.o'. [684/690] Compiling C object 'app/test/3062f5d@@dpdk-test@exe/test_telemetry_data.c.o'. [685/690] Compiling C object 'app/test/3062f5d@@dpdk-test@exe/test_pcapng.c.o'. [686/690] Compiling C object 'app/test/3062f5d@@dpdk-test@exe/virtual_pmd.c.o'. [687/690] Compiling C object 'app/test/3062f5d@@dpdk-test@exe/test_bpf.c.o'. [688/690] Compiling C object 'app/test/3062f5d@@dpdk-test@exe/test_compressdev.c.o'. [689/690] Compiling C object 'app/test/3062f5d@@dpdk-test@exe/test_trace_perf.c.o'. [690/690] Linking target app/test/dpdk-test. ==== End log output ==== Debian 12 (arm) Kernel: Depends on container host Compiler: gcc (Debian 12.2.0-14) 12.2.0 Ubuntu 20.04 Kernel: 5.4 Compiler: gcc gcc (Ubuntu 9.4.0-1ubuntu1~20.04.2) 9.4.0 Ubuntu 22.04 Kernel: 5.15 Compiler: gcc gcc (Ubuntu 11.4.0-1ubuntu1~22.04.2) 11.4.0 To view detailed results, visit: https://lab.dpdk.org/results/dashboard/tarballs/35416/ UNH-IOL DPDK Community Lab To manage your email subscriptions, visit: https://lab.dpdk.org/results/dashboard/preferences/subscriptions/