From mboxrd@z Thu Jan 1 00:00:00 1970 Return-Path: Received: from mails.dpdk.org (mails.dpdk.org [217.70.189.124]) by inbox.dpdk.org (Postfix) with ESMTP id 0A88248A5A for ; Sat, 1 Nov 2025 06:45:11 +0100 (CET) Received: from mails.dpdk.org (localhost [127.0.0.1]) by mails.dpdk.org (Postfix) with ESMTP id D5A3A40150; Sat, 1 Nov 2025 06:45:10 +0100 (CET) Received: from mail-io1-f97.google.com (mail-io1-f97.google.com [209.85.166.97]) by mails.dpdk.org (Postfix) with ESMTP id AFA9940150 for ; Sat, 1 Nov 2025 06:45:08 +0100 (CET) Received: by mail-io1-f97.google.com with SMTP id ca18e2360f4ac-945a51050b2so115690639f.0 for ; Fri, 31 Oct 2025 22:45:08 -0700 (PDT) DKIM-Signature: v=1; a=rsa-sha256; c=relaxed/relaxed; d=iol.unh.edu; s=unh-iol; t=1761975908; x=1762580708; darn=dpdk.org; h=cc:to:from:subject:message-id:date:from:to:cc:subject:date :message-id:reply-to; bh=0ihPte5i/Cndt/NSFlrCnYk1qhfRIozRZ3WK6NJakBU=; b=bwlhU+wNx7nKl3m3Q/PCk/Jva7DUVchGXZWquhdjKrYL3bNEgtz9/K1hoUXEikQiIA eUIrab7iyRP/hELkwV6xb1ybYgoU2MT/zkunK8vl4NHy/bciVHLW0hYrJo/GLmLoMlTx TU4lgPZPcBnJPffa5K+6sXhzyB1JHvh6iqXPU= X-Google-DKIM-Signature: v=1; a=rsa-sha256; c=relaxed/relaxed; d=1e100.net; s=20230601; t=1761975908; x=1762580708; h=cc:to:from:subject:message-id:date:x-gm-message-state:from:to:cc :subject:date:message-id:reply-to; bh=0ihPte5i/Cndt/NSFlrCnYk1qhfRIozRZ3WK6NJakBU=; b=fxBCRG3UsKjTz83JySc8+XsSIgxPH8mPw/3jsPoxpJga88bf9IzrW4lhZNvP0VH5sU NIG4OMTqjvxMHdnPk6DqtDgg2oL7nk7edhc4Cl7MvBFuex8gmTC3IZ9LbQ98wksJQvJJ z6BUFEB0MKZyP3Q47ph70Z1xX3xY9j06t76exrHPQAvLFFi1rcEUPvGriXeAa/S2QR1J UEEV/XEdJpuWlJiucxVdpkwE0hJqeaD5+2B8RTAAaB1qkztmQ0J3IgQaZXmWRchrlY2Z oUpuTKJV9ShDwGmdcQez90siGnsj58/LphXF7wUXGT54TMBqWg3c1G5teSOvfHCEAULu Qk+Q== X-Gm-Message-State: AOJu0YwSXJPnRbhTdGXF1ssEZzSaV6wAKpltmHUY3ToySb1G3+bsQmAd EF3dh+vMfmd+dsCyuw+c4amWQNGZPfAyjq3wX2xa0FFg5jMFZuKk5sUc+hXVTo9S3TVFZSzbs9s WFosWfd3rKjsOi/zOPFji9YxKRZQLKRKdsNNVwllHmPzSnU7rlrho X-Gm-Gg: ASbGncv6QrXDygv/Wryztxhbb9DkjwMdnyCFHVdFrnjh7d/Kk8wovUXbO1ZtJYHwGDn VswWJEKnjFInF4snFS8W7/Sf0Xe7emm+OF7jsesCOdMY8YxvxOgscupk8gQpx3usVcWhcyOFQI3 ik/6pw7Bmo/C3jxb5gGA59seoelxJp3NPIqRtphNet1iMfdY8OTyrsw8l5QdEK7c53wk7DjPBHt Ve2XHoCML5ArCcK0vNQ/Ll4u+D5XS1A41ZB+hNbJZyrEo6gEbNbr9C7+3DlxLqvEc7zsHe4eQ/j 4r7Uo0eMZt/hRwEXF0dz2YH115ezBXttUuM3x7IokOET1lom5y1b2HOsAU34L4FXnfFSou8IfhO 1O5LTlFKL X-Google-Smtp-Source: AGHT+IExUWFgDY8uK1Gk2947xx7g1NrYj5BC5DBZUIO22SkTfKH1wMcn3vcHczUWnrmxbaBIsQ90LQSCL2pu X-Received: by 2002:a05:6602:6d18:b0:945:a73a:ab4c with SMTP id ca18e2360f4ac-9482289a1a7mr1102073339f.3.1761975907955; Fri, 31 Oct 2025 22:45:07 -0700 (PDT) Received: from postal.iol.unh.edu (postal.iol.unh.edu. [2606:4100:3880:1234::84]) by smtp-relay.gmail.com with ESMTPS id ca18e2360f4ac-94827bb5f34sm25459239f.7.2025.10.31.22.45.07 (version=TLS1_2 cipher=ECDHE-ECDSA-AES128-GCM-SHA256 bits=128/128); Fri, 31 Oct 2025 22:45:07 -0700 (PDT) X-Relaying-Domain: iol.unh.edu Date: Fri, 31 Oct 2025 22:45:07 -0700 (PDT) Message-ID: <69059e63.050a0220.95350.d74aSMTPIN_ADDED_MISSING@mx.google.com> Received: from [172.21.0.2] (unknown [172.18.0.240]) by postal.iol.unh.edu (Postfix) with ESMTP id 738906051830; Sat, 1 Nov 2025 01:45:07 -0400 (EDT) Subject: |FAILURE| [GIT MASTER] 42105ccaeef093ad8c7ce11d1bde3652861b783b From: dpdklab@iol.unh.edu To: Test Report Cc: dpdk-test-reports@iol.unh.edu, Xueming Li , Christian Ehrhardt , Kevin Traynor , Luca Boccassi Content-Type: text/plain X-BeenThere: test-report@dpdk.org X-Mailman-Version: 2.1.29 Precedence: list List-Id: automatic DPDK test reports List-Unsubscribe: , List-Archive: List-Post: List-Help: List-Subscribe: , Errors-To: test-report-bounces@dpdk.org _Testing issues_ Branch: tags/v22.11 42105ccaeef093ad8c7ce11d1bde3652861b783b --> testing issues Upstream job id: Generic-Unit-Test-DPDK#387465 Test environment and result as below: +-------------------------------+----------------+ | Environment | dpdk_unit_test | +===============================+================+ | Fedora Linux 41 | FAIL | +-------------------------------+----------------+ | Fedora Linux 40 | FAIL | +-------------------------------+----------------+ | Red Hat Enterprise Linux 8.10 | FAIL | +-------------------------------+----------------+ | Ubuntu 24.04 | FAIL | +-------------------------------+----------------+ | Debian GNU/Linux 12 | FAIL | +-------------------------------+----------------+ | Red Hat Enterprise Linux 9.5 | FAIL | +-------------------------------+----------------+ | Fedora Linux 42 | FAIL | +-------------------------------+----------------+ | Ubuntu 22.04 | FAIL | +-------------------------------+----------------+ | CentOS Stream 10 | FAIL | +-------------------------------+----------------+ | Ubuntu 20.04 | PASS | +-------------------------------+----------------+ | CentOS Stream 9 | FAIL | +-------------------------------+----------------+ | Windows Server 2022 | PASS | +-------------------------------+----------------+ ==== Unit test summary for CentOS Stream 9 (dpdk_unit_test): ==== ninja: Entering directory `/root/workspace/Generic-Unit-Test-DPDK/dpdk/build' ninja: no work to do. 1/105 DPDK:fast-tests / acl_autotest OK 5.96 s 2/105 DPDK:fast-tests / atomic_autotest OK 0.65 s 3/105 DPDK:fast-tests / bitmap_autotest OK 0.33 s 4/105 DPDK:fast-tests / bitops_autotest OK 0.22 s 5/105 DPDK:fast-tests / byteorder_autotest OK 0.32 s 6/105 DPDK:fast-tests / cksum_autotest OK 0.25 s 7/105 DPDK:fast-tests / cmdline_autotest OK 0.21 s 8/105 DPDK:fast-tests / common_autotest OK 0.71 s 9/105 DPDK:fast-tests / cpuflags_autotest OK 0.17 s 10/105 DPDK:fast-tests / debug_autotest OK 1.31 s 11/105 DPDK:fast-tests / devargs_autotest OK 0.28 s 12/105 DPDK:fast-tests / eal_flags_c_opt_autotest OK 1.22 s 13/105 DPDK:fast-tests / eal_flags_main_opt_autotest OK 0.30 s 14/105 DPDK:fast-tests / eal_flags_n_opt_autotest OK 0.78 s 15/105 DPDK:fast-tests / eal_flags_hpet_autotest OK 0.37 s 16/105 DPDK:fast-tests / eal_flags_no_huge_autotest OK 0.72 s 17/105 DPDK:fast-tests / eal_flags_a_opt_autotest OK 0.57 s 18/105 DPDK:fast-tests / eal_flags_b_opt_autotest OK 0.51 s 19/105 DPDK:fast-tests / eal_flags_vdev_opt_autotest OK 0.82 s 20/105 DPDK:fast-tests / eal_flags_r_opt_autotest OK 0.59 s 21/105 DPDK:fast-tests / eal_flags_mem_autotest OK 1.03 s 22/105 DPDK:fast-tests / eal_flags_file_prefix_autotest OK 3.45 s 23/105 DPDK:fast-tests / eal_flags_misc_autotest OK 2.44 s 24/105 DPDK:fast-tests / eal_fs_autotest OK 0.26 s 25/105 DPDK:fast-tests / errno_autotest OK 0.24 s 26/105 DPDK:fast-tests / ethdev_link_status OK 0.34 s 27/105 DPDK:fast-tests / event_ring_autotest OK 0.20 s 28/105 DPDK:fast-tests / fib_autotest OK 1.27 s 29/105 DPDK:fast-tests / fib6_autotest OK 1.33 s 30/105 DPDK:fast-tests / func_reentrancy_autotest OK 0.97 s 31/105 DPDK:fast-tests / hash_autotest OK 0.44 s 32/105 DPDK:fast-tests / interrupt_autotest OK 1.58 s 33/105 DPDK:fast-tests / ipfrag_autotest OK 0.24 s 34/105 DPDK:fast-tests / lcores_autotest OK 3.30 s 35/105 DPDK:fast-tests / logs_autotest OK 0.30 s 36/105 DPDK:fast-tests / lpm_autotest OK 8.56 s 37/105 DPDK:fast-tests / lpm6_autotest OK 10.61 s 38/105 DPDK:fast-tests / malloc_autotest OK 1.02 s 39/105 DPDK:fast-tests / mbuf_autotest OK 0.36 s 40/105 DPDK:fast-tests / mcslock_autotest OK 0.96 s 41/105 DPDK:fast-tests / memcpy_autotest OK 4.15 s 42/105 DPDK:fast-tests / memory_autotest OK 0.18 s 43/105 DPDK:fast-tests / mempool_autotest OK 0.61 s 44/105 DPDK:fast-tests / memzone_autotest OK 0.50 s 45/105 DPDK:fast-tests / meter_autotest OK 0.14 s 46/105 DPDK:fast-tests / multiprocess_autotest OK 0.62 s 47/105 DPDK:fast-tests / node_list_dump OK 0.27 s 48/105 DPDK:fast-tests / per_lcore_autotest OK 0.38 s 49/105 DPDK:fast-tests / pflock_autotest OK 0.51 s 50/105 DPDK:fast-tests / prefetch_autotest OK 0.30 s 51/105 DPDK:fast-tests / rcu_qsbr_autotest OK 0.54 s 52/105 DPDK:fast-tests / pie_autotest OK 0.34 s 53/105 DPDK:fast-tests / rib_autotest OK 9.81 s 54/105 DPDK:fast-tests / rib6_autotest OK 10.57 s 55/105 DPDK:fast-tests / ring_autotest OK 0.22 s 56/105 DPDK:fast-tests / rwlock_test1_autotest OK 0.55 s 57/105 DPDK:fast-tests / rwlock_rda_autotest OK 5.28 s 58/105 DPDK:fast-tests / rwlock_rds_wrm_autotest OK 5.30 s 59/105 DPDK:fast-tests / rwlock_rde_wro_autotest OK 5.27 s 60/105 DPDK:fast-tests / sched_autotest OK 0.27 s 61/105 DPDK:fast-tests / security_autotest OK 0.19 s 62/105 DPDK:fast-tests / seqlock_autotest SKIP 0.30 s 63/105 DPDK:fast-tests / spinlock_autotest OK 0.36 s 64/105 DPDK:fast-tests / stack_autotest OK 0.30 s 65/105 DPDK:fast-tests / stack_lf_autotest OK 0.31 s 66/105 DPDK:fast-tests / string_autotest OK 0.39 s 67/105 DPDK:fast-tests / tailq_autotest OK 0.33 s 68/105 DPDK:fast-tests / ticketlock_autotest OK 0.22 s 69/105 DPDK:fast-tests / timer_autotest OK 2.84 s 70/105 DPDK:fast-tests / user_delay_us OK 0.38 s 71/105 DPDK:fast-tests / version_autotest OK 0.18 s 72/105 DPDK:fast-tests / crc_autotest OK 0.23 s 73/105 DPDK:fast-tests / distributor_autotest OK 1.74 s 74/105 DPDK:fast-tests / eventdev_common_autotest OK 0.18 s 75/105 DPDK:fast-tests / fbarray_autotest OK 0.55 s 76/105 DPDK:fast-tests / hash_readwrite_func_autotest SKIP 0.19 s 77/105 DPDK:fast-tests / ipsec_autotest SKIP 0.26 s 78/105 DPDK:fast-tests / kni_autotest SKIP 0.21 s 79/105 DPDK:fast-tests / kvargs_autotest OK 0.25 s 80/105 DPDK:fast-tests / member_autotest OK 1.75 s 81/105 DPDK:fast-tests / power_cpufreq_autotest SKIP 0.34 s 82/105 DPDK:fast-tests / power_autotest OK 0.22 s 83/105 DPDK:fast-tests / power_kvm_vm_autotest SKIP 0.18 s 84/105 DPDK:fast-tests / power_intel_uncore_autotest SKIP 0.36 s 85/105 DPDK:fast-tests / reorder_autotest OK 0.39 s 86/105 DPDK:fast-tests / service_autotest OK 1.33 s 87/105 DPDK:fast-tests / thash_autotest OK 0.17 s 88/105 DPDK:fast-tests / threads_autotest OK 0.61 s 89/105 DPDK:fast-tests / trace_autotest OK 0.21 s 90/105 DPDK:fast-tests / trace_autotest_with_traces OK 0.40 s 91/105 DPDK:fast-tests / graph_autotest OK 0.26 s 92/105 DPDK:fast-tests / metrics_autotest OK 0.21 s 93/105 DPDK:fast-tests / telemetry_json_autotest OK 0.23 s 94/105 DPDK:fast-tests / telemetry_data_autotest OK 0.25 s 95/105 DPDK:fast-tests / table_autotest FAIL 2.06 s (exit status 255 or signal 127 SIGinvalid) 96/105 DPDK:fast-tests / ring_pmd_autotest OK 0.17 s 97/105 DPDK:fast-tests / event_eth_tx_adapter_autotest OK 1.01 s 98/105 DPDK:fast-tests / bitratestats_autotest OK 0.31 s 99/105 DPDK:fast-tests / latencystats_autotest OK 0.14 s 100/105 DPDK:fast-tests / pdump_autotest OK 5.48 s 101/105 DPDK:fast-tests / vdev_autotest OK 0.13 s 102/105 DPDK:fast-tests / bpf_autotest OK 0.25 s 103/105 DPDK:fast-tests / bpf_convert_autotest OK 0.34 s 104/105 DPDK:fast-tests / compressdev_autotest SKIP 0.21 s 105/105 DPDK:fast-tests / telemetry_all SKIP 0.01 s Ok: 95 Expected Fail: 0 Fail: 1 Unexpected Pass: 0 Skipped: 9 Timeout: 0 Full log written to /root/workspace/Generic-Unit-Test-DPDK/dpdk/build/meson-logs/testlog.txt Test log output from the failed test table_autotest: Sorry, we were not able to find the logs for this test. Download the log output from the CI site for this test run. ==== End log output ==== Fedora Linux 41 Kernel: 5.15 Compiler: clang gcc (GCC) 14.3.1 20250523 (Red Hat 14.3.1-1) Fedora Linux 40 Kernel: 5.15 Compiler: gcc gcc (GCC) 14.2.1 20240912 (Red Hat 14.2.1-3) Red Hat Enterprise Linux 8.10 Kernel: 5.15 Compiler: gcc gcc (GCC) 8.5.0 20210514 (Red Hat 8.5.0-22) Ubuntu 24.04 Kernel: 5.15 Compiler: gcc gcc (Ubuntu 13.3.0-6ubuntu2~24.04) 13.3.0 Debian GNU/Linux 12 Kernel: 5.15 Compiler: gcc gcc (Debian 12.2.0-14+deb12u1) 12.2.0 Red Hat Enterprise Linux 9.5 Kernel: 5.15 Compiler: gcc gcc (GCC) 11.5.0 20240719 (Red Hat 11.5.0-2) Fedora Linux 42 Kernel: 5.15 Compiler: clang gcc (GCC) 15.2.1 20250808 (Red Hat 15.2.1-1) Ubuntu 22.04 Kernel: 5.15 Compiler: gcc gcc (Ubuntu 11.4.0-1ubuntu1~22.04) 11.4.0 CentOS Stream 10 Kernel: 5.15 Compiler: gcc gcc (GCC) 14.2.1 20250110 (Red Hat 14.2.1-8) Ubuntu 20.04 Kernel: 5.15 Compiler: gcc gcc (Ubuntu 9.4.0-1ubuntu1~20.04.2) 9.4.0 CentOS Stream 9 Kernel: 5.15 Compiler: gcc gcc (GCC) 11.5.0 20240719 (Red Hat 11.5.0-11) Windows Server 2022 Kernel: 10.0.20348.2031 Compiler: clang 15.0.7, gcc 14.1.0 (MinGW), and MSVC VS 19.39.33521 To view detailed results, visit: https://lab.dpdk.org/results/dashboard/tarballs/35416/ UNH-IOL DPDK Community Lab To manage your email subscriptions, visit: https://lab.dpdk.org/results/dashboard/preferences/subscriptions/