From mboxrd@z Thu Jan 1 00:00:00 1970 Return-Path: Received: from mails.dpdk.org (mails.dpdk.org [217.70.189.124]) by inbox.dpdk.org (Postfix) with ESMTP id F380648A5A for ; Sat, 1 Nov 2025 07:06:04 +0100 (CET) Received: from mails.dpdk.org (localhost [127.0.0.1]) by mails.dpdk.org (Postfix) with ESMTP id EEB3340150; Sat, 1 Nov 2025 07:06:04 +0100 (CET) Received: from mail-qk1-f225.google.com (mail-qk1-f225.google.com [209.85.222.225]) by mails.dpdk.org (Postfix) with ESMTP id BAECB40150 for ; Sat, 1 Nov 2025 07:06:03 +0100 (CET) Received: by mail-qk1-f225.google.com with SMTP id af79cd13be357-89f07fee490so363730285a.0 for ; Fri, 31 Oct 2025 23:06:03 -0700 (PDT) DKIM-Signature: v=1; a=rsa-sha256; c=relaxed/relaxed; d=iol.unh.edu; s=unh-iol; t=1761977163; x=1762581963; darn=dpdk.org; h=cc:to:from:subject:message-id:date:from:to:cc:subject:date :message-id:reply-to; bh=9F7SL5NEKp+2Y57GfvaR0/+Z9YUi7S6KMwxjeYbpGBA=; b=doJo3uBWDIfMIie/7duUIshbrh8DAe+7fhurJUVgq9vGKFcRQABbha9i32xpyur74T aTRsBQL+9fAdwTKa0oPGIHCb06yFnf2gxdzsyx2kum/pbtUnbcqJ6Ao14Napu2kZhnqL hweFiiB1K2U4g3eXnPvi4jtNpdznnNYzH2TL8= X-Google-DKIM-Signature: v=1; a=rsa-sha256; c=relaxed/relaxed; d=1e100.net; s=20230601; t=1761977163; x=1762581963; h=cc:to:from:subject:message-id:date:x-gm-message-state:from:to:cc :subject:date:message-id:reply-to; bh=9F7SL5NEKp+2Y57GfvaR0/+Z9YUi7S6KMwxjeYbpGBA=; b=XYadkREDEj8VaH2W3+hET/kmP2j2Mz90a25M/oRpZ8ThEROEC8jHdMrrdlU9l59eU+ ykzezx0RfItstz6rADOm9SJadxQsEhG9+WM0hEUW6kVf6ERO1anMBRlj2QoSu93DtTz+ MEloj3mh6Af6inATsPOFe9fY/dK/FU+Mha0M87wxAEX6t1GHna/xFN3/UDAddFOvgdOv gCKaR9HtuypD6uvya3aJkF0YQAOLfGJrEHmS2T0SPLbSJCE8g/3VwvELMSXgFJF/M1L0 Fa0OKpQBHnQ9ZdHkqL+Al/koFaja3bm1lyGJ55rf1XXSv55f/HIaqYgIKpYPurTLU4nt spsg== X-Gm-Message-State: AOJu0YyR0gnQNH+ROmk85OeLaXjqUDeULGKB6x22kTFwd4XN1WRnsAtp Fx0zFxi4hvhYGPYrPqrZupeqz8W67CwZ1J/l6QHVF3haiV0p4WeR0Ik3H3MOjO2M6PxIsYa3FE+ UTHB3kSoB4f5wZmyMJhEd7vzPe88DrZnz17rKPLLK96tY1daxQcdD X-Gm-Gg: ASbGnctaqoF1TMaC0glQRj7bN7gLZZy8JZIogZtloIOCEIlf5JG1yJzXvkoPxx/2y+Z +Tyya0x5hFP2BJjJUJ0xaIrUe6VIc3thdMv6h2Ts2t/1OOAIXsl2TzZ53wm2Fo64L6oczG62nfJ 9m0wIUJTNoi4ezWGq4QVVuQH8xKYIIpybg09d5n2UAqde2fZe4fc3Pj4CdrV08+1UV8JE+y+muv 75/aLnykUqTb3ImLtdvQSak72LLneSKLLSQn3yk+9/IDPfnD75uEqfDCh6X82jL/j96BFbP4zqi QAVXRURERPc0miVPYvEyCZRS0ehef1rzpEqgpT4cpxgSc6U0i2iRzswvADB2+bn/B2IaPMsFrpZ 3SPtfZIKU X-Google-Smtp-Source: AGHT+IFnP9UJTIncLNBnpfYN0KxrGYtCBqm8lktKSXFIkj9G5mCmaB/Epgeov2yk0qWlPCCrIPqEg7FdWFRP X-Received: by 2002:a05:620a:4043:b0:815:630d:2cbd with SMTP id af79cd13be357-8ab9949c49bmr693904085a.34.1761977163088; Fri, 31 Oct 2025 23:06:03 -0700 (PDT) Received: from postal.iol.unh.edu (postal.iol.unh.edu. [2606:4100:3880:1234::84]) by smtp-relay.gmail.com with ESMTPS id af79cd13be357-8ac01efb5fcsm32698085a.4.2025.10.31.23.06.03 (version=TLS1_2 cipher=ECDHE-ECDSA-AES128-GCM-SHA256 bits=128/128); Fri, 31 Oct 2025 23:06:03 -0700 (PDT) X-Relaying-Domain: iol.unh.edu Date: Fri, 31 Oct 2025 23:06:03 -0700 (PDT) Message-ID: <6905a34b.050a0220.2bfbdf.136aSMTPIN_ADDED_MISSING@mx.google.com> Received: from [172.21.0.3] (unknown [172.18.0.240]) by postal.iol.unh.edu (Postfix) with ESMTP id 8C6B76051830; Sat, 1 Nov 2025 02:06:02 -0400 (EDT) Subject: |FAILURE| [GIT MASTER] 62f583c49bf67dd4d6733ece14e55fe6839e66d1 From: dpdklab@iol.unh.edu To: Test Report Cc: dpdk-test-reports@iol.unh.edu, Xueming Li , Christian Ehrhardt , Kevin Traynor , Luca Boccassi Content-Type: text/plain X-BeenThere: test-report@dpdk.org X-Mailman-Version: 2.1.29 Precedence: list List-Id: automatic DPDK test reports List-Unsubscribe: , List-Archive: List-Post: List-Help: List-Subscribe: , Errors-To: test-report-bounces@dpdk.org _Testing issues_ Branch: tags/v23.11 62f583c49bf67dd4d6733ece14e55fe6839e66d1 --> testing issues Upstream job id: Generic-DPDK-Compile-Meson#439776 Test environment and result as below: +-------------------------------+--------------------+------------------+-------------------+-------------------+-------------------------+----------------------+ | Environment | dpdk_meson_compile | dpdk_compile_ovs | dpdk_compile_spdk | dpdk_msvc_compile | dpdk_llvm_clang_compile | dpdk_mingw64_compile | +===============================+====================+==================+===================+===================+=========================+======================+ | openSUSE Leap 15.6 | PASS | SKIPPED | SKIPPED | SKIPPED | SKIPPED | SKIPPED | +-------------------------------+--------------------+------------------+-------------------+-------------------+-------------------------+----------------------+ | Fedora Linux 42 | FAIL | WARN | WARN | SKIPPED | SKIPPED | SKIPPED | +-------------------------------+--------------------+------------------+-------------------+-------------------+-------------------------+----------------------+ | Debian GNU/Linux 12 | PASS | SKIPPED | PASS | SKIPPED | SKIPPED | SKIPPED | +-------------------------------+--------------------+------------------+-------------------+-------------------+-------------------------+----------------------+ | CentOS Stream 9 | PASS | SKIPPED | PASS | SKIPPED | SKIPPED | SKIPPED | +-------------------------------+--------------------+------------------+-------------------+-------------------+-------------------------+----------------------+ | CentOS Stream 10 | PASS | SKIPPED | SKIPPED | SKIPPED | SKIPPED | SKIPPED | +-------------------------------+--------------------+------------------+-------------------+-------------------+-------------------------+----------------------+ | Red Hat Enterprise Linux 9.5 | PASS | SKIPPED | SKIPPED | SKIPPED | SKIPPED | SKIPPED | +-------------------------------+--------------------+------------------+-------------------+-------------------+-------------------------+----------------------+ | Ubuntu 20.04 | PASS | SKIPPED | SKIPPED | SKIPPED | SKIPPED | SKIPPED | +-------------------------------+--------------------+------------------+-------------------+-------------------+-------------------------+----------------------+ | Ubuntu 22.04 | PASS | SKIPPED | PASS | SKIPPED | SKIPPED | SKIPPED | +-------------------------------+--------------------+------------------+-------------------+-------------------+-------------------------+----------------------+ | Ubuntu 24.04 | PASS | PASS | PASS | SKIPPED | SKIPPED | SKIPPED | +-------------------------------+--------------------+------------------+-------------------+-------------------+-------------------------+----------------------+ | Red Hat Enterprise Linux 8.10 | PASS | SKIPPED | SKIPPED | SKIPPED | SKIPPED | SKIPPED | +-------------------------------+--------------------+------------------+-------------------+-------------------+-------------------------+----------------------+ | Alpine Linux 3.22.0 | PASS | SKIPPED | SKIPPED | SKIPPED | SKIPPED | SKIPPED | +-------------------------------+--------------------+------------------+-------------------+-------------------+-------------------------+----------------------+ | FreeBSD 14.2 | PASS | SKIPPED | SKIPPED | SKIPPED | SKIPPED | SKIPPED | +-------------------------------+--------------------+------------------+-------------------+-------------------+-------------------------+----------------------+ | Windows Server 2022 | SKIPPED | SKIPPED | SKIPPED | PASS | FAIL | PASS | +-------------------------------+--------------------+------------------+-------------------+-------------------+-------------------------+----------------------+ ==== 20 line log output for Windows Server 2022 (dpdk_llvm_clang_compile): ==== Compiler for C supports arguments -mavx512f: YES (cached) Compiler for C supports arguments -mavx512bw: YES (cached) Compiler for C supports arguments -mavx512dq: YES (cached) Compiler for C supports arguments -march=skylake-avx512: YES Message: drivers/common/idpf: Defining dependency "common_idpf" Message: drivers/bus/auxiliary: Defining dependency "bus_auxiliary" Compiler for C supports arguments -Wno-cast-qual: YES (cached) Compiler for C supports arguments -Wno-pointer-arith: YES (cached) Message: drivers/bus/pci: Defining dependency "bus_pci" Message: drivers/bus/vdev: Defining dependency "bus_vdev" Compiler for C supports arguments -std=c11: YES Compiler for C supports arguments -Wno-strict-prototypes: YES Compiler for C supports arguments -D_BSD_SOURCE: YES Compiler for C supports arguments -D_DEFAULT_SOURCE: YES Compiler for C supports arguments -D_XOPEN_SOURCE=600: YES Has header "mlx5devx.h" : YES drivers\common\mlx5\windows\meson.build:10:13: ERROR: C shared or static library 'mlx5devx' not found A full log can be found at C:\Users\builder\jenkins\workspace\Windows-Compile-DPDK-Native\dpdk\build\meson-logs\meson-log.txt ==== End log output ==== openSUSE Leap 15.6 Kernel: 5.15 Compiler: gcc gcc (SUSE Linux) 7.5.0 Fedora Linux 42 Kernel: 5.15 Compiler: clang gcc (GCC) 15.2.1 20250808 (Red Hat 15.2.1-1) Debian GNU/Linux 12 Kernel: 5.15 Compiler: gcc gcc (Debian 12.2.0-14+deb12u1) 12.2.0 CentOS Stream 9 Kernel: 5.15 Compiler: gcc gcc (GCC) 11.5.0 20240719 (Red Hat 11.5.0-11) CentOS Stream 10 Kernel: 5.15 Compiler: gcc gcc (GCC) 14.2.1 20250110 (Red Hat 14.2.1-8) Red Hat Enterprise Linux 9.5 Kernel: 5.15 Compiler: gcc gcc (GCC) 11.5.0 20240719 (Red Hat 11.5.0-2) Ubuntu 20.04 Kernel: 5.15 Compiler: gcc gcc (Ubuntu 9.4.0-1ubuntu1~20.04.2) 9.4.0 Ubuntu 22.04 Kernel: 5.15 Compiler: gcc gcc (Ubuntu 11.4.0-1ubuntu1~22.04) 11.4.0 Ubuntu 24.04 Kernel: 5.15 Compiler: gcc gcc (Ubuntu 13.3.0-6ubuntu2~24.04) 13.3.0 Red Hat Enterprise Linux 8.10 Kernel: 5.15 Compiler: gcc gcc (GCC) 8.5.0 20210514 (Red Hat 8.5.0-22) Alpine Linux 3.22.0 Kernel: 5.15 Compiler: gcc gcc (Alpine 14.2.0) 14.2.0 FreeBSD 14.2 Kernel: 14.2-RELEASE Compiler: clang 18.1.6 Windows Server 2022 Kernel: 10.0.20348.2031 Compiler: clang 15.0.7, gcc 14.1.0 (MinGW), and MSVC VS 19.39.33521 To view detailed results, visit: https://lab.dpdk.org/results/dashboard/tarballs/35418/ UNH-IOL DPDK Community Lab To manage your email subscriptions, visit: https://lab.dpdk.org/results/dashboard/preferences/subscriptions/