From mboxrd@z Thu Jan 1 00:00:00 1970 Return-Path: Received: from mails.dpdk.org (mails.dpdk.org [217.70.189.124]) by inbox.dpdk.org (Postfix) with ESMTP id 03B4848A47 for ; Sat, 1 Nov 2025 07:27:43 +0100 (CET) Received: from mails.dpdk.org (localhost [127.0.0.1]) by mails.dpdk.org (Postfix) with ESMTP id D246540150; Sat, 1 Nov 2025 07:27:43 +0100 (CET) Received: from mail-pg1-f228.google.com (mail-pg1-f228.google.com [209.85.215.228]) by mails.dpdk.org (Postfix) with ESMTP id 50A7040150 for ; Sat, 1 Nov 2025 07:27:42 +0100 (CET) Received: by mail-pg1-f228.google.com with SMTP id 41be03b00d2f7-b550eff972eso2073655a12.3 for ; Fri, 31 Oct 2025 23:27:42 -0700 (PDT) DKIM-Signature: v=1; a=rsa-sha256; c=relaxed/relaxed; d=iol.unh.edu; s=unh-iol; t=1761978461; x=1762583261; darn=dpdk.org; h=cc:to:from:subject:message-id:date:from:to:cc:subject:date :message-id:reply-to; bh=0Ipgk4oW7AHr/uZTG/vPW0HsSyJ4kEd17uspyi0Nyyg=; b=YRzwXZHair3rq+nABmVj8GsANuGXjicIB6eIxP/353MqhnJ5PmTElb50x+HBdYuAzJ j8TrYr6QxQxVKqr2ycF763/C92JjPXIYK1kBNo5SsdHAuZyWdPxE4a+xFtyHD5YP4OVJ MEx6ScjISWg7TuTdWO7ONIbFobhfUUw0i4XU0= X-Google-DKIM-Signature: v=1; a=rsa-sha256; c=relaxed/relaxed; d=1e100.net; s=20230601; t=1761978461; x=1762583261; h=cc:to:from:subject:message-id:date:x-gm-message-state:from:to:cc :subject:date:message-id:reply-to; bh=0Ipgk4oW7AHr/uZTG/vPW0HsSyJ4kEd17uspyi0Nyyg=; b=s6NuDXkLSIa210+pbYPC6KrNZlzbAXzcouyPWDrRMJ7tfaufpKdJQiFJJWvcx6XGQT ts5QM6S6FLHnxlK3et0RJhgacNnPPoBqrEt+6IZh+bGVMo7r6puauR/Y7Z2zbSnKVQbq CxAWBDiumPVHLfq6pgdLcnptmm85takP6XTqoUImFnf5JvOTH3R9QQ7XhvlkI75o+cof k3BWR36wx+3zYtsWEZCL3KTEhQ7cE9GT1rUXvuOS8Y9lHEID21W/6Y+LZKyfp02lSCx+ yWvvMApDBkCSaU/qsdQkrUtpIb8EQZg1aW20tdmbXCdnrMPiuOH7Pum8MbzM6IW0R3qj 3V+w== X-Gm-Message-State: AOJu0YxSaFsdiZSH/VqG8xxUmMHj3X0Jg8ZELPdwk+XBNUpPnhCgfEr5 kOu9QboltJA51FMNtvmZnVcJN7HVhZhSE3uCdlb2BNoCQciPIOV5QjVBTS4KsrInDHb/j3v1k4M PhFXcPF+5PE6quQvlgLZyXC1AGzxe/90pSzcwuCZGC3w37q6v55uS X-Gm-Gg: ASbGncuZG2/k22pZuG5O1dkiV/lFGr7j5EKW/EFnhmCt1fB+Z1nFP82/piy8S5Ww+xH ntKDc3qSmYy7ieccnvgAdATg6I4Z/+abrrStevjmj3bzC6GlMq/5LYO/LYq0uguYCWlrrPjZnRM KifmaOOxHndWo+JSGTjFwv824SfvkHpVBI7Dup6bY6WOkZAJdQ0s5nPHyen3/k/kxHOzVOX1+Qh jATV2w5BNxNzQB1yAj6AdTUF8tbP/m5BdVpHgOV+RxGieb5WvTx0g270ZkF0FbuY/ISnPSIXQKn gCSz4AS5Q3yshqer8I2SOUyF+TzoTLKNjTQ2GxEZObUve1wZCWp8yJ59xY/8FFRZh51pJ+83q/m d8YYwXGNu X-Google-Smtp-Source: AGHT+IERUB60DK2X27Eocnl+ghhv+VxCEoiuAxr8PrULE4pU3/0jgC+hvF4EJgntKfVQsBCnVtQUDv7WzhnN X-Received: by 2002:a17:902:e550:b0:295:6427:87e4 with SMTP id d9443c01a7336-2956427c1eamr2914525ad.40.1761978461406; Fri, 31 Oct 2025 23:27:41 -0700 (PDT) Received: from postal.iol.unh.edu (postal.iol.unh.edu. [2606:4100:3880:1234::84]) by smtp-relay.gmail.com with ESMTPS id d9443c01a7336-295269a0455sm3406755ad.58.2025.10.31.23.27.41 (version=TLS1_2 cipher=ECDHE-ECDSA-AES128-GCM-SHA256 bits=128/128); Fri, 31 Oct 2025 23:27:41 -0700 (PDT) X-Relaying-Domain: iol.unh.edu Date: Fri, 31 Oct 2025 23:27:41 -0700 (PDT) Message-ID: <6905a85d.170a0220.1bcfe6.2513SMTPIN_ADDED_MISSING@mx.google.com> Received: from [172.21.0.2] (unknown [172.18.0.240]) by postal.iol.unh.edu (Postfix) with ESMTP id 90EC660003F4; Sat, 1 Nov 2025 02:27:40 -0400 (EDT) Subject: |FAILURE| [GIT MASTER] 62f583c49bf67dd4d6733ece14e55fe6839e66d1 From: dpdklab@iol.unh.edu To: Test Report Cc: dpdk-test-reports@iol.unh.edu, Xueming Li , Christian Ehrhardt , Kevin Traynor , Luca Boccassi Content-Type: text/plain X-BeenThere: test-report@dpdk.org X-Mailman-Version: 2.1.29 Precedence: list List-Id: automatic DPDK test reports List-Unsubscribe: , List-Archive: List-Post: List-Help: List-Subscribe: , Errors-To: test-report-bounces@dpdk.org _Testing issues_ Branch: tags/v23.11 62f583c49bf67dd4d6733ece14e55fe6839e66d1 --> testing issues Upstream job id: Generic-Unit-Test-DPDK#387487 Test environment and result as below: +-------------------------------+----------------+ | Environment | dpdk_unit_test | +===============================+================+ | Fedora Linux 40 | PASS | +-------------------------------+----------------+ | CentOS Stream 10 | PASS | +-------------------------------+----------------+ | Fedora Linux 41 | PASS | +-------------------------------+----------------+ | Red Hat Enterprise Linux 8.10 | PASS | +-------------------------------+----------------+ | Fedora Linux 42 | PASS | +-------------------------------+----------------+ | Debian GNU/Linux 12 | PASS | +-------------------------------+----------------+ | Ubuntu 24.04 | PASS | +-------------------------------+----------------+ | Red Hat Enterprise Linux 9.5 | PASS | +-------------------------------+----------------+ | CentOS Stream 9 | PASS | +-------------------------------+----------------+ | Ubuntu 22.04 | PASS | +-------------------------------+----------------+ | Ubuntu 20.04 | PASS | +-------------------------------+----------------+ | Windows Server 2022 | FAIL | +-------------------------------+----------------+ ==== Unit test summary for Windows Server 2022 (dpdk_unit_test): ==== Failed to get the unit test results. Displaying the unit test results is not supported for some environments, such as our aarch32 testing, where meson is not used to run the tests. Download the logs available on our CI site. ==== End log output ==== Fedora Linux 40 Kernel: 5.15 Compiler: gcc gcc (GCC) 14.2.1 20240912 (Red Hat 14.2.1-3) CentOS Stream 10 Kernel: 5.15 Compiler: gcc gcc (GCC) 14.2.1 20250110 (Red Hat 14.2.1-8) Fedora Linux 41 Kernel: 5.15 Compiler: clang gcc (GCC) 14.3.1 20250523 (Red Hat 14.3.1-1) Red Hat Enterprise Linux 8.10 Kernel: 5.15 Compiler: gcc gcc (GCC) 8.5.0 20210514 (Red Hat 8.5.0-22) Fedora Linux 42 Kernel: 5.15 Compiler: gcc gcc (GCC) 15.2.1 20250808 (Red Hat 15.2.1-1) Debian GNU/Linux 12 Kernel: 5.15 Compiler: gcc gcc (Debian 12.2.0-14+deb12u1) 12.2.0 Ubuntu 24.04 Kernel: 5.15 Compiler: gcc gcc (Ubuntu 13.3.0-6ubuntu2~24.04) 13.3.0 Red Hat Enterprise Linux 9.5 Kernel: 5.15 Compiler: gcc gcc (GCC) 11.5.0 20240719 (Red Hat 11.5.0-2) CentOS Stream 9 Kernel: 5.15 Compiler: gcc gcc (GCC) 11.5.0 20240719 (Red Hat 11.5.0-11) Ubuntu 22.04 Kernel: 5.15 Compiler: gcc gcc (Ubuntu 11.4.0-1ubuntu1~22.04) 11.4.0 Ubuntu 20.04 Kernel: 5.15 Compiler: gcc gcc (Ubuntu 9.4.0-1ubuntu1~20.04.2) 9.4.0 Windows Server 2022 Kernel: 10.0.20348.2031 Compiler: clang 15.0.7, gcc 14.1.0 (MinGW), and MSVC VS 19.39.33521 To view detailed results, visit: https://lab.dpdk.org/results/dashboard/tarballs/35418/ UNH-IOL DPDK Community Lab To manage your email subscriptions, visit: https://lab.dpdk.org/results/dashboard/preferences/subscriptions/