From mboxrd@z Thu Jan 1 00:00:00 1970 Return-Path: Received: from mails.dpdk.org (mails.dpdk.org [217.70.189.124]) by inbox.dpdk.org (Postfix) with ESMTP id 5E2FA48A50 for ; Sun, 2 Nov 2025 02:42:26 +0100 (CET) Received: from mails.dpdk.org (localhost [127.0.0.1]) by mails.dpdk.org (Postfix) with ESMTP id 53EC840261; Sun, 2 Nov 2025 02:42:26 +0100 (CET) Received: from mail-qv1-f98.google.com (mail-qv1-f98.google.com [209.85.219.98]) by mails.dpdk.org (Postfix) with ESMTP id 30F6740261 for ; Sun, 2 Nov 2025 02:42:25 +0100 (CET) Received: by mail-qv1-f98.google.com with SMTP id 6a1803df08f44-879b99b7ca8so36601076d6.0 for ; Sat, 01 Nov 2025 18:42:25 -0700 (PDT) DKIM-Signature: v=1; a=rsa-sha256; c=relaxed/relaxed; d=iol.unh.edu; s=unh-iol; t=1762047744; x=1762652544; darn=dpdk.org; h=cc:to:from:subject:message-id:date:from:to:cc:subject:date :message-id:reply-to; bh=m2BCjNmyaxLqE4brErg5akp36V+sHOKLrIIgykgIW3U=; b=WTmtuIyUgWhh5F3oTt6X/GksVd7xvtrNDNYhHqYQikPdAMMdNVmp+U8PiUfjy/U3b1 yshKshYeVCyxDyux4OcQAuOT4XQHmB9giS+hPJXzPQeHIDw+rT7dBIBSaa2joTnMIHfN w0QwO3I/JOaCx5Sa7Ulmq+fBmwczUGrQGLzXg= X-Google-DKIM-Signature: v=1; a=rsa-sha256; c=relaxed/relaxed; d=1e100.net; s=20230601; t=1762047744; x=1762652544; h=cc:to:from:subject:message-id:date:x-gm-message-state:from:to:cc :subject:date:message-id:reply-to; bh=m2BCjNmyaxLqE4brErg5akp36V+sHOKLrIIgykgIW3U=; b=BNVGzfN7u0Ue4sygkIBLCbjaFfFyHK/AUE76nscBBKMZgjkaPqEcB9U7wXHw9XVUiL p2qtc7Emq8pS/PbJuc84z2XODyBnZXYldcT2cHKMriLwNr3Y017pXD5iaSuR291aGS8x mFUBUEJ0ofwEwYD1nvuTVmShN9/lziE0/04munGGRmRodTxLmmnQ6ES97QCUxbI0jkUd K40gWvXTvErWwfBGIgyfkv3hdv1X1w5ODYTpBlFXiwpMuEfXUhN9JtJXSM4IUoonQ4D8 gCJMFSw10vHOqdrTnaXK+5Je4vzosGT7V/ithdXRbfgePUUP0hzAddFpxixjalWuwiwr +lSg== X-Gm-Message-State: AOJu0YzCmFjIqz3RVOJb7Bz4qUuhW85R4aCqDbgJao/2na2AsQGD+H/j hmwt7AvfyJDT6mUUNqkJELEfBRYlG/nH0VIEO8kK5We2Z/SuuGabJZ9UkOtXXfX5eHcLtU5t5Ux pKpu1oRL7cYh/yuypJbUNpaD2kC4kWXEsZjKJoGfZdJrc X-Gm-Gg: ASbGncuOKQEcQPaWh6PbJZjeB7qvnAydO3w/meuu08N9zryv0DgnAxmkbKzVx/nT6e8 WN+ScxkLqPhM65kM6p13L93cHIvxPMvSJvVI+iJLQ+xsxmzzM8o73CzC04/IDWBxPpMqhH1QfB4 cVvQbrxI9VpmODNYOWxmqiVOLRvLNPL7CvbHe0RjU3hP9k7f6qyjlhWe4jmy//rBJuWpoteSMhk nrazmGmBNrKNKj3Zw9K26lbP14TuOAex/UogOZHuZzjGBBdpT726Y4RJgjMOT1CKr//Z8tlxS2J ZaUXyKf/P3YW/EfWBV5/FhbVWV13pHsV9pj9VDLWGulX3RG7w5N1RgG0ReKYIy58z+1cADuvC3a ka8TE9zeuS9FNmGqPEo+lVoi2drNnRss= X-Google-Smtp-Source: AGHT+IGqU2IYWw79FTDL7Qc5QZ0CJ83/niiJ6V5cExvUshcn7764mvhvqr3Utl5lQs2bTWJMjvpngueCKWog X-Received: by 2002:a05:6214:19e7:b0:880:2248:3a09 with SMTP id 6a1803df08f44-8802f2f6ae0mr105593576d6.22.1762047744421; Sat, 01 Nov 2025 18:42:24 -0700 (PDT) Received: from postal.iol.unh.edu (postal.iol.unh.edu. [132.177.123.84]) by smtp-relay.gmail.com with ESMTPS id 6a1803df08f44-8804fc2499csm1266196d6.12.2025.11.01.18.42.24 (version=TLS1_2 cipher=ECDHE-ECDSA-AES128-GCM-SHA256 bits=128/128); Sat, 01 Nov 2025 18:42:24 -0700 (PDT) X-Relaying-Domain: iol.unh.edu Date: Sat, 01 Nov 2025 18:42:24 -0700 (PDT) Message-ID: <6906b700.050a0220.7d896.7a7fSMTPIN_ADDED_MISSING@mx.google.com> Received: from [172.21.0.2] (unknown [172.18.0.240]) by postal.iol.unh.edu (Postfix) with ESMTP id 18BA76051830; Sat, 1 Nov 2025 21:42:24 -0400 (EDT) Subject: |FAILURE| [GIT MASTER] 8c4861d00aabcf54ef9d6f1df2a4cfb37c06f6c2 From: dpdklab@iol.unh.edu To: Test Report Cc: dpdk-test-reports@iol.unh.edu Content-Type: text/plain X-BeenThere: test-report@dpdk.org X-Mailman-Version: 2.1.29 Precedence: list List-Id: automatic DPDK test reports List-Unsubscribe: , List-Archive: List-Post: List-Help: List-Subscribe: , Errors-To: test-report-bounces@dpdk.org _Testing issues_ Branch: dpdk 8c4861d00aabcf54ef9d6f1df2a4cfb37c06f6c2 --> testing issues Upstream job id: Generic-Unit-Test-DPDK#387648 Test environment and result as below: +------------------------------+----------------+------------------------------+---------------------------+--------------+ | Environment | dpdk_unit_test | cryptodev_sw_snow3g_autotest | cryptodev_sw_zuc_autotest | lpm_autotest | +==============================+================+==============================+===========================+==============+ | Ubuntu 22.04 | PASS | SKIPPED | SKIPPED | SKIPPED | +------------------------------+----------------+------------------------------+---------------------------+--------------+ | Ubuntu 24.04 | PASS | SKIPPED | SKIPPED | SKIPPED | +------------------------------+----------------+------------------------------+---------------------------+--------------+ | Ubuntu 20.04 | PASS | SKIPPED | SKIPPED | PASS | +------------------------------+----------------+------------------------------+---------------------------+--------------+ | Fedora Linux 40 | PASS | SKIPPED | SKIPPED | SKIPPED | +------------------------------+----------------+------------------------------+---------------------------+--------------+ | Fedora Linux 42 | PASS | SKIPPED | SKIPPED | SKIPPED | +------------------------------+----------------+------------------------------+---------------------------+--------------+ | Fedora Linux 41 | FAIL | SKIPPED | SKIPPED | SKIPPED | +------------------------------+----------------+------------------------------+---------------------------+--------------+ | CentOS Stream 9 | PASS | SKIPPED | SKIPPED | SKIPPED | +------------------------------+----------------+------------------------------+---------------------------+--------------+ | CentOS Stream 10 | PASS | SKIPPED | SKIPPED | SKIPPED | +------------------------------+----------------+------------------------------+---------------------------+--------------+ | Red Hat Enterprise Linux 9.5 | PASS | SKIPPED | SKIPPED | SKIPPED | +------------------------------+----------------+------------------------------+---------------------------+--------------+ | Debian GNU/Linux 12 | PASS | SKIPPED | SKIPPED | SKIPPED | +------------------------------+----------------+------------------------------+---------------------------+--------------+ | Debian 12 (arm) | SKIPPED | PASS | PASS | SKIPPED | +------------------------------+----------------+------------------------------+---------------------------+--------------+ ==== Unit test summary for Fedora Linux 41 (dpdk_unit_test): ==== ninja: Entering directory `/home-local/jenkins-local/jenkins-agent/workspace/Generic-Unit-Test-DPDK@24/dpdk/build' ninja: no work to do. 1/120 DPDK:fast-tests / acl_autotest OK 9.09s 2/120 DPDK:fast-tests / alarm_autotest OK 1.33s 3/120 DPDK:fast-tests / argparse_autotest OK 0.33s 4/120 DPDK:fast-tests / atomic_autotest OK 10.07s 5/120 DPDK:fast-tests / bitcount_autotest OK 0.36s 6/120 DPDK:fast-tests / bitmap_autotest OK 0.33s 7/120 DPDK:fast-tests / bitops_autotest OK 1.82s 8/120 DPDK:fast-tests / bitratestats_autotest OK 0.33s 9/120 DPDK:fast-tests / bitset_autotest OK 6.59s 10/120 DPDK:fast-tests / bpf_autotest OK 0.34s 11/120 DPDK:fast-tests / bpf_convert_autotest OK 0.34s 12/120 DPDK:fast-tests / byteorder_autotest OK 0.32s 13/120 DPDK:fast-tests / cfgfile_autotest OK 0.32s 14/120 DPDK:fast-tests / cksum_autotest OK 0.32s 15/120 DPDK:fast-tests / cmdline_autotest OK 0.32s 16/120 DPDK:fast-tests / common_autotest OK 2.15s 17/120 DPDK:fast-tests / compressdev_autotest SKIP 0.19s exit status 77 18/120 DPDK:fast-tests / cpuflags_autotest OK 0.36s 19/120 DPDK:fast-tests / crc_autotest OK 0.32s 20/120 DPDK:fast-tests / user_delay_us OK 0.32s 21/120 DPDK:fast-tests / debug_autotest OK 3.07s 22/120 DPDK:fast-tests / devargs_autotest OK 0.32s 23/120 DPDK:fast-tests / dispatcher_autotest OK 4.47s 24/120 DPDK:fast-tests / distributor_autotest OK 1.13s 25/120 DPDK:fast-tests / eal_flags_c_opt_autotest OK 3.37s 26/120 DPDK:fast-tests / eal_flags_main_opt_autotest OK 0.88s 27/120 DPDK:fast-tests / eal_flags_n_opt_autotest OK 0.79s 28/120 DPDK:fast-tests / eal_flags_hpet_autotest OK 0.49s 29/120 DPDK:fast-tests / eal_flags_no_huge_autotest OK 0.84s 30/120 DPDK:fast-tests / eal_flags_a_opt_autotest OK 1.35s 31/120 DPDK:fast-tests / eal_flags_b_opt_autotest OK 1.09s 32/120 DPDK:fast-tests / eal_flags_vdev_opt_autotest OK 0.78s 33/120 DPDK:fast-tests / eal_flags_r_opt_autotest OK 0.75s 34/120 DPDK:fast-tests / eal_flags_mem_autotest OK 1.18s 35/120 DPDK:fast-tests / eal_flags_file_prefix_autotest OK 3.25s 36/120 DPDK:fast-tests / eal_flags_misc_autotest FAIL 2.19s (exit status 255 or signal 127 SIGinvalid) >>> DPDK_TEST=eal_flags_misc_autotest MALLOC_PERTURB_=8 /home-local/jenkins-local/jenkins-agent/workspace/Generic-Unit-Test-DPDK@24/dpdk/build/app/dpdk-test 37/120 DPDK:fast-tests / eal_fs_autotest OK 0.36s 38/120 DPDK:fast-tests / errno_autotest OK 0.34s 39/120 DPDK:fast-tests / ethdev_link_status OK 0.33s 40/120 DPDK:fast-tests / event_eth_tx_adapter_autotest OK 2.40s 41/120 DPDK:fast-tests / event_ring_autotest OK 0.36s 42/120 DPDK:fast-tests / eventdev_common_autotest OK 0.32s 43/120 DPDK:fast-tests / eventdev_selftest_sw OK 11.99s 44/120 DPDK:fast-tests / fbarray_autotest OK 0.32s 45/120 DPDK:fast-tests / fib_autotest OK 1.80s 46/120 DPDK:fast-tests / fib6_autotest OK 1.77s 47/120 DPDK:fast-tests / func_reentrancy_autotest OK 1.52s 48/120 DPDK:fast-tests / graph_autotest OK 0.37s 49/120 DPDK:fast-tests / node_list_dump OK 0.33s 50/120 DPDK:fast-tests / graph_feature_arc_autotest OK 0.32s 51/120 DPDK:fast-tests / hash_autotest OK 1.06s 52/120 DPDK:fast-tests / hash_readwrite_func_autotest OK 0.20s 53/120 DPDK:fast-tests / interrupt_autotest OK 1.38s 54/120 DPDK:fast-tests / ipfrag_autotest OK 0.21s 55/120 DPDK:fast-tests / ipsec_autotest SKIP 0.36s exit status 77 56/120 DPDK:fast-tests / kvargs_autotest OK 0.32s 57/120 DPDK:fast-tests / latencystats_autotest OK 0.34s 58/120 DPDK:fast-tests / lcore_var_autotest OK 1.50s 59/120 DPDK:fast-tests / lcores_autotest OK 6.17s 60/120 DPDK:fast-tests / logs_autotest OK 0.32s 61/120 DPDK:fast-tests / lpm_autotest OK 3.37s 62/120 DPDK:fast-tests / lpm6_autotest OK 9.92s 63/120 DPDK:fast-tests / malloc_autotest OK 0.85s 64/120 DPDK:fast-tests / mbuf_autotest OK 4.86s 65/120 DPDK:fast-tests / mcslock_autotest OK 1.39s 66/120 DPDK:fast-tests / member_autotest OK 3.45s 67/120 DPDK:fast-tests / memcpy_autotest OK 12.80s 68/120 DPDK:fast-tests / memory_autotest OK 0.19s 69/120 DPDK:fast-tests / mempool_autotest OK 0.60s 70/120 DPDK:fast-tests / memzone_autotest OK 0.21s 71/120 DPDK:fast-tests / meter_autotest OK 0.35s 72/120 DPDK:fast-tests / metrics_autotest OK 0.32s 73/120 DPDK:fast-tests / multiprocess_autotest OK 0.73s 74/120 DPDK:fast-tests / net_ether_autotest OK 1.82s 75/120 DPDK:fast-tests / net_ipv6_autotest OK 0.33s 76/120 DPDK:fast-tests / pcapng_autotest OK 6.67s 77/120 DPDK:fast-tests / pdcp_autotest SKIP 0.18s exit status 77 78/120 DPDK:fast-tests / pdump_autotest OK 0.90s 79/120 DPDK:fast-tests / per_lcore_autotest OK 0.42s 80/120 DPDK:fast-tests / pflock_autotest OK 0.69s 81/120 DPDK:fast-tests / pie_autotest OK 0.34s 82/120 DPDK:fast-tests / ring_pmd_autotest OK 0.33s 83/120 DPDK:fast-tests / power_autotest OK 0.31s 84/120 DPDK:fast-tests / power_cpufreq_autotest SKIP 0.18s exit status 77 85/120 DPDK:fast-tests / power_intel_uncore_autotest SKIP 0.36s exit status 77 86/120 DPDK:fast-tests / power_kvm_vm_autotest SKIP 0.22s exit status 77 87/120 DPDK:fast-tests / prefetch_autotest OK 0.37s 88/120 DPDK:fast-tests / ptr_compress_autotest OK 0.32s 89/120 DPDK:fast-tests / rawdev_autotest OK 0.32s 90/120 DPDK:fast-tests / rcu_qsbr_autotest OK 1.25s 91/120 DPDK:fast-tests / reorder_autotest OK 0.87s 92/120 DPDK:fast-tests / rib_autotest OK 7.70s 93/120 DPDK:fast-tests / rib6_autotest OK 7.86s 94/120 DPDK:fast-tests / ring_autotest OK 0.37s 95/120 DPDK:fast-tests / rwlock_test1_autotest OK 0.65s 96/120 DPDK:fast-tests / rwlock_rda_autotest OK 5.32s 97/120 DPDK:fast-tests / rwlock_rds_wrm_autotest OK 5.32s 98/120 DPDK:fast-tests / rwlock_rde_wro_autotest OK 5.40s 99/120 DPDK:fast-tests / sched_autotest OK 0.35s 100/120 DPDK:fast-tests / security_autotest OK 0.19s 101/120 DPDK:fast-tests / seqlock_autotest OK 2.36s 102/120 DPDK:fast-tests / service_autotest OK 3.02s 103/120 DPDK:fast-tests / soring_autotest OK 0.33s 104/120 DPDK:fast-tests / spinlock_autotest OK 0.36s 105/120 DPDK:fast-tests / stack_autotest OK 0.70s 106/120 DPDK:fast-tests / stack_lf_autotest OK 0.68s 107/120 DPDK:fast-tests / string_autotest OK 0.36s 108/120 DPDK:fast-tests / table_autotest OK 14.18s 109/120 DPDK:fast-tests / tailq_autotest OK 0.33s 110/120 DPDK:fast-tests / telemetry_data_autotest OK 0.32s 111/120 DPDK:fast-tests / telemetry_json_autotest OK 0.32s 112/120 DPDK:fast-tests / thash_autotest OK 0.35s 113/120 DPDK:fast-tests / threads_autotest OK 0.47s 114/120 DPDK:fast-tests / ticketlock_autotest OK 0.38s 115/120 DPDK:fast-tests / timer_autotest OK 3.42s 116/120 DPDK:fast-tests / trace_autotest OK 0.37s 117/120 DPDK:fast-tests / trace_autotest_with_traces OK 0.35s 118/120 DPDK:fast-tests / vdev_autotest OK 0.33s 119/120 DPDK:fast-tests / version_autotest OK 0.32s 120/120 DPDK:fast-tests / telemetry_all SKIP 0.02s exit status 77 Ok: 112 Expected Fail: 0 Fail: 1 Unexpected Pass: 0 Skipped: 7 Timeout: 0 Full log written to /home-local/jenkins-local/jenkins-agent/workspace/Generic-Unit-Test-DPDK@24/dpdk/build/meson-logs/testlog.txt Test log output from the failed test eal_flags_misc_autotest: Sorry, we were not able to find the logs for this test. Download the log output from the CI site for this test run. ==== End log output ==== Ubuntu 22.04 Kernel: 5.4 Compiler: gcc gcc (Ubuntu 11.4.0-1ubuntu1~22.04) 11.4.0 Ubuntu 24.04 Kernel: 5.4 Compiler: gcc gcc (Ubuntu 13.3.0-6ubuntu2~24.04) 13.3.0 Ubuntu 20.04 Kernel: 5.4 Compiler: gcc gcc (Ubuntu 9.4.0-1ubuntu1~20.04.2) 9.4.0 Fedora Linux 40 Kernel: 5.4 Compiler: clang gcc (GCC) 14.2.1 20240912 (Red Hat 14.2.1-3) Fedora Linux 42 Kernel: 5.4 Compiler: gcc gcc (GCC) 15.2.1 20250808 (Red Hat 15.2.1-1) Fedora Linux 41 Kernel: 5.4 Compiler: gcc gcc (GCC) 14.3.1 20250523 (Red Hat 14.3.1-1) CentOS Stream 9 Kernel: 5.4 Compiler: gcc gcc (GCC) 11.5.0 20240719 (Red Hat 11.5.0-11) CentOS Stream 10 Kernel: 5.4 Compiler: gcc gcc (GCC) 14.2.1 20250110 (Red Hat 14.2.1-8) Red Hat Enterprise Linux 9.5 Kernel: 5.4 Compiler: gcc gcc (GCC) 11.5.0 20240719 (Red Hat 11.5.0-2) Debian GNU/Linux 12 Kernel: 5.4 Compiler: gcc gcc (Debian 12.2.0-14+deb12u1) 12.2.0 Debian 12 (arm) Kernel: Depends on container host Compiler: gcc (Debian 12.2.0-14) 12.2.0 To view detailed results, visit: https://lab.dpdk.org/results/dashboard/tarballs/35422/ UNH-IOL DPDK Community Lab To manage your email subscriptions, visit: https://lab.dpdk.org/results/dashboard/preferences/subscriptions/