From mboxrd@z Thu Jan 1 00:00:00 1970 Return-Path: Received: from mails.dpdk.org (mails.dpdk.org [217.70.189.124]) by inbox.dpdk.org (Postfix) with ESMTP id 260E748A1C for ; Sun, 2 Nov 2025 05:29:07 +0100 (CET) Received: from mails.dpdk.org (localhost [127.0.0.1]) by mails.dpdk.org (Postfix) with ESMTP id 203464021F; Sun, 2 Nov 2025 05:29:07 +0100 (CET) Received: from mail-il1-f227.google.com (mail-il1-f227.google.com [209.85.166.227]) by mails.dpdk.org (Postfix) with ESMTP id 41F254021F for ; Sun, 2 Nov 2025 05:29:06 +0100 (CET) Received: by mail-il1-f227.google.com with SMTP id e9e14a558f8ab-433261f2045so5959235ab.3 for ; Sat, 01 Nov 2025 21:29:06 -0700 (PDT) DKIM-Signature: v=1; a=rsa-sha256; c=relaxed/relaxed; d=iol.unh.edu; s=unh-iol; t=1762057745; x=1762662545; darn=dpdk.org; h=cc:to:from:subject:message-id:date:from:to:cc:subject:date :message-id:reply-to; bh=OrxqCfc1Yl3sa81hLgEAsOfhEKTP6Wvo3SzCxrEYRGs=; b=FTFMcW41nMSbn/EvIiOu1Xy59yfCOgHfq4x8pxi2NDpbsftE12Y7kTHQErNWvFuwCj bIyftLYIoKurWHcmBUxnAG6LjLDcONV1DUK78rmmmTj1Zt4k8tKG0Hgd1hRuRDtCM9zi LjTGYpiJOa5RogLKMaRqG8pGaV1h0/pvkGy5s= X-Google-DKIM-Signature: v=1; a=rsa-sha256; c=relaxed/relaxed; d=1e100.net; s=20230601; t=1762057745; x=1762662545; h=cc:to:from:subject:message-id:date:x-gm-message-state:from:to:cc :subject:date:message-id:reply-to; bh=OrxqCfc1Yl3sa81hLgEAsOfhEKTP6Wvo3SzCxrEYRGs=; b=vsrPW2RHYHAI1V3ieQAQrnKaE40c69IiH3+x/clx/goi2PqCaD3Vnp+f/P7DnqsxJu awe3nzTbHjHIM4if1PvN0OjXGHzuhHa3K/iVxjvTK+XJ9eUyMCm2hR8CbOuVSfrgsqPI UeOlcWgmkpFpvzij1NDfFDnOBBw0FQn1n7/rz69TuysjgaJdY6AfAif1Rrf96hXWErRr DUYTNaLQiwIDa1ifmbmg9bqR1VSassdpGSeDOV/ErwOffxneQybE30prbC8bD/WWcnDo a063bPXTVknvUJXa3/JPah3x+clYadBzuBwbbbtLOYeNZJvA4Gi9l08yKyYOEndy+8gh XjfQ== X-Gm-Message-State: AOJu0Yzck/UQibhXtiPU/7jiCyFeD9/mKbUO5UoIeE8qMe5jxQ6DUov3 JOPbKBxc8tgYKvzodqx7AIaQkGu0JykAzJuLyFTWZu036dnjoXPsq+6JRInig0aLxFNUF0mwHL7 kjrTOzwx/NeeWtxMOrxrtgk6bNAkrbMLH4jsA X-Gm-Gg: ASbGncvdJVcf5XF97Av+Vsdnn3xxzjYilihPBBgRRDQdEd72OUvSH0oStNzoJl9fw7t j4+6JSEpnsiK/dTXAr1vi6nr+91uhOvi9N3lI6fJco85lonomVPnQ6/NG/gA//HyfJF/2yN4hND TyQqaN4O+R6blO856jnPTGZRSrd796auqCRa4MEh/dJvr4B6ZgKvQoyGsJgo64KXJd+XyiSTjAs Dd28ig4iXqo7DPXWipEqwz0Ttbe0Wi2uh8JZVJW2LIrVg6hPZS9rMNoXu3oRxlremVftpYLlLfp GoEz27rzog5GGJUWSCMWJAvTNH42R5cS2jZ1x9k+ebHb6Yw+jRWilpkzRM2obdrJQRbMGOugxzd XiOaTe9bFtRikMKtICKprpAtLrJTUnD8= X-Google-Smtp-Source: AGHT+IFMMON9DBI9Zd1nowoH79xQtp27CrZHWb+PCt2q/CcKO2pWem2zg94brGY4uxAGolHMN/suuDSmczPY X-Received: by 2002:a05:6e02:1a28:b0:432:fbe2:35f2 with SMTP id e9e14a558f8ab-4330d125b9dmr132290205ab.4.1762057745572; Sat, 01 Nov 2025 21:29:05 -0700 (PDT) Received: from postal.iol.unh.edu (postal.iol.unh.edu. [132.177.123.84]) by smtp-relay.gmail.com with ESMTPS id 8926c6da1cb9f-5b6a2df3742sm541914173.3.2025.11.01.21.29.05 (version=TLS1_2 cipher=ECDHE-ECDSA-AES128-GCM-SHA256 bits=128/128); Sat, 01 Nov 2025 21:29:05 -0700 (PDT) X-Relaying-Domain: iol.unh.edu Date: Sat, 01 Nov 2025 21:29:05 -0700 (PDT) Message-ID: <6906de11.050a0220.13172d.beb6SMTPIN_ADDED_MISSING@mx.google.com> Received: from [172.21.0.2] (unknown [172.18.0.240]) by postal.iol.unh.edu (Postfix) with ESMTP id 3115B6051830; Sun, 2 Nov 2025 00:29:05 -0400 (EDT) Subject: |FAILURE| [GIT MASTER] 62f583c49bf67dd4d6733ece14e55fe6839e66d1 From: dpdklab@iol.unh.edu To: Test Report Cc: dpdk-test-reports@iol.unh.edu, Xueming Li , Christian Ehrhardt , Kevin Traynor , Luca Boccassi Content-Type: text/plain X-BeenThere: test-report@dpdk.org X-Mailman-Version: 2.1.29 Precedence: list List-Id: automatic DPDK test reports List-Unsubscribe: , List-Archive: List-Post: List-Help: List-Subscribe: , Errors-To: test-report-bounces@dpdk.org _Testing issues_ Branch: tags/v23.11 62f583c49bf67dd4d6733ece14e55fe6839e66d1 --> testing issues Upstream job id: Windows-Compile-DPDK-Native#32059 Test environment and result as below: +-------------------------------+--------------------+------------------+-------------------+-------------------+-------------------------+ | Environment | dpdk_meson_compile | dpdk_compile_ovs | dpdk_compile_spdk | dpdk_msvc_compile | dpdk_llvm_clang_compile | +===============================+====================+==================+===================+===================+=========================+ | Fedora Linux 42 | PEND | PEND | PEND | SKIPPED | SKIPPED | +-------------------------------+--------------------+------------------+-------------------+-------------------+-------------------------+ | CentOS Stream 10 | PEND | SKIPPED | SKIPPED | SKIPPED | SKIPPED | +-------------------------------+--------------------+------------------+-------------------+-------------------+-------------------------+ | Debian GNU/Linux 12 | PEND | SKIPPED | PEND | SKIPPED | SKIPPED | +-------------------------------+--------------------+------------------+-------------------+-------------------+-------------------------+ | openSUSE Leap 15.6 | PEND | SKIPPED | SKIPPED | SKIPPED | SKIPPED | +-------------------------------+--------------------+------------------+-------------------+-------------------+-------------------------+ | CentOS Stream 9 | PEND | SKIPPED | PEND | SKIPPED | SKIPPED | +-------------------------------+--------------------+------------------+-------------------+-------------------+-------------------------+ | Red Hat Enterprise Linux 8.10 | PEND | SKIPPED | SKIPPED | SKIPPED | SKIPPED | +-------------------------------+--------------------+------------------+-------------------+-------------------+-------------------------+ | Red Hat Enterprise Linux 9.5 | PEND | SKIPPED | SKIPPED | SKIPPED | SKIPPED | +-------------------------------+--------------------+------------------+-------------------+-------------------+-------------------------+ | Ubuntu 20.04 | PASS | SKIPPED | SKIPPED | SKIPPED | SKIPPED | +-------------------------------+--------------------+------------------+-------------------+-------------------+-------------------------+ | Ubuntu 22.04 | PEND | SKIPPED | PEND | SKIPPED | SKIPPED | +-------------------------------+--------------------+------------------+-------------------+-------------------+-------------------------+ | Ubuntu 24.04 | PEND | PEND | PEND | SKIPPED | SKIPPED | +-------------------------------+--------------------+------------------+-------------------+-------------------+-------------------------+ | Alpine Linux 3.22.0 | PEND | SKIPPED | SKIPPED | SKIPPED | SKIPPED | +-------------------------------+--------------------+------------------+-------------------+-------------------+-------------------------+ | FreeBSD 14.2 | PASS | SKIPPED | SKIPPED | SKIPPED | SKIPPED | +-------------------------------+--------------------+------------------+-------------------+-------------------+-------------------------+ | Windows Server 2022 | SKIPPED | SKIPPED | SKIPPED | PASS | FAIL | +-------------------------------+--------------------+------------------+-------------------+-------------------+-------------------------+ ==== 20 line log output for Windows Server 2022 (dpdk_llvm_clang_compile): ==== Compiler for C supports arguments -mavx512f: YES (cached) Compiler for C supports arguments -mavx512bw: YES (cached) Compiler for C supports arguments -mavx512dq: YES (cached) Compiler for C supports arguments -march=skylake-avx512: YES Message: drivers/common/idpf: Defining dependency "common_idpf" Message: drivers/bus/auxiliary: Defining dependency "bus_auxiliary" Compiler for C supports arguments -Wno-cast-qual: YES (cached) Compiler for C supports arguments -Wno-pointer-arith: YES (cached) Message: drivers/bus/pci: Defining dependency "bus_pci" Message: drivers/bus/vdev: Defining dependency "bus_vdev" Compiler for C supports arguments -std=c11: YES Compiler for C supports arguments -Wno-strict-prototypes: YES Compiler for C supports arguments -D_BSD_SOURCE: YES Compiler for C supports arguments -D_DEFAULT_SOURCE: YES Compiler for C supports arguments -D_XOPEN_SOURCE=600: YES Has header "mlx5devx.h" : YES drivers\common\mlx5\windows\meson.build:10:13: ERROR: C shared or static library 'mlx5devx' not found A full log can be found at C:\Users\builder\jenkins\workspace\Windows-Compile-DPDK-Native\dpdk\build\meson-logs\meson-log.txt ==== End log output ==== Fedora Linux 42 Kernel: 5.15 Compiler: gcc gcc (GCC) 15.2.1 20250808 (Red Hat 15.2.1-1) CentOS Stream 10 Kernel: 5.15 Compiler: gcc gcc (GCC) 14.2.1 20250110 (Red Hat 14.2.1-8) Debian GNU/Linux 12 Kernel: 5.15 Compiler: gcc gcc (Debian 12.2.0-14+deb12u1) 12.2.0 openSUSE Leap 15.6 Kernel: 5.15 Compiler: gcc gcc (SUSE Linux) 7.5.0 CentOS Stream 9 Kernel: 5.15 Compiler: gcc gcc (GCC) 11.5.0 20240719 (Red Hat 11.5.0-11) Red Hat Enterprise Linux 8.10 Kernel: 5.15 Compiler: gcc gcc (GCC) 8.5.0 20210514 (Red Hat 8.5.0-22) Red Hat Enterprise Linux 9.5 Kernel: 5.15 Compiler: gcc gcc (GCC) 11.5.0 20240719 (Red Hat 11.5.0-2) Ubuntu 20.04 Kernel: 5.15 Compiler: gcc gcc (Ubuntu 9.4.0-1ubuntu1~20.04.2) 9.4.0 Ubuntu 22.04 Kernel: 5.15 Compiler: gcc gcc (Ubuntu 11.4.0-1ubuntu1~22.04) 11.4.0 Ubuntu 24.04 Kernel: 5.15 Compiler: gcc gcc (Ubuntu 13.3.0-6ubuntu2~24.04) 13.3.0 Alpine Linux 3.22.0 Kernel: 5.15 Compiler: gcc gcc (Alpine 14.2.0) 14.2.0 FreeBSD 14.2 Kernel: 14.2-RELEASE Compiler: clang 18.1.6 Windows Server 2022 Kernel: 10.0.20348.2031 Compiler: clang 15.0.7, gcc 14.1.0 (MinGW), and MSVC VS 19.39.33521 To view detailed results, visit: https://lab.dpdk.org/results/dashboard/tarballs/35425/ UNH-IOL DPDK Community Lab To manage your email subscriptions, visit: https://lab.dpdk.org/results/dashboard/preferences/subscriptions/