From mboxrd@z Thu Jan 1 00:00:00 1970 Return-Path: Received: from mails.dpdk.org (mails.dpdk.org [217.70.189.124]) by inbox.dpdk.org (Postfix) with ESMTP id D585B48A61 for ; Sun, 2 Nov 2025 07:32:48 +0100 (CET) Received: from mails.dpdk.org (localhost [127.0.0.1]) by mails.dpdk.org (Postfix) with ESMTP id 8CE074021F; Sun, 2 Nov 2025 07:32:48 +0100 (CET) Received: from mail-ua1-f97.google.com (mail-ua1-f97.google.com [209.85.222.97]) by mails.dpdk.org (Postfix) with ESMTP id B74514021F for ; Sun, 2 Nov 2025 07:32:46 +0100 (CET) Received: by mail-ua1-f97.google.com with SMTP id a1e0cc1a2514c-93518a78d0aso1555104241.3 for ; Sat, 01 Nov 2025 23:32:46 -0700 (PDT) DKIM-Signature: v=1; a=rsa-sha256; c=relaxed/relaxed; d=iol.unh.edu; s=unh-iol; t=1762065166; x=1762669966; darn=dpdk.org; h=cc:to:from:subject:message-id:date:from:to:cc:subject:date :message-id:reply-to; bh=54WnVd21JjY0u9i2EJLQqOkUQRQEclmK7Ge/ANgBV9c=; b=TtqJsYFDZrw/epyy2eIjV484ckJEDuOLHA2IjirDjNa0qHDux8NpNoTQdph8FmOJNa mySwAZ/wkCSnl/qMuuCHemV2CXIkuXfbhG8fjVQaDKkDglIQyAqpf71KRFgwm8DK/eCG c/VcEL7AwCR5hfilIyFkwHWeJEXFCqORXyKis= X-Google-DKIM-Signature: v=1; a=rsa-sha256; c=relaxed/relaxed; d=1e100.net; s=20230601; t=1762065166; x=1762669966; h=cc:to:from:subject:message-id:date:x-gm-message-state:from:to:cc :subject:date:message-id:reply-to; bh=54WnVd21JjY0u9i2EJLQqOkUQRQEclmK7Ge/ANgBV9c=; b=ro+rUXOlA/MF4RBC+HrPoLesTx/G3iA3IFlLtCYIJz+D9ZLro2MmoBpTatLjdFIkSN GYETFpLlN7WGKemZDWdRMTNXLWoBHyXRu0qDN+htt5oLpv9wWJY/sXfgQnmuOpcWekjZ pl14gRm8uyPnekV6YMNl2Rb64KfBOOVaiIE62vtgWY59iCWk7IsI4nePlQ+oRDFz3WnB n1A9ggvAKclvfulzgLnQJS5zk3JkP4fOPIdcXGs0/T8KAsxPUDRgkTj6lOaZoBDwq/pr wRw74wP5kbJc+Nj2R/Y+tQzXuoSuHDEjsr/WhQLHxTRFsMM+/XPJFFlhE8lzPJxTBQae CbnQ== X-Gm-Message-State: AOJu0Yy5ASzED6A4n2xNGKjOuxham+Zq1Rp4pc2KDZR2E94hfWDV1tCc oVfUo6US9p6FA+xlTqvqbcHghds6JILJmFa3b5aP6uBHXSsRJKWYhK9OgIpLF5+4gQKvKdxBPfd jMNigt5YYt6mFZBHwkY+PSj2iBmSWXQSCF2JkGfeQy8HHaPX7Wlpy X-Gm-Gg: ASbGncu14hTRmgsiRBBMJDxjoLHL+vGwDCWF0TQEcuQjIRfac49SKp9VhNE93ApkMlG UweIZEp9TgZcKK8nvHd9CbSQQWXZIAYmMCJNc1XkdlTBWcCtzeFO6iYjTXhEFvcCY/kJQFR/h7k +ewk9q3w7dh1yo1etSjWBaGujTjxerRNCb63GAwOLK7o/kesXaFxgB1ukbaus61lFIfAJKqlTwy +stGMawsFzQfrs06mLgDhrpW8wBqJgaDEgEZsxQ0EWcZ2JuOsiUjZuDQV3BDvZGplj+Z9j2zl1i qWvoaPpmxRpJ/zgKFugLEYQSFhBHI1kU1S27UXOBXUHu2B83EIBKXNtZxCOcrOqXNgXm7T1UfgL trs+2O7Pe X-Google-Smtp-Source: AGHT+IEhzf7s2uTiaq8zIQ7ryZDAOaN3QSZxAlcPJU2mN1IsQhHCpfNpMMu4NDBjgpnxt9/lbuQmD+1K6Uaw X-Received: by 2002:a05:6102:41a4:b0:5d7:dea0:d6c4 with SMTP id ada2fe7eead31-5dbb11ed0a5mr3020916137.7.1762065165747; Sat, 01 Nov 2025 23:32:45 -0700 (PDT) Received: from postal.iol.unh.edu (postal.iol.unh.edu. [2606:4100:3880:1234::84]) by smtp-relay.gmail.com with ESMTPS id ada2fe7eead31-5dbd91b0720sm61940137.2.2025.11.01.23.32.45 (version=TLS1_2 cipher=ECDHE-ECDSA-AES128-GCM-SHA256 bits=128/128); Sat, 01 Nov 2025 23:32:45 -0700 (PDT) X-Relaying-Domain: iol.unh.edu Date: Sat, 01 Nov 2025 23:32:45 -0700 (PDT) Message-ID: <6906fb0d.050a0220.36f9d8.32abSMTPIN_ADDED_MISSING@mx.google.com> Received: from [172.21.0.2] (unknown [172.18.0.240]) by postal.iol.unh.edu (Postfix) with ESMTP id 5960C6051830; Sun, 2 Nov 2025 01:32:45 -0500 (EST) Subject: |FAILURE| [GIT MASTER] 62f583c49bf67dd4d6733ece14e55fe6839e66d1 From: dpdklab@iol.unh.edu To: Test Report Cc: dpdk-test-reports@iol.unh.edu, Xueming Li , Christian Ehrhardt , Kevin Traynor , Luca Boccassi Content-Type: text/plain X-BeenThere: test-report@dpdk.org X-Mailman-Version: 2.1.29 Precedence: list List-Id: automatic DPDK test reports List-Unsubscribe: , List-Archive: List-Post: List-Help: List-Subscribe: , Errors-To: test-report-bounces@dpdk.org _Testing issues_ Branch: tags/v23.11 62f583c49bf67dd4d6733ece14e55fe6839e66d1 --> testing issues Upstream job id: Generic-Unit-Test-DPDK#387760 Test environment and result as below: +-------------------------------+----------------+ | Environment | dpdk_unit_test | +===============================+================+ | CentOS Stream 10 | PASS | +-------------------------------+----------------+ | Debian GNU/Linux 12 | PASS | +-------------------------------+----------------+ | Fedora Linux 41 | PASS | +-------------------------------+----------------+ | Fedora Linux 40 | PASS | +-------------------------------+----------------+ | Red Hat Enterprise Linux 9.5 | PASS | +-------------------------------+----------------+ | Fedora Linux 42 | PASS | +-------------------------------+----------------+ | CentOS Stream 9 | PASS | +-------------------------------+----------------+ | Ubuntu 24.04 | PASS | +-------------------------------+----------------+ | Ubuntu 22.04 | PASS | +-------------------------------+----------------+ | Red Hat Enterprise Linux 8.10 | PASS | +-------------------------------+----------------+ | Ubuntu 20.04 | PASS | +-------------------------------+----------------+ | Windows Server 2022 | FAIL | +-------------------------------+----------------+ ==== Unit test summary for Windows Server 2022 (dpdk_unit_test): ==== Failed to get the unit test results. Displaying the unit test results is not supported for some environments, such as our aarch32 testing, where meson is not used to run the tests. Download the logs available on our CI site. ==== End log output ==== CentOS Stream 10 Kernel: 5.15 Compiler: gcc gcc (GCC) 14.2.1 20250110 (Red Hat 14.2.1-8) Debian GNU/Linux 12 Kernel: 5.15 Compiler: gcc gcc (Debian 12.2.0-14+deb12u1) 12.2.0 Fedora Linux 41 Kernel: 5.15 Compiler: clang gcc (GCC) 14.3.1 20250523 (Red Hat 14.3.1-1) Fedora Linux 40 Kernel: 5.15 Compiler: gcc gcc (GCC) 14.2.1 20240912 (Red Hat 14.2.1-3) Red Hat Enterprise Linux 9.5 Kernel: 5.15 Compiler: gcc gcc (GCC) 11.5.0 20240719 (Red Hat 11.5.0-2) Fedora Linux 42 Kernel: 5.15 Compiler: gcc gcc (GCC) 15.2.1 20250808 (Red Hat 15.2.1-1) CentOS Stream 9 Kernel: 5.15 Compiler: gcc gcc (GCC) 11.5.0 20240719 (Red Hat 11.5.0-11) Ubuntu 24.04 Kernel: 5.15 Compiler: gcc gcc (Ubuntu 13.3.0-6ubuntu2~24.04) 13.3.0 Ubuntu 22.04 Kernel: 5.15 Compiler: gcc gcc (Ubuntu 11.4.0-1ubuntu1~22.04) 11.4.0 Red Hat Enterprise Linux 8.10 Kernel: 5.15 Compiler: gcc gcc (GCC) 8.5.0 20210514 (Red Hat 8.5.0-22) Ubuntu 20.04 Kernel: 5.15 Compiler: gcc gcc (Ubuntu 9.4.0-1ubuntu1~20.04.2) 9.4.0 Windows Server 2022 Kernel: 10.0.20348.2031 Compiler: clang 15.0.7, gcc 14.1.0 (MinGW), and MSVC VS 19.39.33521 To view detailed results, visit: https://lab.dpdk.org/results/dashboard/tarballs/35425/ UNH-IOL DPDK Community Lab To manage your email subscriptions, visit: https://lab.dpdk.org/results/dashboard/preferences/subscriptions/