From mboxrd@z Thu Jan 1 00:00:00 1970 Return-Path: Received: from mails.dpdk.org (mails.dpdk.org [217.70.189.124]) by inbox.dpdk.org (Postfix) with ESMTP id 5811248A61 for ; Sun, 2 Nov 2025 08:34:20 +0100 (CET) Received: from mails.dpdk.org (localhost [127.0.0.1]) by mails.dpdk.org (Postfix) with ESMTP id 540B940285; Sun, 2 Nov 2025 08:34:20 +0100 (CET) Received: from mail-il1-f226.google.com (mail-il1-f226.google.com [209.85.166.226]) by mails.dpdk.org (Postfix) with ESMTP id 6819440285 for ; Sun, 2 Nov 2025 08:34:18 +0100 (CET) Received: by mail-il1-f226.google.com with SMTP id e9e14a558f8ab-43321629a25so11930705ab.3 for ; Sun, 02 Nov 2025 00:34:18 -0700 (PDT) DKIM-Signature: v=1; a=rsa-sha256; c=relaxed/relaxed; d=iol.unh.edu; s=unh-iol; t=1762068858; x=1762673658; darn=dpdk.org; h=cc:to:from:subject:message-id:date:from:to:cc:subject:date :message-id:reply-to; bh=S+AliktegJcidamuHld4V0fKw4BRSBQorTQvjwkvKWo=; b=GRKqub8ZEQ1iIxaMlJjFB6T0zRZEl86VPc20j9/6LiZMb/cYriDqG2+kGjqGK92k/r n7/Hm0XPiLedKMBBTqW5nCojzVSgwEQg0UX/p3Ong2ZyABlDDHo657qpsfQK9P5d+Jty vyw9EJm2MVs5F1gI0qTX3Dxz97OPek2vbwj+4= X-Google-DKIM-Signature: v=1; a=rsa-sha256; c=relaxed/relaxed; d=1e100.net; s=20230601; t=1762068858; x=1762673658; h=cc:to:from:subject:message-id:date:x-gm-message-state:from:to:cc :subject:date:message-id:reply-to; bh=S+AliktegJcidamuHld4V0fKw4BRSBQorTQvjwkvKWo=; b=AwUoiYty19rASnwaMc1nofbenG/+4SojijqgXMfszHvphH1BquKXDG4IbsOLagrryD 61N/qJwXBeRzcudSRWmSUHZI9gfOvUGnBlAzE5GqX1UXaM6M2nA8P+UOAl9e2x++U0mv 2zI9VKvgZ0HtkRejp2VN4G58sTB2SsLz9fOC23k6EzzE7KHMQOslXEkS8f5fK9IStvyd 4sCvXTRz8ISEuswwS/46Q9MNseWOkKH89XFYD+svMNzXPGomKKUIz4WtIy8TzuSUzzPU 7dG7lD1kGubZf2oA7buahjF/6LorRlPYJzH0YjyC1lWQ+30kk8jhdFrOEB1OKEoVTSkp 5TVg== X-Gm-Message-State: AOJu0YzfQz8XZw7TbaAQCob6Dp/e6miz75QsHK/9qzRZ2MPDzvgN1D8V bZAvRjJYb+kiDIU4om07WRoyuESK/1lRuJEAcVrMfjY4yK2aKv1mJGbmYjQPmnfQojiWvo9zFAy pPLhZeocNhmZgEpIe+lD+eLZnBGI9bCdr2LOa X-Gm-Gg: ASbGncv9qTGiIuXiBe+vgZInmTUOTPI6Wa+PUy8jf7Ga1/+YlT0wZjBaT28/nmi+4Y1 w0bFvPkJj9lf6N2KAQz6BsSbCmuLm1MQeY8mCKSBz42WgBzcTQtHOQdo/LeGiZm+T38qQlI3OMS 236Trkglj4oCp7+VCYVo6PQsYTakuM6Cg05O5SPaynRFRqPL2sdKMg2K5cFwvdsIjArCyxtcYAa q7hvOuX4TIyLtPPxRp37UpqaMbCDVVxtzkIpz/QRikcsiHin1qkIREHsIGLrxLw2+/Z59Ic6vfp IlGBepJEXv0h7UnmoIGWQDJUxD24CopCcMfgqkTqoPlnp4kssj56e3GpuFOZa//DHbsWXJvLHep V3E7WS2T7iTJxriod/vZJArCXUVA/g3M= X-Google-Smtp-Source: AGHT+IETtuIwGiNdFwTPXKWZGqBTt/w5UJm9GMiZuoPYiziXBv10njne595nEBoHzpoy31be7Uo2QA0NOIxb X-Received: by 2002:a05:6e02:1c25:b0:430:c323:2bca with SMTP id e9e14a558f8ab-4330d135eaamr154559765ab.10.1762068857815; Sun, 02 Nov 2025 00:34:17 -0700 (PDT) Received: from postal.iol.unh.edu (postal.iol.unh.edu. [132.177.123.84]) by smtp-relay.gmail.com with ESMTPS id e9e14a558f8ab-4331031b92asm5541925ab.19.2025.11.02.00.34.17 (version=TLS1_2 cipher=ECDHE-ECDSA-AES128-GCM-SHA256 bits=128/128); Sun, 02 Nov 2025 00:34:17 -0700 (PDT) X-Relaying-Domain: iol.unh.edu Date: Sun, 02 Nov 2025 00:34:17 -0700 (PDT) Message-ID: <69070979.050a0220.4d282.db98SMTPIN_ADDED_MISSING@mx.google.com> Received: from [172.21.0.2] (unknown [172.18.0.240]) by postal.iol.unh.edu (Postfix) with ESMTP id 509296051830; Sun, 2 Nov 2025 02:34:17 -0500 (EST) Subject: |FAILURE| [GIT MASTER] 62f583c49bf67dd4d6733ece14e55fe6839e66d1 From: dpdklab@iol.unh.edu To: Test Report Cc: dpdk-test-reports@iol.unh.edu, Xueming Li , Christian Ehrhardt , Kevin Traynor , Luca Boccassi Content-Type: text/plain X-BeenThere: test-report@dpdk.org X-Mailman-Version: 2.1.29 Precedence: list List-Id: automatic DPDK test reports List-Unsubscribe: , List-Archive: List-Post: List-Help: List-Subscribe: , Errors-To: test-report-bounces@dpdk.org _Testing issues_ Branch: tags/v23.11 62f583c49bf67dd4d6733ece14e55fe6839e66d1 --> testing issues Upstream job id: Generic-DPDK-Compile-Meson#440013 Test environment and result as below: +------------------------------+--------------------+ | Environment | dpdk_meson_compile | +==============================+====================+ | Red Hat Enterprise Linux 9.5 | PASS | +------------------------------+--------------------+ | Ubuntu 20.04 | PASS | +------------------------------+--------------------+ | Ubuntu 22.04 | PASS | +------------------------------+--------------------+ | Fedora Linux 42 | PASS | +------------------------------+--------------------+ | Debian GNU/Linux 12 | PASS | +------------------------------+--------------------+ | Ubuntu 24.04 | PASS | +------------------------------+--------------------+ | CentOS Stream 9 | PASS | +------------------------------+--------------------+ | CentOS Stream 10 | PASS | +------------------------------+--------------------+ Red Hat Enterprise Linux 9.5 Kernel: 5.4 Compiler: gcc gcc (GCC) 11.5.0 20240719 (Red Hat 11.5.0-2) Ubuntu 20.04 Kernel: 5.15 Compiler: aarch64-linux-gnu-gcc gcc (Ubuntu 9.4.0-1ubuntu1~20.04.2) 9.4.0 Ubuntu 22.04 Kernel: 5.4 Compiler: gcc gcc (Ubuntu 11.4.0-1ubuntu1~22.04) 11.4.0 Fedora Linux 42 Kernel: 5.4 Compiler: gcc gcc (GCC) 15.2.1 20250808 (Red Hat 15.2.1-1) Debian GNU/Linux 12 Kernel: 5.4 Compiler: gcc gcc (Debian 12.2.0-14+deb12u1) 12.2.0 Ubuntu 24.04 Kernel: 5.4 Compiler: gcc gcc (Ubuntu 13.3.0-6ubuntu2~24.04) 13.3.0 CentOS Stream 9 Kernel: 5.4 Compiler: gcc gcc (GCC) 11.5.0 20240719 (Red Hat 11.5.0-11) CentOS Stream 10 Kernel: 5.4 Compiler: gcc gcc (GCC) 14.2.1 20250110 (Red Hat 14.2.1-8) To view detailed results, visit: https://lab.dpdk.org/results/dashboard/tarballs/35425/ UNH-IOL DPDK Community Lab To manage your email subscriptions, visit: https://lab.dpdk.org/results/dashboard/preferences/subscriptions/