From mboxrd@z Thu Jan 1 00:00:00 1970 Return-Path: Received: from mails.dpdk.org (mails.dpdk.org [217.70.189.124]) by inbox.dpdk.org (Postfix) with ESMTP id 7A07548A6E for ; Sun, 2 Nov 2025 23:53:17 +0100 (CET) Received: from mails.dpdk.org (localhost [127.0.0.1]) by mails.dpdk.org (Postfix) with ESMTP id 75E9C4021E; Sun, 2 Nov 2025 23:53:17 +0100 (CET) Received: from mail-pj1-f99.google.com (mail-pj1-f99.google.com [209.85.216.99]) by mails.dpdk.org (Postfix) with ESMTP id 34F044021E for ; Sun, 2 Nov 2025 23:53:16 +0100 (CET) Received: by mail-pj1-f99.google.com with SMTP id 98e67ed59e1d1-34029cee97fso3899794a91.1 for ; Sun, 02 Nov 2025 14:53:16 -0800 (PST) DKIM-Signature: v=1; a=rsa-sha256; c=relaxed/relaxed; d=iol.unh.edu; s=unh-iol; t=1762123995; x=1762728795; darn=dpdk.org; h=references:in-reply-to:cc:to:from:subject:message-id:date:from:to :cc:subject:date:message-id:reply-to; bh=eg2fDFzmNa1yW0Y+AS3KJqzdFVr6cDpHQK5MoKRnVkU=; b=gjnWvnow2cotozU1ITRTIInPGaLZIGFg0y/TBE9ea3gvTrmoD/19er+oDoYWLWALiI O65JKxEJnfkKXS26K8P7+GZ8p16DyjClAQtHNrog945wpr/kPuTu4p5Q+Z0XhTPdA0zO q/oM7Dh7jIsG3EKIX5iGD76LB0ypPCswaSVpM= X-Google-DKIM-Signature: v=1; a=rsa-sha256; c=relaxed/relaxed; d=1e100.net; s=20230601; t=1762123995; x=1762728795; h=references:in-reply-to:cc:to:from:subject:message-id:date :x-gm-message-state:from:to:cc:subject:date:message-id:reply-to; bh=eg2fDFzmNa1yW0Y+AS3KJqzdFVr6cDpHQK5MoKRnVkU=; b=BUH1aMAmFARz3glJMUK+WgFfL4hhNo94rWsocYgiiRhQxk4o75OD8ZBuRe3HiD1MFG pT6vhHCw8B85cfXG2MZKz0xDVcZUlBdr8y/b23xPT8wx6/MP90tCw45fq+SxwxZScHsb uwbvkmcNUFw69G6hpg4SvoLRFBxGRMxLTkhQ4pesu7FPQdUf24EVBuxA2/l9vd5Y9dw2 wdE5Klr1ynFSRfpAMyPB3euDBxd5W2dxgG080TGTX40tcfQmDGyqfdIiSaSoxqVIbHoJ G5L+Eoee/ackFFGGidoRdww63YncPqCCkSDpn8AmtfrxRN+KL6y1GWYdNHxWSquahsV4 K/Tg== X-Gm-Message-State: AOJu0Yw2lRS+G/AmleDilV+9alvPn0u/VrhBghUD8zaQamcKAccq4XAL S+O1aQs7XR3j492A1E6IfK3ccOxhBx23Kw1y/pIxC1sp+z2Lt7jEANAaO0Rc4d+da0SuRs6Kruo KTdTCZ6DGBP4l5LtvlGMiOxNMUdlXKQ4nKaqNSuC4mRbvZ1b+9tKG6hwHRWTG X-Gm-Gg: ASbGnctx1dUjrJKW4hUzTEGxlTG7872WyYaFo7vHulKy4KJMtjkR34hL+7KX/xYaJqI Ab8Zd0VmxftlpG3D2mXzqxPRxg0yWou46YFjuq+gelOE3+i46PAJtyODmvDSFvcTIMZ/a14vAR+ GCh8DCSyQF7E1PqbzpnaMEayaVQLNltxaFXug2vvaAzkUVW4m5A2S6Dvoano5gA1aFSGOdgtgB0 F4b7RXgZQGPIMfCZjK4iz7cU4Cs4x9Xop/2MYP+SxluZg2JlN3pV1a1UUI/dR9oeXOFFf5QJplk XuJa3sSIb5Ag0gF/OvzmIbsqY/7MQ6x6BL+Lp1Wi9U8qKf60n9fqoDuY3G4sP7WdjGrnvCb9k1t 7EySea0eu X-Google-Smtp-Source: AGHT+IGvintjdOdCzZ2/iXoYom+DUgIqGNnRRWMbZDS3hWbHIV8ZqG/f29aBGVWvI4blpBOflOHFnwa/+ASj X-Received: by 2002:a17:90b:3fc3:b0:340:bde5:c9e3 with SMTP id 98e67ed59e1d1-340bde5cbadmr8102634a91.23.1762123995429; Sun, 02 Nov 2025 14:53:15 -0800 (PST) Received: from postal.iol.unh.edu (postal.iol.unh.edu. [2606:4100:3880:1234::84]) by smtp-relay.gmail.com with ESMTPS id 98e67ed59e1d1-340bd738d48sm551938a91.4.2025.11.02.14.53.15 (version=TLS1_2 cipher=ECDHE-ECDSA-AES128-GCM-SHA256 bits=128/128); Sun, 02 Nov 2025 14:53:15 -0800 (PST) X-Relaying-Domain: iol.unh.edu Date: Sun, 02 Nov 2025 14:53:15 -0800 (PST) Message-ID: <6907e0db.170a0220.fccc.d07cSMTPIN_ADDED_MISSING@mx.google.com> Received: from [172.21.0.3] (unknown [172.18.0.240]) by postal.iol.unh.edu (Postfix) with ESMTP id A916A6051830; Sun, 2 Nov 2025 17:53:14 -0500 (EST) Subject: |FAILURE| pw158340 [PATCH] fix after-code Doxygen comments From: dpdklab@iol.unh.edu To: Test Report Cc: dpdk-test-reports@iol.unh.edu, Thomas Monjalon In-Reply-To: <20251102221400.4018641-1-thomas@monjalon.net> References: <20251102221400.4018641-1-thomas@monjalon.net> Content-Type: text/plain X-BeenThere: test-report@dpdk.org X-Mailman-Version: 2.1.29 Precedence: list List-Id: automatic DPDK test reports List-Unsubscribe: , List-Archive: List-Post: List-Help: List-Subscribe: , Errors-To: test-report-bounces@dpdk.org Test-Label: iol-compile-amd64-testing Test-Status: FAILURE http://dpdk.org/patch/158340 _Testing issues_ Submitter: Thomas Monjalon Date: Sunday, November 02 2025 22:14:00 DPDK git baseline: Repo:dpdk Branch: master CommitID:8c4861d00aabcf54ef9d6f1df2a4cfb37c06f6c2 158340 --> testing issues Upstream job id: Generic-DPDK-Compile-Meson#440085 Test environment and result as below: +-------------------------------+--------------------+-------------------+------------------+-------------------------+-------------------+----------------------+ | Environment | dpdk_meson_compile | dpdk_compile_spdk | dpdk_compile_ovs | dpdk_llvm_clang_compile | dpdk_msvc_compile | dpdk_mingw64_compile | +===============================+====================+===================+==================+=========================+===================+======================+ | Debian GNU/Linux 12 | PEND | PEND | SKIPPED | SKIPPED | SKIPPED | SKIPPED | +-------------------------------+--------------------+-------------------+------------------+-------------------------+-------------------+----------------------+ | CentOS Stream 10 | PASS | SKIPPED | SKIPPED | SKIPPED | SKIPPED | SKIPPED | +-------------------------------+--------------------+-------------------+------------------+-------------------------+-------------------+----------------------+ | Fedora Linux 42 | PEND | PEND | PEND | SKIPPED | SKIPPED | SKIPPED | +-------------------------------+--------------------+-------------------+------------------+-------------------------+-------------------+----------------------+ | CentOS Stream 9 | PEND | PEND | SKIPPED | SKIPPED | SKIPPED | SKIPPED | +-------------------------------+--------------------+-------------------+------------------+-------------------------+-------------------+----------------------+ | Red Hat Enterprise Linux 8.10 | PASS | SKIPPED | SKIPPED | SKIPPED | SKIPPED | SKIPPED | +-------------------------------+--------------------+-------------------+------------------+-------------------------+-------------------+----------------------+ | openSUSE Leap 15.6 | PASS | SKIPPED | SKIPPED | SKIPPED | SKIPPED | SKIPPED | +-------------------------------+--------------------+-------------------+------------------+-------------------------+-------------------+----------------------+ | FreeBSD 14.2 | PASS | SKIPPED | SKIPPED | SKIPPED | SKIPPED | SKIPPED | +-------------------------------+--------------------+-------------------+------------------+-------------------------+-------------------+----------------------+ | Ubuntu 24.04 | PASS | WARN | PASS | SKIPPED | SKIPPED | SKIPPED | +-------------------------------+--------------------+-------------------+------------------+-------------------------+-------------------+----------------------+ | Ubuntu 20.04 | PASS | SKIPPED | SKIPPED | SKIPPED | SKIPPED | SKIPPED | +-------------------------------+--------------------+-------------------+------------------+-------------------------+-------------------+----------------------+ | Red Hat Enterprise Linux 9.5 | PASS | SKIPPED | SKIPPED | SKIPPED | SKIPPED | SKIPPED | +-------------------------------+--------------------+-------------------+------------------+-------------------------+-------------------+----------------------+ | Alpine Linux 3.22.0 | PASS | SKIPPED | SKIPPED | SKIPPED | SKIPPED | SKIPPED | +-------------------------------+--------------------+-------------------+------------------+-------------------------+-------------------+----------------------+ | Ubuntu 22.04 | PEND | PEND | SKIPPED | SKIPPED | SKIPPED | SKIPPED | +-------------------------------+--------------------+-------------------+------------------+-------------------------+-------------------+----------------------+ | Windows Server 2022 | SKIPPED | SKIPPED | SKIPPED | PASS | PEND | PEND | +-------------------------------+--------------------+-------------------+------------------+-------------------------+-------------------+----------------------+ ==== 20 line log output for Ubuntu 24.04 (dpdk_compile_spdk): ==== --- Failed to get log output --- ==== End log output ==== Debian GNU/Linux 12 Kernel: 5.15 Compiler: gcc gcc (Debian 12.2.0-14+deb12u1) 12.2.0 CentOS Stream 10 Kernel: 5.15 Compiler: gcc gcc (GCC) 14.2.1 20250110 (Red Hat 14.2.1-8) Fedora Linux 42 Kernel: 5.15 Compiler: clang gcc (GCC) 15.2.1 20250808 (Red Hat 15.2.1-1) CentOS Stream 9 Kernel: 5.15 Compiler: gcc gcc (GCC) 11.5.0 20240719 (Red Hat 11.5.0-11) Red Hat Enterprise Linux 8.10 Kernel: 5.15 Compiler: gcc gcc (GCC) 8.5.0 20210514 (Red Hat 8.5.0-22) openSUSE Leap 15.6 Kernel: 5.15 Compiler: gcc gcc (SUSE Linux) 7.5.0 FreeBSD 14.2 Kernel: 14.2-RELEASE Compiler: clang 18.1.6 Ubuntu 24.04 Kernel: 5.15 Compiler: gcc gcc (Ubuntu 13.3.0-6ubuntu2~24.04) 13.3.0 Ubuntu 20.04 Kernel: 5.15 Compiler: gcc gcc (Ubuntu 9.4.0-1ubuntu1~20.04.2) 9.4.0 Red Hat Enterprise Linux 9.5 Kernel: 5.15 Compiler: gcc gcc (GCC) 11.5.0 20240719 (Red Hat 11.5.0-2) Alpine Linux 3.22.0 Kernel: 5.15 Compiler: gcc gcc (Alpine 14.2.0) 14.2.0 Ubuntu 22.04 Kernel: 5.15 Compiler: gcc gcc (Ubuntu 11.4.0-1ubuntu1~22.04) 11.4.0 Windows Server 2022 Kernel: 10.0.20348.2031 Compiler: clang 15.0.7, gcc 14.1.0 (MinGW), and MSVC VS 19.39.33521 To view detailed results, visit: https://lab.dpdk.org/results/dashboard/patchsets/34443/ UNH-IOL DPDK Community Lab To manage your email subscriptions, visit: https://lab.dpdk.org/results/dashboard/preferences/subscriptions/