From mboxrd@z Thu Jan 1 00:00:00 1970 Return-Path: Received: from mails.dpdk.org (mails.dpdk.org [217.70.189.124]) by inbox.dpdk.org (Postfix) with ESMTP id 5CC3548A75 for ; Mon, 3 Nov 2025 05:04:08 +0100 (CET) Received: from mails.dpdk.org (localhost [127.0.0.1]) by mails.dpdk.org (Postfix) with ESMTP id 38EEB40270; Mon, 3 Nov 2025 05:04:08 +0100 (CET) Received: from mail-yw1-f226.google.com (mail-yw1-f226.google.com [209.85.128.226]) by mails.dpdk.org (Postfix) with ESMTP id 24E8940270 for ; Mon, 3 Nov 2025 05:04:07 +0100 (CET) Received: by mail-yw1-f226.google.com with SMTP id 00721157ae682-7868b7b90b8so46157b3.1 for ; Sun, 02 Nov 2025 20:04:07 -0800 (PST) DKIM-Signature: v=1; a=rsa-sha256; c=relaxed/relaxed; d=iol.unh.edu; s=unh-iol; t=1762142646; x=1762747446; darn=dpdk.org; h=references:in-reply-to:cc:to:from:subject:message-id:date:from:to :cc:subject:date:message-id:reply-to; bh=0kQh6snhRsYtt4NPSK315xoO6r0+kY78pkaG4MRk22E=; b=f5nfE0Sv/23z2q1iBQ1kz6f6a+VKIezTFlDQkSt9Xdswb3BuV8PAOlssM0kr8HDtne dovbp8vuPF3/6NZ/Q+CDXQjDw/8SqP3iNY8iQKv7tdr/Ax82ONK8UggHlLmpJV7E05k4 IGomVjUbdc7rhk9W2X/MmfpbeECgVEE7UBhno= X-Google-DKIM-Signature: v=1; a=rsa-sha256; c=relaxed/relaxed; d=1e100.net; s=20230601; t=1762142646; x=1762747446; h=references:in-reply-to:cc:to:from:subject:message-id:date :x-gm-message-state:from:to:cc:subject:date:message-id:reply-to; bh=0kQh6snhRsYtt4NPSK315xoO6r0+kY78pkaG4MRk22E=; b=P8OsuVw0F/YiEjo15OPoY/dHu4b2tJ9N6myM+0P/U485DDaLsWI8w24FqVUbVwkHsD ZuTKQJBR+OEq3lW2R05O7qhxuO4zDB7u2npwCx/YknmkTLC8CvRdsTJQdb+i5sb2Jsn9 ac17oPqCwGVLHSoSZ3upjNHOzE7OGYUAPmzV3Nysq6JWlsYg2sfPgaJG/3LvnucHymt1 uguVIALGMeloDKW4HTgutmNvzBIzsiVk+wv+M29NnNYC9Mq0KlW5vwt8+v7XXS/q5k+M wywloAlTyribabRXB8spmu3sIkMaNJzm9W7txPXsmjbGmCw+iZBfDqROHJYOkrzcEjn7 Rpqg== X-Gm-Message-State: AOJu0YwnvBHJBLHK2k1jX8BFa4YQ+n8rmBTCqGHoD0im2BDt623zhU/1 MDIn6WMNYd4r2eRuFInLapIaHnHfcZ0Z2eiNG1tW/yxlxI536to1h/BbZTVexTLLIAHCEcUqZlM TuGTpVllAygWHetqERyzMtZDeX68mFnYUSb/zMMIPa+J4 X-Gm-Gg: ASbGncurWzUEJvIRH4zp2iHOlQ1jdI5yIIc0UwA5DtAfw9jY4INnsY3UV62UTyv/C60 uUrF3aaHdaJ3Z7T2xEY0ARS86U0Cg/uSlXGLRTkveJDEATHR7TEs3QRTMQ2fdrcWD1NLRibMXz1 Jp1Bea9T11gewYcywC9Aswy3M3OKt7OGJFz7sB4r4rqddcJS5jOUYO+hwcNNxFtsN9+vRb7LlIY vc3m8sEi4sLdxcXyDdDw65iQ7IcmTSBMixJgigdEMCGYDxeOO0qqfF/i0oPjOReemSSnXq4vrzO WNXwmHfUCf/oqdFG8fR1iXSAHBagBksdSCL+WUwHO+Tmugq9wv892K/Tm0f5EbL9W3P6q+rl2fw kudiKU9q9Hh1rgmhAJUNJ5/Zs4ZA2ECk= X-Google-Smtp-Source: AGHT+IGbRJLAbRLb/4jyvfyDuMlVHgn1zRF8PoU1rgtI2xnp8XHGHSZS7bk7vHMUY4jvGib5jtlOuU/AApuo X-Received: by 2002:a05:690c:600d:b0:786:5620:fae8 with SMTP id 00721157ae682-78656210fc1mr82019537b3.48.1762142646369; Sun, 02 Nov 2025 20:04:06 -0800 (PST) Received: from postal.iol.unh.edu (postal.iol.unh.edu. [132.177.123.84]) by smtp-relay.gmail.com with ESMTPS id 00721157ae682-7864c2d5a67sm4895387b3.24.2025.11.02.20.04.06 (version=TLS1_2 cipher=ECDHE-ECDSA-AES128-GCM-SHA256 bits=128/128); Sun, 02 Nov 2025 20:04:06 -0800 (PST) X-Relaying-Domain: iol.unh.edu Date: Sun, 02 Nov 2025 20:04:06 -0800 (PST) Message-ID: <690829b6.050a0220.6ad54.afa6SMTPIN_ADDED_MISSING@mx.google.com> Received: from [172.21.0.3] (unknown [172.18.0.240]) by postal.iol.unh.edu (Postfix) with ESMTP id B93E26051830; Sun, 2 Nov 2025 23:04:05 -0500 (EST) Subject: |FAILURE| pw158341-158344 [PATCH] [v3,4/4] doc: add PTP IDPF documen From: dpdklab@iol.unh.edu To: Test Report Cc: dpdk-test-reports@iol.unh.edu, Bruce Richardson , Soumyadeep Hore In-Reply-To: <20251103160646.140084-5-soumyadeep.hore@intel.com> References: <20251103160646.140084-5-soumyadeep.hore@intel.com> Content-Type: text/plain X-BeenThere: test-report@dpdk.org X-Mailman-Version: 2.1.29 Precedence: list List-Id: automatic DPDK test reports List-Unsubscribe: , List-Archive: List-Post: List-Help: List-Subscribe: , Errors-To: test-report-bounces@dpdk.org Test-Label: iol-compile-amd64-testing Test-Status: FAILURE http://dpdk.org/patch/158344 _Testing issues_ Submitter: Soumyadeep Hore Date: Monday, November 03 2025 16:06:45 DPDK git baseline: Repo:dpdk-next-net-intel Branch: master CommitID:40de0ba36a04ef80e8a2ac90c240183fc2c6d1b4 158341-158344 --> testing issues Upstream job id: Generic-DPDK-Compile-Meson#440112 Test environment and result as below: +-------------------------------+--------------------+-------------------+-------------------+------------------+-------------------------+ | Environment | dpdk_meson_compile | dpdk_compile_spdk | dpdk_msvc_compile | dpdk_compile_ovs | dpdk_llvm_clang_compile | +===============================+====================+===================+===================+==================+=========================+ | CentOS Stream 9 | PEND | PEND | SKIPPED | SKIPPED | SKIPPED | +-------------------------------+--------------------+-------------------+-------------------+------------------+-------------------------+ | CentOS Stream 10 | PASS | SKIPPED | SKIPPED | SKIPPED | SKIPPED | +-------------------------------+--------------------+-------------------+-------------------+------------------+-------------------------+ | Red Hat Enterprise Linux 8.10 | PASS | SKIPPED | SKIPPED | SKIPPED | SKIPPED | +-------------------------------+--------------------+-------------------+-------------------+------------------+-------------------------+ | Ubuntu 20.04 | PASS | SKIPPED | SKIPPED | SKIPPED | SKIPPED | +-------------------------------+--------------------+-------------------+-------------------+------------------+-------------------------+ | openSUSE Leap 15.6 | PASS | SKIPPED | SKIPPED | SKIPPED | SKIPPED | +-------------------------------+--------------------+-------------------+-------------------+------------------+-------------------------+ | Fedora Linux 42 | PEND | PEND | SKIPPED | PEND | SKIPPED | +-------------------------------+--------------------+-------------------+-------------------+------------------+-------------------------+ | Debian GNU/Linux 12 | PEND | PEND | SKIPPED | SKIPPED | SKIPPED | +-------------------------------+--------------------+-------------------+-------------------+------------------+-------------------------+ | Red Hat Enterprise Linux 9.5 | PASS | SKIPPED | SKIPPED | SKIPPED | SKIPPED | +-------------------------------+--------------------+-------------------+-------------------+------------------+-------------------------+ | Ubuntu 24.04 | PEND | WARN | SKIPPED | PASS | SKIPPED | +-------------------------------+--------------------+-------------------+-------------------+------------------+-------------------------+ | Ubuntu 22.04 | PEND | PEND | SKIPPED | SKIPPED | SKIPPED | +-------------------------------+--------------------+-------------------+-------------------+------------------+-------------------------+ | FreeBSD 14.2 | PASS | SKIPPED | SKIPPED | SKIPPED | SKIPPED | +-------------------------------+--------------------+-------------------+-------------------+------------------+-------------------------+ | Alpine Linux 3.22.0 | PASS | SKIPPED | SKIPPED | SKIPPED | SKIPPED | +-------------------------------+--------------------+-------------------+-------------------+------------------+-------------------------+ | Windows Server 2022 | SKIPPED | SKIPPED | PEND | SKIPPED | PEND | +-------------------------------+--------------------+-------------------+-------------------+------------------+-------------------------+ ==== 20 line log output for Ubuntu 24.04 (dpdk_compile_spdk): ==== --- Failed to get log output --- ==== End log output ==== CentOS Stream 9 Kernel: 5.15 Compiler: gcc gcc (GCC) 11.5.0 20240719 (Red Hat 11.5.0-11) CentOS Stream 10 Kernel: 5.15 Compiler: gcc gcc (GCC) 14.2.1 20250110 (Red Hat 14.2.1-8) Red Hat Enterprise Linux 8.10 Kernel: 5.15 Compiler: gcc gcc (GCC) 8.5.0 20210514 (Red Hat 8.5.0-22) Ubuntu 20.04 Kernel: 4.19 Compiler: gcc gcc (Ubuntu 9.4.0-1ubuntu1~20.04.2) 9.4.0 openSUSE Leap 15.6 Kernel: 5.15 Compiler: gcc gcc (SUSE Linux) 7.5.0 Fedora Linux 42 Kernel: 5.15 Compiler: clang gcc (GCC) 15.2.1 20250808 (Red Hat 15.2.1-1) Debian GNU/Linux 12 Kernel: 5.15 Compiler: gcc gcc (Debian 12.2.0-14+deb12u1) 12.2.0 Red Hat Enterprise Linux 9.5 Kernel: 5.15 Compiler: gcc gcc (GCC) 11.5.0 20240719 (Red Hat 11.5.0-2) Ubuntu 24.04 Kernel: 5.15 Compiler: gcc gcc (Ubuntu 13.3.0-6ubuntu2~24.04) 13.3.0 Ubuntu 22.04 Kernel: 5.15 Compiler: gcc gcc (Ubuntu 11.4.0-1ubuntu1~22.04) 11.4.0 FreeBSD 14.2 Kernel: 14.2-RELEASE Compiler: clang 18.1.6 Alpine Linux 3.22.0 Kernel: 5.15 Compiler: gcc gcc (Alpine 14.2.0) 14.2.0 Windows Server 2022 Kernel: 10.0.20348.2031 Compiler: clang 15.0.7, gcc 14.1.0 (MinGW), and MSVC VS 19.39.33521 To view detailed results, visit: https://lab.dpdk.org/results/dashboard/patchsets/34444/ UNH-IOL DPDK Community Lab To manage your email subscriptions, visit: https://lab.dpdk.org/results/dashboard/preferences/subscriptions/