From mboxrd@z Thu Jan 1 00:00:00 1970 Return-Path: Received: from mails.dpdk.org (mails.dpdk.org [217.70.189.124]) by inbox.dpdk.org (Postfix) with ESMTP id 506E348A90 for ; Mon, 3 Nov 2025 19:06:55 +0100 (CET) Received: from mails.dpdk.org (localhost [127.0.0.1]) by mails.dpdk.org (Postfix) with ESMTP id 4B2C840270; Mon, 3 Nov 2025 19:06:55 +0100 (CET) Received: from mail-il1-f228.google.com (mail-il1-f228.google.com [209.85.166.228]) by mails.dpdk.org (Postfix) with ESMTP id 826BB40270 for ; Mon, 3 Nov 2025 19:06:54 +0100 (CET) Received: by mail-il1-f228.google.com with SMTP id e9e14a558f8ab-43323c55b7bso20229285ab.0 for ; Mon, 03 Nov 2025 10:06:54 -0800 (PST) DKIM-Signature: v=1; a=rsa-sha256; c=relaxed/relaxed; d=iol.unh.edu; s=unh-iol; t=1762193214; x=1762798014; darn=dpdk.org; h=references:in-reply-to:cc:to:from:subject:message-id:date:from:to :cc:subject:date:message-id:reply-to; bh=RlbR9dtjae9bzi/6dJdFnKk8O7E/PUqHiso9h59e4k8=; b=F4s/MMlQy5y8K3xvKKMZSlx9td1fefTtJHcomy7jE9JcEmG6giev2mAnW/G74eyYoR 3QYYslLBwLuNaPCA85xcM7DO3vg22glsJeFl9pKpbhf6lBEEIz6Xyo25nAGrpmiKqZe/ JEVwvnv+wdUP7EWS2x58gd0gkVnzeve2mUB2o= X-Google-DKIM-Signature: v=1; a=rsa-sha256; c=relaxed/relaxed; d=1e100.net; s=20230601; t=1762193214; x=1762798014; h=references:in-reply-to:cc:to:from:subject:message-id:date :x-gm-message-state:from:to:cc:subject:date:message-id:reply-to; bh=RlbR9dtjae9bzi/6dJdFnKk8O7E/PUqHiso9h59e4k8=; b=RIAHqBlLtQj87lW5hKKfJt69U6pg1ZIka7B7sghe8kh+GP3uAxWGEfDmseMHCw5W1X 4d5S82xHFrpG7I7rKq7GzUxaKzQh2kJfKvQdHJCfGkt61T8QxtOAFVXRWFd7arSjGvt2 cceLpjkJlqI7i6i9KcxqybBZE4dXwLstGvHwlXO7QNDwdDgUkzNj8WA0Stf1ToQyqJRj UXf5B1Lx2TIp311giF2uZLWifysgseaf6eqRRy5YRNqks2qyoAGSWd8SGA+FFGL2CLla qo5P9zuC63/oNDxRbKO9Y2Vw8LEtptrVv4IJLpC+QIYpckunfJVFDtMEIHjyp9QGqF6X uyHA== X-Gm-Message-State: AOJu0YyGOINtfX1yex8/9Uqxn8jOckWLmwrFFXVh2Oqo7WroMAUcaYBc pTwPXwcpZRsO3tmtvD15vnpDSo04QTk1zdYviuF8ZxsodD5d9+6QMsKQEC0H0WlGQDaPlaI3NaF TGdLOHn8kh3LEh6W1KCUxpoMniUB3nA5JX+gO7ygiFNuA X-Gm-Gg: ASbGnctVGVOPHfty0amuaOPpUGzjYwSmfiaK0yzThniM6RYnRHCUDXnzpefal+nb2ee 5VuX+TrbXx7X477WDNRocPtY2LpEE/UTGqibQZUKZj5vPGShB9PzAYnr6Mq7Lyc5+8o7KPfXrRt Ljeeb/xw+S32ILNobuv7RMOQdLX6AbU0ClM/MaYwnM7O8FGnNBGl2VKINyJOi7fxCkh/RAeZDSG 3ke2bwuZiMztTmTOi2mUMqLsYo34S81hJq/aObqgiNgetLVhr8BhjZ4m5Pq36yvjRklM61Z0hfI m24hPD36fh+5b27yAt9rucT9SVHbXLRxy0/5zRPc77ui9XUJqF4D/RNJsrfSLjZiXw4ChQa8f4Q d26XFN6NGkl6a+G2Lq2wEUBMnnHLRQFA= X-Google-Smtp-Source: AGHT+IHWbecX70JlxyXGIcfKBqfEqhxYAb/y9B4NYdVtoYHPKaPBCevYBN73hEPMsCNSnL4QR0IY309Z/dz6 X-Received: by 2002:a05:6e02:398b:b0:433:2dcb:db33 with SMTP id e9e14a558f8ab-4332dcbde12mr65181465ab.2.1762193213675; Mon, 03 Nov 2025 10:06:53 -0800 (PST) Received: from postal.iol.unh.edu (postal.iol.unh.edu. [132.177.123.84]) by smtp-relay.gmail.com with ESMTPS id e9e14a558f8ab-43335b2c236sm915925ab.18.2025.11.03.10.06.53 (version=TLS1_2 cipher=ECDHE-ECDSA-AES128-GCM-SHA256 bits=128/128); Mon, 03 Nov 2025 10:06:53 -0800 (PST) X-Relaying-Domain: iol.unh.edu Date: Mon, 03 Nov 2025 10:06:53 -0800 (PST) Message-ID: <6908ef3d.050a0220.10f890.5506SMTPIN_ADDED_MISSING@mx.google.com> Received: from [172.21.0.2] (unknown [172.18.0.240]) by postal.iol.unh.edu (Postfix) with ESMTP id 360BE6051830; Mon, 3 Nov 2025 13:06:53 -0500 (EST) Subject: |FAILURE| pw158353 [PATCH] app/testpmd: fix inner header parsing for From: dpdklab@iol.unh.edu To: Test Report Cc: dpdk-test-reports@iol.unh.edu, Stephen Hemminger , Shani Peretz In-Reply-To: <20251103164001.437863-1-shperetz@nvidia.com> References: <20251103164001.437863-1-shperetz@nvidia.com> Content-Type: text/plain X-BeenThere: test-report@dpdk.org X-Mailman-Version: 2.1.29 Precedence: list List-Id: automatic DPDK test reports List-Unsubscribe: , List-Archive: List-Post: List-Help: List-Subscribe: , Errors-To: test-report-bounces@dpdk.org Test-Label: iol-unit-amd64-testing Test-Status: FAILURE http://dpdk.org/patch/158353 _Testing issues_ Submitter: Shani Peretz Date: Monday, November 03 2025 16:40:01 DPDK git baseline: Repo:dpdk-next-net Branch: master CommitID:80dea84c15d0ba5b8b092db744e26319a6f23a04 158353 --> testing issues Upstream job id: Generic-VM-Unit-Test-DPDK#32249 Test environment and result as below: +-------------------------------+----------------+ | Environment | dpdk_unit_test | +===============================+================+ | CentOS Stream 9 | PASS | +-------------------------------+----------------+ | Ubuntu 24.04 | PASS | +-------------------------------+----------------+ | CentOS Stream 10 | PASS | +-------------------------------+----------------+ | Fedora Linux 41 | PASS | +-------------------------------+----------------+ | Fedora Linux 40 | PASS | +-------------------------------+----------------+ | Red Hat Enterprise Linux 8.10 | PASS | +-------------------------------+----------------+ | Fedora Linux 42 | PASS | +-------------------------------+----------------+ | Ubuntu 22.04 | PASS | +-------------------------------+----------------+ | Red Hat Enterprise Linux 9.5 | PASS | +-------------------------------+----------------+ | Debian GNU/Linux 12 | PASS | +-------------------------------+----------------+ | Ubuntu 20.04 | PASS | +-------------------------------+----------------+ | Windows Server 2022 | PASS | +-------------------------------+----------------+ CentOS Stream 9 Kernel: 5.15 Compiler: gcc gcc (GCC) 11.5.0 20240719 (Red Hat 11.5.0-11) Ubuntu 24.04 Kernel: 5.15 Compiler: gcc gcc (Ubuntu 13.3.0-6ubuntu2~24.04) 13.3.0 CentOS Stream 10 Kernel: 5.15 Compiler: gcc gcc (GCC) 14.2.1 20250110 (Red Hat 14.2.1-8) Fedora Linux 41 Kernel: 5.15 Compiler: clang gcc (GCC) 14.3.1 20250523 (Red Hat 14.3.1-1) Fedora Linux 40 Kernel: 5.15 Compiler: clang gcc (GCC) 14.2.1 20240912 (Red Hat 14.2.1-3) Red Hat Enterprise Linux 8.10 Kernel: 5.15 Compiler: gcc gcc (GCC) 8.5.0 20210514 (Red Hat 8.5.0-22) Fedora Linux 42 Kernel: 5.15 Compiler: clang gcc (GCC) 15.2.1 20250808 (Red Hat 15.2.1-1) Ubuntu 22.04 Kernel: 5.15 Compiler: gcc gcc (Ubuntu 11.4.0-1ubuntu1~22.04) 11.4.0 Red Hat Enterprise Linux 9.5 Kernel: 5.15 Compiler: gcc gcc (GCC) 11.5.0 20240719 (Red Hat 11.5.0-2) Debian GNU/Linux 12 Kernel: 5.15 Compiler: gcc gcc (Debian 12.2.0-14+deb12u1) 12.2.0 Ubuntu 20.04 Kernel: 5.15 Compiler: gcc gcc (Ubuntu 9.4.0-1ubuntu1~20.04.2) 9.4.0 Windows Server 2022 Kernel: 10.0.20348.2031 Compiler: clang 15.0.7, gcc 14.1.0 (MinGW), and MSVC VS 19.39.33521 To view detailed results, visit: https://lab.dpdk.org/results/dashboard/patchsets/34445/ UNH-IOL DPDK Community Lab To manage your email subscriptions, visit: https://lab.dpdk.org/results/dashboard/preferences/subscriptions/