From mboxrd@z Thu Jan 1 00:00:00 1970 Return-Path: Received: from mails.dpdk.org (mails.dpdk.org [217.70.189.124]) by inbox.dpdk.org (Postfix) with ESMTP id 500E348A9A for ; Tue, 4 Nov 2025 07:26:58 +0100 (CET) Received: from mails.dpdk.org (localhost [127.0.0.1]) by mails.dpdk.org (Postfix) with ESMTP id 4A26F40285; Tue, 4 Nov 2025 07:26:58 +0100 (CET) Received: from mail-yx1-f98.google.com (mail-yx1-f98.google.com [74.125.224.98]) by mails.dpdk.org (Postfix) with ESMTP id DF1DE40285 for ; Tue, 4 Nov 2025 07:26:56 +0100 (CET) Received: by mail-yx1-f98.google.com with SMTP id 956f58d0204a3-63e393c49f1so4716051d50.0 for ; Mon, 03 Nov 2025 22:26:56 -0800 (PST) DKIM-Signature: v=1; a=rsa-sha256; c=relaxed/relaxed; d=iol.unh.edu; s=unh-iol; t=1762237616; x=1762842416; darn=dpdk.org; h=cc:to:from:subject:message-id:date:from:to:cc:subject:date :message-id:reply-to; bh=0TOeQNhu9cAoINUtaAzJPETh1I0qZGz11L5/Qwvyy54=; b=c46Ju3PDArwnqGJjB1CkZJy2tR59D+KUsPMYkaeP2mzMTDmpkOiknOJ5f5TSUDf+9R Icb93SKfAAgYAUGd2iiM3Mru0UIvWYW/LAEs7Af8mv9gf09OB0AU3ka+36+Io3HC7bcx L4qT482Vwu4Kn24pVzLFiI9yEx6uktJYGOpf0= X-Google-DKIM-Signature: v=1; a=rsa-sha256; c=relaxed/relaxed; d=1e100.net; s=20230601; t=1762237616; x=1762842416; h=cc:to:from:subject:message-id:date:x-gm-message-state:from:to:cc :subject:date:message-id:reply-to; bh=0TOeQNhu9cAoINUtaAzJPETh1I0qZGz11L5/Qwvyy54=; b=CCH+bg0SJZtO64Dua9V4U9UIfwSQ1kSZJbCk92R2Rc3FUc7pKe1AZevFnhrPVN0nQW nywzwMCHlDLHzFvsWjYTdPF/C52RVlogxPG9BAV8ev/V+/e2LpfgvL9eqNdStPPuicH2 GnWzyfRbRbo4Oy6DH00VQNnhcIli953o8L3pF6YQtWrXbjvBK+NZ/h8vXC6Y8IpVamtl vMeinw0lNySgZ+RQPvbknC9ynPDOcfqh/j4uqx0AQDh6PK8ayvA03/vWSBT8a8IW1Vb+ SPgfAKQwS5qVzEr2FTjiNcVoPkdlkCqzRmkjIF87ZapRqNoKFUx8Vfm1QkWXf7ySqN/K RCcA== X-Gm-Message-State: AOJu0YxqXWf7GoS5ktWqNKvc6ZkTGqv9iTGpmsZPH/sAz6Fv8EC1M3Fi EPcuue2g094BBo+XxsYQaEQOJUTzI3OY0gzanH+fXrAlBIFjt7haDmjsn4ZoSza23bYxNb6/vuk dB9/aGGI3+CsedZmn373yV4xVHbTPOkVsbxGG X-Gm-Gg: ASbGnct7FkCxu7tLN//vJQzH2KDpRMucGSfEQpMSMdGHyh9KJuddqk232ATu4GwH7zp n7HXTubZzeb6+C3KMvYVfuZN+Sgi6luddt+rANgkvN2O0ZU2g8tR9rGOd+BMfBPm1jxYDNEo3mf j8L4RjrHxxrM2gxNAhtf89GTbPWHRi0vK2Lf/dnIYIsfdJDhsx4G/ClGZHN5qlSE7FXMfn1OUBq QXMZs8uPYyrLGWifFfF+Dy6Vg1G1kw539QBp7ZukMWhbsWAD+Jm7jSJ/CenOFotPqqpBYajMYn0 lXVG55+H+XHWfuwpOUqd6wsgw4KJs2pxU5Gd0c+OB7/N3w9uh6EZEkw9fA7oh753Oc6a/D0LZiB umsP0wKaElHDtCXTo6zXvxpPaDZEhoDw= X-Google-Smtp-Source: AGHT+IGUTLDNeesvPdfznO9ZTVOuSeRbavfKOEHVzzlX66Q4o4BfLDjXBUuHV5p3djahPdJjDl2gmhCOFX37 X-Received: by 2002:a05:690e:1518:b0:63f:b082:4d5a with SMTP id 956f58d0204a3-63fb0825418mr6026588d50.57.1762237616215; Mon, 03 Nov 2025 22:26:56 -0800 (PST) Received: from postal.iol.unh.edu (postal.iol.unh.edu. [132.177.123.84]) by smtp-relay.gmail.com with ESMTPS id 00721157ae682-78691dcedfbsm1217247b3.17.2025.11.03.22.26.56 (version=TLS1_2 cipher=ECDHE-ECDSA-AES128-GCM-SHA256 bits=128/128); Mon, 03 Nov 2025 22:26:56 -0800 (PST) X-Relaying-Domain: iol.unh.edu Date: Mon, 03 Nov 2025 22:26:56 -0800 (PST) Message-ID: <69099cb0.050a0220.4a8d7.6dddSMTPIN_ADDED_MISSING@mx.google.com> Received: from [172.21.0.2] (unknown [172.18.0.240]) by postal.iol.unh.edu (Postfix) with ESMTP id BA7B86051830; Tue, 4 Nov 2025 01:26:55 -0500 (EST) Subject: |FAILURE| [GIT MASTER] 62f583c49bf67dd4d6733ece14e55fe6839e66d1 From: dpdklab@iol.unh.edu To: Test Report Cc: dpdk-test-reports@iol.unh.edu, Xueming Li , Christian Ehrhardt , Kevin Traynor , Luca Boccassi Content-Type: text/plain X-BeenThere: test-report@dpdk.org X-Mailman-Version: 2.1.29 Precedence: list List-Id: automatic DPDK test reports List-Unsubscribe: , List-Archive: List-Post: List-Help: List-Subscribe: , Errors-To: test-report-bounces@dpdk.org _Testing issues_ Branch: tags/v23.11 62f583c49bf67dd4d6733ece14e55fe6839e66d1 --> testing issues Upstream job id: Windows-Compile-DPDK-VS#7409 Test environment and result as below: +-------------------------------+--------------------+------------------+-------------------+ | Environment | dpdk_meson_compile | dpdk_compile_ovs | dpdk_msvc_compile | +===============================+====================+==================+===================+ | CentOS Stream 9 | PASS | SKIPPED | SKIPPED | +-------------------------------+--------------------+------------------+-------------------+ | CentOS Stream 10 | PASS | SKIPPED | SKIPPED | +-------------------------------+--------------------+------------------+-------------------+ | Debian GNU/Linux 12 | PASS | SKIPPED | SKIPPED | +-------------------------------+--------------------+------------------+-------------------+ | Ubuntu 20.04 | PASS | SKIPPED | SKIPPED | +-------------------------------+--------------------+------------------+-------------------+ | Fedora Linux 42 | FAIL | WARN | SKIPPED | +-------------------------------+--------------------+------------------+-------------------+ | openSUSE Leap 15.6 | PASS | SKIPPED | SKIPPED | +-------------------------------+--------------------+------------------+-------------------+ | Red Hat Enterprise Linux 8.10 | PASS | SKIPPED | SKIPPED | +-------------------------------+--------------------+------------------+-------------------+ | Red Hat Enterprise Linux 9.5 | PASS | SKIPPED | SKIPPED | +-------------------------------+--------------------+------------------+-------------------+ | Ubuntu 22.04 | PASS | SKIPPED | SKIPPED | +-------------------------------+--------------------+------------------+-------------------+ | Ubuntu 24.04 | PASS | PASS | SKIPPED | +-------------------------------+--------------------+------------------+-------------------+ | Alpine Linux 3.22.0 | PASS | SKIPPED | SKIPPED | +-------------------------------+--------------------+------------------+-------------------+ | FreeBSD 14.2 | PASS | SKIPPED | SKIPPED | +-------------------------------+--------------------+------------------+-------------------+ | Windows Server 2022 | SKIPPED | SKIPPED | PASS | +-------------------------------+--------------------+------------------+-------------------+ ==== 20 line log output for Fedora Linux 42 (dpdk_compile_ovs): ==== --- Failed to get log output --- ==== End log output ==== CentOS Stream 9 Kernel: 5.15 Compiler: gcc gcc (GCC) 11.5.0 20240719 (Red Hat 11.5.0-11) CentOS Stream 10 Kernel: 5.15 Compiler: gcc gcc (GCC) 14.2.1 20250110 (Red Hat 14.2.1-8) Debian GNU/Linux 12 Kernel: 5.15 Compiler: gcc gcc (Debian 12.2.0-14+deb12u1) 12.2.0 Ubuntu 20.04 Kernel: 4.19 Compiler: gcc gcc (Ubuntu 9.4.0-1ubuntu1~20.04.2) 9.4.0 Fedora Linux 42 Kernel: 5.15 Compiler: clang gcc (GCC) 15.2.1 20250808 (Red Hat 15.2.1-1) openSUSE Leap 15.6 Kernel: 5.15 Compiler: gcc gcc (SUSE Linux) 7.5.0 Red Hat Enterprise Linux 8.10 Kernel: 5.15 Compiler: gcc gcc (GCC) 8.5.0 20210514 (Red Hat 8.5.0-22) Red Hat Enterprise Linux 9.5 Kernel: 5.15 Compiler: gcc gcc (GCC) 11.5.0 20240719 (Red Hat 11.5.0-2) Ubuntu 22.04 Kernel: 5.15 Compiler: gcc gcc (Ubuntu 11.4.0-1ubuntu1~22.04) 11.4.0 Ubuntu 24.04 Kernel: 5.15 Compiler: gcc gcc (Ubuntu 13.3.0-6ubuntu2~24.04) 13.3.0 Alpine Linux 3.22.0 Kernel: 5.15 Compiler: gcc gcc (Alpine 14.2.0) 14.2.0 FreeBSD 14.2 Kernel: 14.2-RELEASE Compiler: clang 18.1.6 Windows Server 2022 Kernel: 10.0.20348.2031 Compiler: clang 15.0.7, gcc 14.1.0 (MinGW), and MSVC VS 19.39.33521 To view detailed results, visit: https://lab.dpdk.org/results/dashboard/tarballs/35440/ UNH-IOL DPDK Community Lab To manage your email subscriptions, visit: https://lab.dpdk.org/results/dashboard/preferences/subscriptions/