From mboxrd@z Thu Jan 1 00:00:00 1970 Return-Path: Received: from mails.dpdk.org (mails.dpdk.org [217.70.189.124]) by inbox.dpdk.org (Postfix) with ESMTP id 8F8C648A9A for ; Tue, 4 Nov 2025 07:36:26 +0100 (CET) Received: from mails.dpdk.org (localhost [127.0.0.1]) by mails.dpdk.org (Postfix) with ESMTP id 8A15E40285; Tue, 4 Nov 2025 07:36:26 +0100 (CET) Received: from mail-qt1-f225.google.com (mail-qt1-f225.google.com [209.85.160.225]) by mails.dpdk.org (Postfix) with ESMTP id 1FAE040285 for ; Tue, 4 Nov 2025 07:36:25 +0100 (CET) Received: by mail-qt1-f225.google.com with SMTP id d75a77b69052e-4ed0f3d4611so50729031cf.3 for ; Mon, 03 Nov 2025 22:36:25 -0800 (PST) DKIM-Signature: v=1; a=rsa-sha256; c=relaxed/relaxed; d=iol.unh.edu; s=unh-iol; t=1762238184; x=1762842984; darn=dpdk.org; h=cc:to:from:subject:message-id:date:from:to:cc:subject:date :message-id:reply-to; bh=95Pl37nrMVgNGXppaJUst4fxXh3Fk+oGI7OFMgWxF1c=; b=TQHVSAyjwJMwNN5DmwwAMoROTU1sj+tzg3CHVR/zu6Ivel0509QsYX+oREcPrfjEG2 34WJ96eDmNUMhIaECUA/Fwi27pjTOs7ynAFhWtTDyDibyMurh671aLpTa5iUmqXu/wbS SJB7nSTK0HpOVP62AV8G2Ygx/kbkpJAIYU1Lo= X-Google-DKIM-Signature: v=1; a=rsa-sha256; c=relaxed/relaxed; d=1e100.net; s=20230601; t=1762238184; x=1762842984; h=cc:to:from:subject:message-id:date:x-gm-message-state:from:to:cc :subject:date:message-id:reply-to; bh=95Pl37nrMVgNGXppaJUst4fxXh3Fk+oGI7OFMgWxF1c=; b=U+rflWQFMmIzmxqie8WhzYK7ENhkiXCU6nvwaDf7Bfpa1IcNK1c5gujx9V40cBj36r F56Gqg1u2E9ufnmm99tzkB8pq2KO18qH+W4oJ8KAU7FVlyJuDH3rCzaeoNAzg+NdtfQv GKJ95LORJt5yGsBZ2c8SrQjhv/ZskpJ/ZvP3Hc9gLG6D7Gu57s61/rGdTo2rdUlIDnDD ieaoRSI6ikDUJbzhdtKFSeee/hGkBzqrhcVpBIxD5qpF7n9Prid+u9QOYDXMGv7tZkoZ LMpjDrvmISmgC/kqFFNAytQmnrg/aUnyUegv3QaPw/LUGKjzjrF4T5L1M5jARa+CVIuc Lijw== X-Gm-Message-State: AOJu0YzkOgEQnB6KuNBG0ya5yZBJFAaNpAHUJMK3G3HKUOAmfxkpWjau gj0USRxyz+uvmtvqQphN9MNyRegIvur8tom0cQ/JjEaLwGa5Xop7vEgYxfX4qbCFG3VNEmNUs5I lv5CCkwcnkeQTJgE+HovicQiLyw8c7WhQTJNWtMNKlEeUPnbTM0uJ X-Gm-Gg: ASbGncugA5SLdSIcMx2AFdUQHut1ABJtqU1SKnSEADDelMvmi7xWKhsSdBfoO3Muq7+ 4yunW2CyE1dNdE3Uh6Z/uqJ7rZCJGFSEX7X5hTesmb98fOHuiRLkxPAeeBED91ly610bvbUXbM+ enoVLvm6clq9Tq3i/MQL08Iemsl8u55IlN+5ra+4j1LacWqJfl32hwfZvGZX76S0KBoZFIK7r8C RWPgmPxj5C9w48LRVF5XPvXUiPnlon8si0wJoKjdXeEKQLst4TvW9wwe59i64ZArWNZdWwhSgpA r9Jt7NV4kIqtzI4G80HdM6iPHbGMRA+pYKoz4Q/OQHIyBlFthjfsKFg+wiRoqwG80T2g/1XtK39 Y9J5rXKqi X-Google-Smtp-Source: AGHT+IFb1/4NMP3TnzLT7ELy2U+2uK6T23b8q2jjjRCby/w+fKvU7Yk3XcQbTRVrFXWyOJEW03dbWFMNA7st X-Received: by 2002:a05:622a:418e:b0:4d2:c24f:848f with SMTP id d75a77b69052e-4ed30b5db2amr172639811cf.0.1762238184419; Mon, 03 Nov 2025 22:36:24 -0800 (PST) Received: from postal.iol.unh.edu (postal.iol.unh.edu. [2606:4100:3880:1234::84]) by smtp-relay.gmail.com with ESMTPS id 6a1803df08f44-88060e47cbfsm2081266d6.19.2025.11.03.22.36.24 (version=TLS1_2 cipher=ECDHE-ECDSA-AES128-GCM-SHA256 bits=128/128); Mon, 03 Nov 2025 22:36:24 -0800 (PST) X-Relaying-Domain: iol.unh.edu Date: Mon, 03 Nov 2025 22:36:24 -0800 (PST) Message-ID: <69099ee8.d40a0220.d1e6.c604SMTPIN_ADDED_MISSING@mx.google.com> Received: from [172.21.0.2] (unknown [172.18.0.240]) by postal.iol.unh.edu (Postfix) with ESMTP id 0236F60003F4; Tue, 4 Nov 2025 01:36:24 -0500 (EST) Subject: |FAILURE| [GIT MASTER] 62f583c49bf67dd4d6733ece14e55fe6839e66d1 From: dpdklab@iol.unh.edu To: Test Report Cc: dpdk-test-reports@iol.unh.edu, Xueming Li , Christian Ehrhardt , Kevin Traynor , Luca Boccassi Content-Type: text/plain X-BeenThere: test-report@dpdk.org X-Mailman-Version: 2.1.29 Precedence: list List-Id: automatic DPDK test reports List-Unsubscribe: , List-Archive: List-Post: List-Help: List-Subscribe: , Errors-To: test-report-bounces@dpdk.org _Testing issues_ Branch: tags/v23.11 62f583c49bf67dd4d6733ece14e55fe6839e66d1 --> testing issues Upstream job id: Generic-VM-Unit-Test-DPDK#32262 Test environment and result as below: +-------------------------------+----------------+ | Environment | dpdk_unit_test | +===============================+================+ | Fedora Linux 41 | PASS | +-------------------------------+----------------+ | Fedora Linux 40 | PASS | +-------------------------------+----------------+ | Debian GNU/Linux 12 | PASS | +-------------------------------+----------------+ | CentOS Stream 10 | PASS | +-------------------------------+----------------+ | CentOS Stream 9 | PASS | +-------------------------------+----------------+ | Fedora Linux 42 | PASS | +-------------------------------+----------------+ | Red Hat Enterprise Linux 9.5 | PASS | +-------------------------------+----------------+ | Red Hat Enterprise Linux 8.10 | PASS | +-------------------------------+----------------+ | Ubuntu 20.04 | PASS | +-------------------------------+----------------+ | Ubuntu 24.04 | PASS | +-------------------------------+----------------+ | Ubuntu 22.04 | PASS | +-------------------------------+----------------+ | Windows Server 2022 | FAIL | +-------------------------------+----------------+ ==== Unit test summary for Windows Server 2022 (dpdk_unit_test): ==== Failed to get the unit test results. Displaying the unit test results is not supported for some environments, such as our aarch32 testing, where meson is not used to run the tests. Download the logs available on our CI site. ==== End log output ==== Fedora Linux 41 Kernel: 5.15 Compiler: gcc gcc (GCC) 14.3.1 20250523 (Red Hat 14.3.1-1) Fedora Linux 40 Kernel: 5.15 Compiler: gcc gcc (GCC) 14.2.1 20240912 (Red Hat 14.2.1-3) Debian GNU/Linux 12 Kernel: 5.15 Compiler: gcc gcc (Debian 12.2.0-14+deb12u1) 12.2.0 CentOS Stream 10 Kernel: 5.15 Compiler: gcc gcc (GCC) 14.2.1 20250110 (Red Hat 14.2.1-8) CentOS Stream 9 Kernel: 5.15 Compiler: gcc gcc (GCC) 11.5.0 20240719 (Red Hat 11.5.0-11) Fedora Linux 42 Kernel: 5.15 Compiler: gcc gcc (GCC) 15.2.1 20250808 (Red Hat 15.2.1-1) Red Hat Enterprise Linux 9.5 Kernel: 5.15 Compiler: gcc gcc (GCC) 11.5.0 20240719 (Red Hat 11.5.0-2) Red Hat Enterprise Linux 8.10 Kernel: 5.15 Compiler: gcc gcc (GCC) 8.5.0 20210514 (Red Hat 8.5.0-22) Ubuntu 20.04 Kernel: 5.15 Compiler: gcc gcc (Ubuntu 9.4.0-1ubuntu1~20.04.2) 9.4.0 Ubuntu 24.04 Kernel: 5.15 Compiler: gcc gcc (Ubuntu 13.3.0-6ubuntu2~24.04) 13.3.0 Ubuntu 22.04 Kernel: 5.15 Compiler: gcc gcc (Ubuntu 11.4.0-1ubuntu1~22.04) 11.4.0 Windows Server 2022 Kernel: 10.0.20348.2031 Compiler: clang 15.0.7, gcc 14.1.0 (MinGW), and MSVC VS 19.39.33521 To view detailed results, visit: https://lab.dpdk.org/results/dashboard/tarballs/35440/ UNH-IOL DPDK Community Lab To manage your email subscriptions, visit: https://lab.dpdk.org/results/dashboard/preferences/subscriptions/