From mboxrd@z Thu Jan 1 00:00:00 1970 Return-Path: Received: from mails.dpdk.org (mails.dpdk.org [217.70.189.124]) by inbox.dpdk.org (Postfix) with ESMTP id EB43E48A9A for ; Tue, 4 Nov 2025 07:38:41 +0100 (CET) Received: from mails.dpdk.org (localhost [127.0.0.1]) by mails.dpdk.org (Postfix) with ESMTP id E49D640285; Tue, 4 Nov 2025 07:38:41 +0100 (CET) Received: from mail-io1-f100.google.com (mail-io1-f100.google.com [209.85.166.100]) by mails.dpdk.org (Postfix) with ESMTP id E0D1140285 for ; Tue, 4 Nov 2025 07:38:40 +0100 (CET) Received: by mail-io1-f100.google.com with SMTP id ca18e2360f4ac-93e7ece3025so215915339f.1 for ; Mon, 03 Nov 2025 22:38:40 -0800 (PST) DKIM-Signature: v=1; a=rsa-sha256; c=relaxed/relaxed; d=iol.unh.edu; s=unh-iol; t=1762238320; x=1762843120; darn=dpdk.org; h=cc:to:from:subject:message-id:date:from:to:cc:subject:date :message-id:reply-to; bh=quztQfr7vzxJAcF4qehpenlJ+V9HfgQYiM/YhEgjUOM=; b=aeksIAZiUVDf4upE/VnwOMkAe9ZNDSh3Xfi+iKBr7FxoZdu2a7yBoWdsIe2F4JweFx Y2WZPmxXg0NFRZJQA1IYZYJWkoqhGPKUoeJ7FFIHjKwLOjeM0MJ9rkwAxX1jwEtHyToK STGwI9xu9v5uUf7FmhBWEAz6WkI3X5n0NUpOM= X-Google-DKIM-Signature: v=1; a=rsa-sha256; c=relaxed/relaxed; d=1e100.net; s=20230601; t=1762238320; x=1762843120; h=cc:to:from:subject:message-id:date:x-gm-message-state:from:to:cc :subject:date:message-id:reply-to; bh=quztQfr7vzxJAcF4qehpenlJ+V9HfgQYiM/YhEgjUOM=; b=cQUYR6PhkdA7sFASQPbWXkyYlsiV3kHCCn527xNS0H51y835TMMa7E3Bx3YpxZMfMG E46EXiIr/uonzpmmUNDGZ4dlXgIpoqifdmIGoNFK4qqBBYStAlLC9zkQOkcEk/+DciX5 oVuDGkSJy9VUe7+KPVyy61kAKwFQsGDpJwqmSjoQveNHP0gQTn6Yj5/+ocxm5esC4op5 rX2i/TYqtbXVl0FWe4tJ0/9pAzwQa0q/PVFMlUr45tpzlWritHI78wt+VWDYwAV1bESy MqonaHbTbgzsaWZiANf8Kngl22VIRf5qLDTaXnmLyofK2DEjdd9wGBJygfM2rEJBE2VC xNIg== X-Gm-Message-State: AOJu0YxF8JK7GAwsY79t+2xusCfzApl2leEOqYxVDUzdjYea6NLCjqCC jKx4njYehS4sNVxsAXXq2pDp0mUY+9/5BSjhVaxdKNxf1sexZY2WHlrOkCmFcaUBFC+Pai0apgx O2e6IhGeC1DfTUT0+u9UR1Gzg9pJ27SEfQXZ9 X-Gm-Gg: ASbGnctNYfEiWd3XH9FH612FriMrxhy5gALRR3ROsVaWGvuDzxWpYAn9gPvsrnHPdUa +Vi7FEMQrW3HoEkSFDNzWbZjuO9zJ/h5VZdAKKse5bjCTyRr46tCmQWepNSdxmLPGDXZWZR5GRF lUdQ1I9m+lUIOhTzI3KB0aDNSt//ed5dh0SHaJ0prC/L88iGrq9vQjG3qfp6wlFzHIRAr8omQZB eAHsRo8AQHLqvqwG7yThvL9R5qzmvwIXRmN6d9hMLS9kEdT8gx6lX8VM192apLdjc3bVZzQcqdm b12vsqxraeE7zwN0wQJ9mM/YWW7Qs2HngJ0OnZMNGvMx3F3dUZjC9zhRd29ObLK4Myb0VZtYce6 /MCT/koCrVaUL7UQD7YqzcUGBOx7mJak= X-Google-Smtp-Source: AGHT+IGci422ngKlvWQ/JoZCLKAe6cCsrU28Ex6L7l6bgDuhVd6JkVWps4aamwoimr8bm/rdadIiGWY3zZwP X-Received: by 2002:a92:d907:0:b0:433:23c5:5b16 with SMTP id e9e14a558f8ab-4333789c6e4mr29579715ab.12.1762238320188; Mon, 03 Nov 2025 22:38:40 -0800 (PST) Received: from postal.iol.unh.edu (postal.iol.unh.edu. [132.177.123.84]) by smtp-relay.gmail.com with ESMTPS id 8926c6da1cb9f-5b722730159sm260330173.38.2025.11.03.22.38.40 (version=TLS1_2 cipher=ECDHE-ECDSA-AES128-GCM-SHA256 bits=128/128); Mon, 03 Nov 2025 22:38:40 -0800 (PST) X-Relaying-Domain: iol.unh.edu Date: Mon, 03 Nov 2025 22:38:40 -0800 (PST) Message-ID: <69099f70.050a0220.16aff8.e92eSMTPIN_ADDED_MISSING@mx.google.com> Received: from [172.21.0.2] (unknown [172.18.0.240]) by postal.iol.unh.edu (Postfix) with ESMTP id 919196051830; Tue, 4 Nov 2025 01:38:39 -0500 (EST) Subject: |FAILURE| [GIT MASTER] 62f583c49bf67dd4d6733ece14e55fe6839e66d1 From: dpdklab@iol.unh.edu To: Test Report Cc: dpdk-test-reports@iol.unh.edu, Xueming Li , Christian Ehrhardt , Kevin Traynor , Luca Boccassi Content-Type: text/plain X-BeenThere: test-report@dpdk.org X-Mailman-Version: 2.1.29 Precedence: list List-Id: automatic DPDK test reports List-Unsubscribe: , List-Archive: List-Post: List-Help: List-Subscribe: , Errors-To: test-report-bounces@dpdk.org _Testing issues_ Branch: tags/v23.11 62f583c49bf67dd4d6733ece14e55fe6839e66d1 --> testing issues Upstream job id: Generic-DPDK-Compile-Meson#440373 Test environment and result as below: +------------------------------+--------------------+ | Environment | dpdk_meson_compile | +==============================+====================+ | Ubuntu 20.04 | PASS | +------------------------------+--------------------+ | Red Hat Enterprise Linux 9.5 | PASS | +------------------------------+--------------------+ | Fedora Linux 42 | PEND | +------------------------------+--------------------+ | Debian GNU/Linux 12 | PASS | +------------------------------+--------------------+ | Ubuntu 22.04 | PASS | +------------------------------+--------------------+ | Ubuntu 24.04 | PASS | +------------------------------+--------------------+ | CentOS Stream 9 | PASS | +------------------------------+--------------------+ | CentOS Stream 10 | PASS | +------------------------------+--------------------+ Ubuntu 20.04 Kernel: 5.15 Compiler: aarch64-linux-gnu-gcc gcc (Ubuntu 9.4.0-1ubuntu1~20.04.2) 9.4.0 Red Hat Enterprise Linux 9.5 Kernel: 5.4 Compiler: gcc gcc (GCC) 11.5.0 20240719 (Red Hat 11.5.0-2) Fedora Linux 42 Kernel: 5.4 Compiler: gcc gcc (GCC) 15.2.1 20250808 (Red Hat 15.2.1-1) Debian GNU/Linux 12 Kernel: 5.4 Compiler: gcc gcc (Debian 12.2.0-14+deb12u1) 12.2.0 Ubuntu 22.04 Kernel: 5.4 Compiler: gcc gcc (Ubuntu 11.4.0-1ubuntu1~22.04) 11.4.0 Ubuntu 24.04 Kernel: 5.4 Compiler: gcc gcc (Ubuntu 13.3.0-6ubuntu2~24.04) 13.3.0 CentOS Stream 9 Kernel: 5.4 Compiler: gcc gcc (GCC) 11.5.0 20240719 (Red Hat 11.5.0-11) CentOS Stream 10 Kernel: 5.4 Compiler: gcc gcc (GCC) 14.2.1 20250110 (Red Hat 14.2.1-8) To view detailed results, visit: https://lab.dpdk.org/results/dashboard/tarballs/35440/ UNH-IOL DPDK Community Lab To manage your email subscriptions, visit: https://lab.dpdk.org/results/dashboard/preferences/subscriptions/