From mboxrd@z Thu Jan 1 00:00:00 1970 Return-Path: Received: from mails.dpdk.org (mails.dpdk.org [217.70.189.124]) by inbox.dpdk.org (Postfix) with ESMTP id C36F948A9C for ; Tue, 4 Nov 2025 08:42:40 +0100 (CET) Received: from mails.dpdk.org (localhost [127.0.0.1]) by mails.dpdk.org (Postfix) with ESMTP id B175840285; Tue, 4 Nov 2025 08:42:40 +0100 (CET) Received: from mail-yw1-f226.google.com (mail-yw1-f226.google.com [209.85.128.226]) by mails.dpdk.org (Postfix) with ESMTP id D31AC40285 for ; Tue, 4 Nov 2025 08:42:39 +0100 (CET) Received: by mail-yw1-f226.google.com with SMTP id 00721157ae682-7866a2e932aso22434657b3.2 for ; Mon, 03 Nov 2025 23:42:39 -0800 (PST) DKIM-Signature: v=1; a=rsa-sha256; c=relaxed/relaxed; d=iol.unh.edu; s=unh-iol; t=1762242159; x=1762846959; darn=dpdk.org; h=cc:to:from:subject:message-id:date:from:to:cc:subject:date :message-id:reply-to; bh=A/cF9UuDLMZUUvrUrqXUuSG7y1uQD1uwI0AbOAKi3uw=; b=U0P63R7K0NMopK6p1AyDYc9ALC7A7SCDPcLP0O9wolWpZOvBhRKFrDsq2ex7Bc7dd2 C3YBLCFg7TpbhlOPU4R06UBIeRWEZKkbrA8sRgmXUckEcC9GK2tAs6TbaDANR8hZNgPN mY8BTRMmsAvyaKzOz3U0QXt7WRn3p5BE8pMOo= X-Google-DKIM-Signature: v=1; a=rsa-sha256; c=relaxed/relaxed; d=1e100.net; s=20230601; t=1762242159; x=1762846959; h=cc:to:from:subject:message-id:date:x-gm-message-state:from:to:cc :subject:date:message-id:reply-to; bh=A/cF9UuDLMZUUvrUrqXUuSG7y1uQD1uwI0AbOAKi3uw=; b=kr6w6vBdreKMD/47X/9vfrljT4C7FRsA9jzxaqrUvApHe0Y9ox3GHE2zW4aacP38Gu UOajPdWm7VDmMoYNAcHCRo/RXJyshRX/cgkmpWWDAJjgDl4ZKmIpvpMHaMvajI3k/QZC AXjeKswGG71UpEymsgZYwFGy18fJj99X7Bk7FSxOVGh4sXKbEjba6LFg+rPdmAdbHJR7 dmfXnjExXHbYNJR4be4A3e4bA/GsMzhinbWrX/HseUT9tW45LcCULrpCCRusgZQDZBim oLWr2ID/D+7lHvhouQgZW2DWaLAynnWdUcSYQt+VOed0H90PAigudaEH5E39Egpnxxm3 MuOw== X-Gm-Message-State: AOJu0Yyue0m0VDVGZ3bgAOKnCUocT9TnD/ji8w2K0T3y4fkNFZwZr5LF WEaTZPcanfwuvKExIPWuDZ8eNz5hq+IfZde/U1Nh2vyJhHhcaCmaC7KDzwE4L0m1zX4RKAWonjp bOFtBwxSjJvUxV2QnZtZD58/wQraXVC7i2t2gtjthJXCAqkmLDP25 X-Gm-Gg: ASbGncs4xuZos4kX1258Du/4RmAaxteyVZu7E+rzZnd8HP0Q6xo0xjuSBgExTOyrjOv iDKfLPUTjvTFaY4bZHXLntnbydAl53OgM8n2LPy85G4XWQm3SQuklxuacKELxvkzsjR6YOC+aib wQxorq6+VWhrBSokJMriT1Nzu4p6XQDK19WGJveRiZMoUGjnhge0Zhu/2iW6D4Xb63P9KiblIxh F7QB7XTIvRaNdO3h5drlRsRJYU8ZiGFFE6mVLjGnFOOLWMb79aCHdiHfm7nCtWZ+pu4lVKP48Oh ENlXS/poXodDatZGao99RVWEiNHfrYJQr10KDSuQ4xtWs0u+vdqJfs5MeWp5KebBXZ+SH7cRsnM 1qKCaTEQR X-Google-Smtp-Source: AGHT+IFyHUPuYiSto0a6RDS1WC6yPdiuivxxuCoQYI2J/l9jYe7dbN71zxtYcJp9r2et96dV2Z+i5cGuJ7g1 X-Received: by 2002:a05:690c:4d0a:b0:782:e1bf:6ead with SMTP id 00721157ae682-78648560ddcmr148373277b3.70.1762242159075; Mon, 03 Nov 2025 23:42:39 -0800 (PST) Received: from postal.iol.unh.edu (postal.iol.unh.edu. [2606:4100:3880:1234::84]) by smtp-relay.gmail.com with ESMTPS id 00721157ae682-78691cc6c79sm1285187b3.13.2025.11.03.23.42.38 (version=TLS1_2 cipher=ECDHE-ECDSA-AES128-GCM-SHA256 bits=128/128); Mon, 03 Nov 2025 23:42:39 -0800 (PST) X-Relaying-Domain: iol.unh.edu Date: Mon, 03 Nov 2025 23:42:39 -0800 (PST) Message-ID: <6909ae6f.050a0220.100a65.7834SMTPIN_ADDED_MISSING@mx.google.com> Received: from [172.21.0.2] (unknown [172.18.0.240]) by postal.iol.unh.edu (Postfix) with ESMTP id 886FB6051830; Tue, 4 Nov 2025 02:42:38 -0500 (EST) Subject: |FAILURE| [GIT MASTER] 62f583c49bf67dd4d6733ece14e55fe6839e66d1 From: dpdklab@iol.unh.edu To: Test Report Cc: dpdk-test-reports@iol.unh.edu, Xueming Li , Christian Ehrhardt , Kevin Traynor , Luca Boccassi Content-Type: text/plain X-BeenThere: test-report@dpdk.org X-Mailman-Version: 2.1.29 Precedence: list List-Id: automatic DPDK test reports List-Unsubscribe: , List-Archive: List-Post: List-Help: List-Subscribe: , Errors-To: test-report-bounces@dpdk.org _Testing issues_ Branch: tags/v23.11 62f583c49bf67dd4d6733ece14e55fe6839e66d1 --> testing issues Upstream job id: Generic-Unit-Test-DPDK#388164 Test environment and result as below: +------------------------------+--------------+---------------------------+------------------------------+----------------+ | Environment | lpm_autotest | cryptodev_sw_zuc_autotest | cryptodev_sw_snow3g_autotest | dpdk_unit_test | +==============================+==============+===========================+==============================+================+ | Ubuntu 20.04 | PASS | SKIPPED | SKIPPED | PEND | +------------------------------+--------------+---------------------------+------------------------------+----------------+ | Debian 12 (arm) | SKIPPED | PASS | PASS | SKIPPED | +------------------------------+--------------+---------------------------+------------------------------+----------------+ | Fedora Linux 40 | SKIPPED | SKIPPED | SKIPPED | PASS | +------------------------------+--------------+---------------------------+------------------------------+----------------+ | Debian GNU/Linux 12 | SKIPPED | SKIPPED | SKIPPED | PASS | +------------------------------+--------------+---------------------------+------------------------------+----------------+ | CentOS Stream 9 | SKIPPED | SKIPPED | SKIPPED | PASS | +------------------------------+--------------+---------------------------+------------------------------+----------------+ | CentOS Stream 10 | SKIPPED | SKIPPED | SKIPPED | PASS | +------------------------------+--------------+---------------------------+------------------------------+----------------+ | Fedora Linux 41 | SKIPPED | SKIPPED | SKIPPED | PEND | +------------------------------+--------------+---------------------------+------------------------------+----------------+ | Fedora Linux 42 | SKIPPED | SKIPPED | SKIPPED | PEND | +------------------------------+--------------+---------------------------+------------------------------+----------------+ | Red Hat Enterprise Linux 9.5 | SKIPPED | SKIPPED | SKIPPED | PEND | +------------------------------+--------------+---------------------------+------------------------------+----------------+ | Ubuntu 24.04 | SKIPPED | SKIPPED | SKIPPED | PEND | +------------------------------+--------------+---------------------------+------------------------------+----------------+ | Ubuntu 22.04 | SKIPPED | SKIPPED | SKIPPED | PASS | +------------------------------+--------------+---------------------------+------------------------------+----------------+ Ubuntu 20.04 Kernel: 5.4 Compiler: gcc gcc (Ubuntu 9.4.0-1ubuntu1~20.04.2) 9.4.0 Debian 12 (arm) Kernel: Depends on container host Compiler: gcc (Debian 12.2.0-14) 12.2.0 Fedora Linux 40 Kernel: 5.4 Compiler: gcc gcc (GCC) 14.2.1 20240912 (Red Hat 14.2.1-3) Debian GNU/Linux 12 Kernel: 5.4 Compiler: gcc gcc (Debian 12.2.0-14+deb12u1) 12.2.0 CentOS Stream 9 Kernel: 5.4 Compiler: gcc gcc (GCC) 11.5.0 20240719 (Red Hat 11.5.0-11) CentOS Stream 10 Kernel: 5.4 Compiler: gcc gcc (GCC) 14.2.1 20250110 (Red Hat 14.2.1-8) Fedora Linux 41 Kernel: 5.4 Compiler: clang gcc (GCC) 14.3.1 20250523 (Red Hat 14.3.1-1) Fedora Linux 42 Kernel: 5.4 Compiler: gcc gcc (GCC) 15.2.1 20250808 (Red Hat 15.2.1-1) Red Hat Enterprise Linux 9.5 Kernel: 5.4 Compiler: gcc gcc (GCC) 11.5.0 20240719 (Red Hat 11.5.0-2) Ubuntu 24.04 Kernel: 5.4 Compiler: gcc gcc (Ubuntu 13.3.0-6ubuntu2~24.04) 13.3.0 Ubuntu 22.04 Kernel: 5.4 Compiler: gcc gcc (Ubuntu 11.4.0-1ubuntu1~22.04) 11.4.0 To view detailed results, visit: https://lab.dpdk.org/results/dashboard/tarballs/35440/ UNH-IOL DPDK Community Lab To manage your email subscriptions, visit: https://lab.dpdk.org/results/dashboard/preferences/subscriptions/