* |SUCCESS| pw158413-158417 [PATCH v7 6/6] net/cnxk: report link mode
[not found] <20251104080901.1610706-6-skori@marvell.com>
@ 2025-11-04 7:49 ` qemudev
2025-11-04 7:57 ` |FAILURE| " qemudev
` (26 subsequent siblings)
27 siblings, 0 replies; 28+ messages in thread
From: qemudev @ 2025-11-04 7:49 UTC (permalink / raw)
To: test-report
Test-Label: loongarch-compilation
Test-Status: SUCCESS
http://dpdk.org/patch/158417
_Compilation OK_
Submitter: Sunil Kumar Kori <skori@marvell.com>
Date: Tue, 4 Nov 2025 13:38:49 +0530
DPDK git baseline: Repo:dpdk-next-net-mrvl
Branch: for-next-net
CommitID: 39b54f2dcf44ad1f91eabc7080cd5dea763607fd
158413-158417 --> meson & ninja build successfully
Test environment and result as below:
+---------------------+----------------+
| Environment | compilation |
+---------------------+----------------+
| Loongnix-Server 8.3 | PASS |
+---------------------+----------------+
Loongnix-Server 8.3
Kernel: 4.19.190+
Compiler: gcc 8.3
^ permalink raw reply [flat|nested] 28+ messages in thread* |FAILURE| pw158413-158417 [PATCH v7 6/6] net/cnxk: report link mode
[not found] <20251104080901.1610706-6-skori@marvell.com>
2025-11-04 7:49 ` |SUCCESS| pw158413-158417 [PATCH v7 6/6] net/cnxk: report link mode qemudev
@ 2025-11-04 7:57 ` qemudev
2025-11-04 8:09 ` |SUCCESS| pw158417 " checkpatch
` (25 subsequent siblings)
27 siblings, 0 replies; 28+ messages in thread
From: qemudev @ 2025-11-04 7:57 UTC (permalink / raw)
To: test-report; +Cc: skori, maobibo
Test-Label: loongarch-unit-testing
Test-Status: FAILURE
http://dpdk.org/patch/158417
_Unit Testing FAIL_
Submitter: Sunil Kumar Kori <skori@marvell.com>
Date: Tue, 4 Nov 2025 13:38:49 +0530
DPDK git baseline: Repo:dpdk-next-net-mrvl
Branch: for-next-net
CommitID: 39b54f2dcf44ad1f91eabc7080cd5dea763607fd
158413-158417 --> testing fail
Test environment and result as below:
+---------------------+----------------+
| Environment | dpdk_unit_test |
+---------------------+----------------+
| Loongnix-Server 8.3 | FAIL |
+---------------------+----------------+
Loongnix-Server 8.3
Kernel: 4.19.190+
Compiler: gcc 8.3
Test result details:
1/120 DPDK:fast-tests / acl_autotest OK 3.32s
2/120 DPDK:fast-tests / alarm_autotest OK 1.53s
3/120 DPDK:fast-tests / argparse_autotest OK 0.51s
4/120 DPDK:fast-tests / atomic_autotest OK 6.90s
5/120 DPDK:fast-tests / bitcount_autotest OK 0.20s
6/120 DPDK:fast-tests / bitmap_autotest OK 0.20s
7/120 DPDK:fast-tests / bitops_autotest OK 1.70s
8/120 DPDK:fast-tests / bitratestats_autotest OK 0.30s
9/120 DPDK:fast-tests / bitset_autotest OK 2.92s
10/120 DPDK:fast-tests / bpf_autotest OK 0.20s
11/120 DPDK:fast-tests / bpf_convert_autotest OK 0.21s
12/120 DPDK:fast-tests / byteorder_autotest OK 0.20s
13/120 DPDK:fast-tests / cfgfile_autotest OK 0.20s
14/120 DPDK:fast-tests / cksum_autotest OK 0.20s
15/120 DPDK:fast-tests / cmdline_autotest OK 0.20s
16/120 DPDK:fast-tests / common_autotest OK 1.09s
17/120 DPDK:fast-tests / compressdev_autotest SKIP 0.06s exit status 77
18/120 DPDK:fast-tests / cpuflags_autotest OK 0.20s
19/120 DPDK:fast-tests / crc_autotest OK 0.20s
20/120 DPDK:fast-tests / user_delay_us OK 0.20s
21/120 DPDK:fast-tests / debug_autotest OK 24.55s
22/120 DPDK:fast-tests / devargs_autotest OK 0.20s
23/120 DPDK:fast-tests / dispatcher_autotest OK 2.49s
24/120 DPDK:fast-tests / distributor_autotest OK 1.20s
25/120 DPDK:fast-tests / eal_flags_c_opt_autotest OK 0.83s
26/120 DPDK:fast-tests / eal_flags_main_opt_autotest OK 0.22s
27/120 DPDK:fast-tests / eal_flags_n_opt_autotest OK 0.20s
28/120 DPDK:fast-tests / eal_flags_hpet_autotest OK 0.14s
29/120 DPDK:fast-tests / eal_flags_no_huge_autotest OK 0.20s
30/120 DPDK:fast-tests / eal_flags_a_opt_autotest OK 0.32s
31/120 DPDK:fast-tests / eal_flags_b_opt_autotest OK 0.26s
32/120 DPDK:fast-tests / eal_flags_vdev_opt_autotest OK 0.20s
33/120 DPDK:fast-tests / eal_flags_r_opt_autotest OK 0.20s
34/120 DPDK:fast-tests / eal_flags_mem_autotest OK 0.60s
35/120 DPDK:fast-tests / eal_flags_file_prefix_autotest OK 22.21s
36/120 DPDK:fast-tests / eal_flags_misc_autotest OK 1.10s
37/120 DPDK:fast-tests / eal_fs_autotest OK 0.20s
38/120 DPDK:fast-tests / errno_autotest OK 0.20s
39/120 DPDK:fast-tests / ethdev_link_status OK 0.20s
40/120 DPDK:fast-tests / event_eth_tx_adapter_autotest OK 1.69s
41/120 DPDK:fast-tests / event_ring_autotest OK 0.21s
42/120 DPDK:fast-tests / eventdev_common_autotest OK 0.20s
43/120 DPDK:fast-tests / eventdev_selftest_sw TIMEOUT 200.11s exit status -15
44/120 DPDK:fast-tests / fbarray_autotest OK 0.21s
45/120 DPDK:fast-tests / fib_autotest OK 1.03s
46/120 DPDK:fast-tests / fib6_autotest OK 0.83s
47/120 DPDK:fast-tests / func_reentrancy_autotest OK 2.19s
48/120 DPDK:fast-tests / graph_autotest OK 0.21s
49/120 DPDK:fast-tests / node_list_dump OK 0.20s
50/120 DPDK:fast-tests / graph_feature_arc_autotest OK 0.21s
51/120 DPDK:fast-tests / hash_autotest OK 0.83s
52/120 DPDK:fast-tests / hash_readwrite_func_autotest OK 6.37s
53/120 DPDK:fast-tests / interrupt_autotest OK 1.51s
54/120 DPDK:fast-tests / ipfrag_autotest OK 0.07s
55/120 DPDK:fast-tests / ipsec_autotest SKIP 0.21s exit status 77
56/120 DPDK:fast-tests / kvargs_autotest OK 0.21s
57/120 DPDK:fast-tests / latencystats_autotest OK 0.21s
58/120 DPDK:fast-tests / lcore_var_autotest OK 0.35s
59/120 DPDK:fast-tests / lcores_autotest OK 5.01s
60/120 DPDK:fast-tests / logs_autotest OK 0.20s
61/120 DPDK:fast-tests / lpm_autotest OK 2.26s
62/120 DPDK:fast-tests / lpm6_autotest OK 5.31s
63/120 DPDK:fast-tests / malloc_autotest OK 59.72s
64/120 DPDK:fast-tests / mbuf_autotest OK 5.36s
65/120 DPDK:fast-tests / mcslock_autotest OK 3.78s
66/120 DPDK:fast-tests / member_autotest OK 1.40s
67/120 DPDK:fast-tests / memcpy_autotest OK 6.74s
68/120 DPDK:fast-tests / memory_autotest OK 0.08s
69/120 DPDK:fast-tests / mempool_autotest OK 0.43s
70/120 DPDK:fast-tests / memzone_autotest OK 0.14s
71/120 DPDK:fast-tests / meter_autotest OK 0.20s
72/120 DPDK:fast-tests / metrics_autotest OK 0.20s
73/120 DPDK:fast-tests / multiprocess_autotest OK 0.18s
74/120 DPDK:fast-tests / net_ether_autotest OK 0.87s
75/120 DPDK:fast-tests / net_ipv6_autotest OK 0.20s
76/120 DPDK:fast-tests / pcapng_autotest OK 6.62s
77/120 DPDK:fast-tests / pdcp_autotest SKIP 0.06s exit status 77
78/120 DPDK:fast-tests / pdump_autotest OK 0.31s
79/120 DPDK:fast-tests / per_lcore_autotest OK 0.30s
80/120 DPDK:fast-tests / pflock_autotest OK 1.01s
81/120 DPDK:fast-tests / pie_autotest OK 0.20s
82/120 DPDK:fast-tests / ring_pmd_autotest OK 0.20s
83/120 DPDK:fast-tests / power_autotest OK 0.20s
84/120 DPDK:fast-tests / power_cpufreq_autotest SKIP 0.06s exit status 77
85/120 DPDK:fast-tests / power_intel_uncore_autotest SKIP 0.20s exit status 77
86/120 DPDK:fast-tests / power_kvm_vm_autotest SKIP 0.06s exit status 77
87/120 DPDK:fast-tests / prefetch_autotest OK 0.20s
88/120 DPDK:fast-tests / ptr_compress_autotest OK 0.20s
89/120 DPDK:fast-tests / rawdev_autotest OK 0.20s
90/120 DPDK:fast-tests / rcu_qsbr_autotest OK 0.73s
91/120 DPDK:fast-tests / reorder_autotest OK 0.26s
92/120 DPDK:fast-tests / rib_autotest OK 8.84s
93/120 DPDK:fast-tests / rib6_autotest OK 8.84s
94/120 DPDK:fast-tests / ring_autotest OK 0.23s
95/120 DPDK:fast-tests / rwlock_test1_autotest OK 0.95s
96/120 DPDK:fast-tests / rwlock_rda_autotest OK 5.20s
97/120 DPDK:fast-tests / rwlock_rds_wrm_autotest OK 5.20s
98/120 DPDK:fast-tests / rwlock_rde_wro_autotest OK 5.20s
99/120 DPDK:fast-tests / sched_autotest OK 0.20s
100/120 DPDK:fast-tests / security_autotest OK 0.06s
101/120 DPDK:fast-tests / seqlock_autotest OK 2.21s
102/120 DPDK:fast-tests / service_autotest OK 2.90s
103/120 DPDK:fast-tests / soring_autotest OK 0.21s
104/120 DPDK:fast-tests / spinlock_autotest OK 0.28s
105/120 DPDK:fast-tests / stack_autotest OK 0.86s
106/120 DPDK:fast-tests / stack_lf_autotest SKIP 0.06s exit status 77
107/120 DPDK:fast-tests / string_autotest OK 0.20s
108/120 DPDK:fast-tests / table_autotest OK 7.42s
109/120 DPDK:fast-tests / tailq_autotest OK 0.20s
110/120 DPDK:fast-tests / telemetry_data_autotest OK 0.21s
111/120 DPDK:fast-tests / telemetry_json_autotest OK 0.20s
112/120 DPDK:fast-tests / thash_autotest OK 0.21s
113/120 DPDK:fast-tests / threads_autotest OK 0.38s
114/120 DPDK:fast-tests / ticketlock_autotest OK 0.36s
115/120 DPDK:fast-tests / timer_autotest OK 3.87s
116/120 DPDK:fast-tests / trace_autotest OK 0.55s
117/120 DPDK:fast-tests / trace_autotest_with_traces OK 0.55s
118/120 DPDK:fast-tests / vdev_autotest OK 0.54s
119/120 DPDK:fast-tests / version_autotest OK 0.54s
120/120 DPDK:fast-tests / telemetry_all OK 19.57s
Ok: 112
Expected Fail: 0
Fail: 0
Unexpected Pass: 0
Skipped: 7
Timeout: 1
Test logs for failed test cases:
================================================================================
DPDK:fast-tests / eventdev_selftest_sw: TIMEOUT
================================================================================
-------------------------------------stdout-------------------------------------
RTE>>eventdev_selftest_sw
*** Running Single Directed Packet test...
*** Running Directed Forward Credit test...
*** Running Single Load Balanced Packet test...
*** Running Unordered Basic test...
*** Running Ordered Basic test...
*** Running Burst Packets test...
*** Running Load Balancing test...
*** Running Prioritized Directed test...
*** Running Prioritized Atomic test...
*** Running Prioritized Ordered test...
*** Running Prioritized Unordered test...
*** Running Invalid QID test...
*** Running Load Balancing History test...
*** Running Inflight Count test...
*** Running Abuse Inflights test...
*** Running XStats test...
*** Running XStats ID Reset test...
*** Running XStats Brute Force test...
*** Running XStats ID Abuse test...
*** Running QID Priority test...
*** Running Unlink-in-progress test...
*** Running Ordered Reconfigure test...
*** Running Port LB Single Reconfig test...
*** Running Port Reconfig Credits test...
*** Running Head-of-line-blocking test...
*** Running Stop Flush test...
*** Running Ordered & Atomic hist-list completion test...
*** Running Worker loopback test...
3162: Producer function started
3102: Worker function started
3278: Sched Rx = 4761312, Tx = 4760832
3278: Sched Rx = 9541888, Tx = 9541408
3278: Sched Rx = 14317824, Tx = 14317344
3278: Sched Rx = 16777088, Tx = 16777088
3278: Sched Rx = 16777088, Tx = 16777088
3278: Sched Rx = 16777088, Tx = 16777088
3278: Sched Rx = 16777088, Tx = 16777088
3278: Sched Rx = 16777088, Tx = 16777088
EventDev event_sw: ports 2, qids 8
rx 16777088
drop 0
tx 16777088
sched calls: 22985329
sched cq/qid call: 24637498
sched no IQ enq: 22508024
sched no CQ enq: 22461045
inflight 64, credits: 4032
Port 0
rx 131071 drop 0 tx 0 ^[[0minflight 0^[[0m
Max New: 512 Avg cycles PP: 0 Credits: 0
Receive burst distribution:
0:nan%
^[[0mrx ring used: 0 free: 4096^[[0m
^[[0mcq ring used: 0 free: 32^[[0m
Port 1
rx 16646017 drop 0 tx 16777088 ^[[0minflight 0^[[0m
Max New: 4096 Avg cycles PP: 1 Credits: 63
Receive burst distribution:
0:100% 29-32:0.24%
^[[0mrx ring used: 0 free: 4096^[[0m
^[[0mcq ring used: 0 free: 32^[[0m
Queue 0 (Atomic)
rx 2097136 drop 0 tx 2097136
Per Port Stats:
Port 0: Pkts: 0 Flows: 0
Port 1: Pkts: 2097136 Flows: 0
-- iqs empty --
Queue 1 (Atomic)
rx 2097136 drop 0 tx 2097136
Per Port Stats:
Port 0: Pkts: 0 Flows: 0
Port 1: Pkts: 2097136 Flows: 0
-- iqs empty --
Queue 2 (Atomic)
rx 2097136 drop 0 tx 2097136
Per Port Stats:
Port 0: Pkts: 0 Flows: 0
Port 1: Pkts: 2097136 Flows: 0
-- iqs empty --
Queue 3 (Atomic)
rx 2097136 drop 0 tx 2097136
Per Port Stats:
Port 0: Pkts: 0 Flows: 0
Port 1: Pkts: 2097136 Flows: 0
-- iqs empty --
Queue 4 (Atomic)
rx 2097136 drop 0 tx 2097136
Per Port Stats:
Port 0: Pkts: 0 Flows: 0
Port 1: Pkts: 2097136 Flows: 0
-- iqs empty --
Queue 5 (Atomic)
rx 2097136 drop 0 tx 2097136
Per Port Stats:
Port 0: Pkts: 0 Flows: 0
Port 1: Pkts: 2097136 Flows: 0
-- iqs empty --
Queue 6 (Atomic)
rx 2097136 drop 0 tx 2097136
Per Port Stats:
Port 0: Pkts: 0 Flows: 0
Port 1: Pkts: 2097136 Flows: 0
-- iqs empty --
Queue 7 (Atomic)
rx 2097136 drop 0 tx 2097136
Per Port Stats:
Port 0: Pkts: 0 Flows: 0
Port 1: Pkts: 2097136 Flows: 0
-- iqs empty --
Dumping xstats:
0 : dev_rx : 16777088
1 : dev_tx : 16777088
2 : dev_drop : 0
3 : dev_sched_calls : 22985329
4 : dev_sched_no_iq_enq : 22508024
5 : dev_sched_no_cq_enq : 22461045
6 : dev_sched_last_iter_bitmask : 0
7 : dev_sched_progress_last_iter : 0
3290: No schedules for seconds, deadlock
ERROR - Worker loopback test FAILED.
Test Failed
RTE>>
-------------------------------------stderr-------------------------------------
EAL: Detected CPU lcores: 32
EAL: Detected NUMA nodes: 8
EAL: Detected static linkage of DPDK
EAL: Multi-process socket /var/run/dpdk/rte/mp_socket
EAL: Selected IOVA mode 'VA'
APP: HPET is not enabled, using TSC as default timer
^ permalink raw reply [flat|nested] 28+ messages in thread* |SUCCESS| pw158417 [PATCH v7 6/6] net/cnxk: report link mode
[not found] <20251104080901.1610706-6-skori@marvell.com>
2025-11-04 7:49 ` |SUCCESS| pw158413-158417 [PATCH v7 6/6] net/cnxk: report link mode qemudev
2025-11-04 7:57 ` |FAILURE| " qemudev
@ 2025-11-04 8:09 ` checkpatch
2025-11-04 8:44 ` |PENDING| pw158413-158417 [PATCH] [v7,6/6] net/cnxk: report link mod dpdklab
` (24 subsequent siblings)
27 siblings, 0 replies; 28+ messages in thread
From: checkpatch @ 2025-11-04 8:09 UTC (permalink / raw)
To: test-report
Test-Label: checkpatch
Test-Status: SUCCESS
http://dpdk.org/patch/158417
_coding style OK_
^ permalink raw reply [flat|nested] 28+ messages in thread* |PENDING| pw158413-158417 [PATCH] [v7,6/6] net/cnxk: report link mod
[not found] <20251104080901.1610706-6-skori@marvell.com>
` (2 preceding siblings ...)
2025-11-04 8:09 ` |SUCCESS| pw158417 " checkpatch
@ 2025-11-04 8:44 ` dpdklab
2025-11-04 8:45 ` |SUCCESS| " dpdklab
` (23 subsequent siblings)
27 siblings, 0 replies; 28+ messages in thread
From: dpdklab @ 2025-11-04 8:44 UTC (permalink / raw)
To: Test Report; +Cc: dpdk-test-reports
Test-Label: iol-compile-amd64-testing
Test-Status: PENDING
http://dpdk.org/patch/158417
_Testing pending_
Submitter: Sunil Kumar Kori <skori@marvell.com>
Date: Tuesday, November 04 2025 08:08:54
DPDK git baseline: Repo:dpdk-next-net-mrvl
Branch: master
CommitID:39b54f2dcf44ad1f91eabc7080cd5dea763607fd
158413-158417 --> testing pending
Upstream job id: Generic-VM-DPDK-Compile-Meson#39465
Test environment and result as below:
+--------------+--------------------+
| Environment | dpdk_meson_compile |
+==============+====================+
| Ubuntu 20.04 | PEND |
+--------------+--------------------+
| FreeBSD 14.2 | PASS |
+--------------+--------------------+
Ubuntu 20.04
Kernel: 4.19
Compiler: gcc gcc (Ubuntu 9.4.0-1ubuntu1~20.04.2) 9.4.0
FreeBSD 14.2
Kernel: 14.2-RELEASE
Compiler: clang 18.1.6
To view detailed results, visit:
https://lab.dpdk.org/results/dashboard/patchsets/34455/
UNH-IOL DPDK Community Lab
To manage your email subscriptions, visit:
https://lab.dpdk.org/results/dashboard/preferences/subscriptions/
^ permalink raw reply [flat|nested] 28+ messages in thread* |SUCCESS| pw158413-158417 [PATCH] [v7,6/6] net/cnxk: report link mod
[not found] <20251104080901.1610706-6-skori@marvell.com>
` (3 preceding siblings ...)
2025-11-04 8:44 ` |PENDING| pw158413-158417 [PATCH] [v7,6/6] net/cnxk: report link mod dpdklab
@ 2025-11-04 8:45 ` dpdklab
2025-11-04 8:45 ` dpdklab
` (22 subsequent siblings)
27 siblings, 0 replies; 28+ messages in thread
From: dpdklab @ 2025-11-04 8:45 UTC (permalink / raw)
To: Test Report; +Cc: dpdk-test-reports
Test-Label: iol-mellanox-Functional
Test-Status: SUCCESS
http://dpdk.org/patch/158417
_Functional Testing PASS_
Submitter: Sunil Kumar Kori <skori@marvell.com>
Date: Tuesday, November 04 2025 08:08:54
DPDK git baseline: Repo:dpdk-next-net-mrvl
Branch: master
CommitID:39b54f2dcf44ad1f91eabc7080cd5dea763607fd
158413-158417 --> functional testing pass
Upstream job id: Template-DPDK-DTS-Pipeline#2931
Test environment and result as below:
Ubuntu 24.04
Kernel: 6.8.0-55-generic
Compiler: gcc 13.3.0
NIC: Mellanox ConnectX-5 100000 Mbps
Aggregate Results by Test Suite
+---------------------------------+--------+
| Test Suite | Result |
+=================================+========+
| blocklist | PASS |
+---------------------------------+--------+
| promisc_support | PASS |
+---------------------------------+--------+
| uni_pkt | PASS |
+---------------------------------+--------+
| dynamic_config | PASS |
+---------------------------------+--------+
| hello_world | PASS |
+---------------------------------+--------+
| l2fwd | PASS |
+---------------------------------+--------+
| port_restart_config_persistency | PASS |
+---------------------------------+--------+
| softnic | PASS |
+---------------------------------+--------+
| vlan | PASS |
+---------------------------------+--------+
To view detailed results, visit:
https://lab.dpdk.org/results/dashboard/patchsets/34455/
UNH-IOL DPDK Community Lab
To manage your email subscriptions, visit:
https://lab.dpdk.org/results/dashboard/preferences/subscriptions/
^ permalink raw reply [flat|nested] 28+ messages in thread* |SUCCESS| pw158413-158417 [PATCH] [v7,6/6] net/cnxk: report link mod
[not found] <20251104080901.1610706-6-skori@marvell.com>
` (4 preceding siblings ...)
2025-11-04 8:45 ` |SUCCESS| " dpdklab
@ 2025-11-04 8:45 ` dpdklab
2025-11-04 8:53 ` dpdklab
` (21 subsequent siblings)
27 siblings, 0 replies; 28+ messages in thread
From: dpdklab @ 2025-11-04 8:45 UTC (permalink / raw)
To: Test Report; +Cc: dpdk-test-reports
Test-Label: iol-compile-amd64-testing
Test-Status: SUCCESS
http://dpdk.org/patch/158417
_Testing PASS_
Submitter: Sunil Kumar Kori <skori@marvell.com>
Date: Tuesday, November 04 2025 08:08:54
DPDK git baseline: Repo:dpdk-next-net-mrvl
Branch: master
CommitID:39b54f2dcf44ad1f91eabc7080cd5dea763607fd
158413-158417 --> testing pass
Upstream job id: Generic-VM-DPDK-Compile-Meson#39464
Test environment and result as below:
+--------------+--------------------+
| Environment | dpdk_meson_compile |
+==============+====================+
| Ubuntu 20.04 | PASS |
+--------------+--------------------+
| FreeBSD 14.2 | PASS |
+--------------+--------------------+
Ubuntu 20.04
Kernel: 4.19
Compiler: gcc gcc (Ubuntu 9.4.0-1ubuntu1~20.04.2) 9.4.0
FreeBSD 14.2
Kernel: 14.2-RELEASE
Compiler: clang 18.1.6
To view detailed results, visit:
https://lab.dpdk.org/results/dashboard/patchsets/34455/
UNH-IOL DPDK Community Lab
To manage your email subscriptions, visit:
https://lab.dpdk.org/results/dashboard/preferences/subscriptions/
^ permalink raw reply [flat|nested] 28+ messages in thread* |SUCCESS| pw158413-158417 [PATCH] [v7,6/6] net/cnxk: report link mod
[not found] <20251104080901.1610706-6-skori@marvell.com>
` (5 preceding siblings ...)
2025-11-04 8:45 ` dpdklab
@ 2025-11-04 8:53 ` dpdklab
2025-11-04 8:59 ` |PENDING| " dpdklab
` (20 subsequent siblings)
27 siblings, 0 replies; 28+ messages in thread
From: dpdklab @ 2025-11-04 8:53 UTC (permalink / raw)
To: Test Report; +Cc: dpdk-test-reports
Test-Label: iol-marvell-Functional
Test-Status: SUCCESS
http://dpdk.org/patch/158417
_Functional Testing PASS_
Submitter: Sunil Kumar Kori <skori@marvell.com>
Date: Tuesday, November 04 2025 08:08:54
DPDK git baseline: Repo:dpdk-next-net-mrvl
Branch: master
CommitID:39b54f2dcf44ad1f91eabc7080cd5dea763607fd
158413-158417 --> functional testing pass
Upstream job id: Template-DTS-Pipeline#252776
Test environment and result as below:
Ubuntu 20.04.6
Kernel: 5.4.105
Compiler: gcc 9.4
NIC: Marvell CN106XX 50000 Mbps
Target: arm64-native-linuxapp-gcc
Aggregate Results by Test Suite
+----------------+--------+
| Test Suite | Result |
+================+========+
| cmdline | PASS |
+----------------+--------+
| rxtx_callbacks | PASS |
+----------------+--------+
To view detailed results, visit:
https://lab.dpdk.org/results/dashboard/patchsets/34455/
UNH-IOL DPDK Community Lab
To manage your email subscriptions, visit:
https://lab.dpdk.org/results/dashboard/preferences/subscriptions/
^ permalink raw reply [flat|nested] 28+ messages in thread* |PENDING| pw158413-158417 [PATCH] [v7,6/6] net/cnxk: report link mod
[not found] <20251104080901.1610706-6-skori@marvell.com>
` (6 preceding siblings ...)
2025-11-04 8:53 ` dpdklab
@ 2025-11-04 8:59 ` dpdklab
2025-11-04 9:02 ` dpdklab
` (19 subsequent siblings)
27 siblings, 0 replies; 28+ messages in thread
From: dpdklab @ 2025-11-04 8:59 UTC (permalink / raw)
To: Test Report; +Cc: dpdk-test-reports
Test-Label: iol-unit-arm64-testing
Test-Status: PENDING
http://dpdk.org/patch/158417
_Testing pending_
Submitter: Sunil Kumar Kori <skori@marvell.com>
Date: Tuesday, November 04 2025 08:08:54
DPDK git baseline: Repo:dpdk-next-net-mrvl
Branch: master
CommitID:39b54f2dcf44ad1f91eabc7080cd5dea763607fd
158413-158417 --> testing pending
Upstream job id: Generic-Unit-Test-DPDK#388313
Test environment and result as below:
+------------------------------+---------------------------+--------------+------------------------------+----------------+
| Environment | cryptodev_sw_zuc_autotest | lpm_autotest | cryptodev_sw_snow3g_autotest | dpdk_unit_test |
+==============================+===========================+==============+==============================+================+
| Debian 12 (arm) | PEND | SKIPPED | PEND | SKIPPED |
+------------------------------+---------------------------+--------------+------------------------------+----------------+
| Ubuntu 20.04 | SKIPPED | PASS | SKIPPED | PEND |
+------------------------------+---------------------------+--------------+------------------------------+----------------+
| Debian GNU/Linux 12 | SKIPPED | SKIPPED | SKIPPED | PEND |
+------------------------------+---------------------------+--------------+------------------------------+----------------+
| CentOS Stream 10 | SKIPPED | SKIPPED | SKIPPED | PEND |
+------------------------------+---------------------------+--------------+------------------------------+----------------+
| Fedora Linux 40 | SKIPPED | SKIPPED | SKIPPED | PEND |
+------------------------------+---------------------------+--------------+------------------------------+----------------+
| CentOS Stream 9 | SKIPPED | SKIPPED | SKIPPED | PEND |
+------------------------------+---------------------------+--------------+------------------------------+----------------+
| Fedora Linux 41 | SKIPPED | SKIPPED | SKIPPED | PEND |
+------------------------------+---------------------------+--------------+------------------------------+----------------+
| Red Hat Enterprise Linux 9.5 | SKIPPED | SKIPPED | SKIPPED | PEND |
+------------------------------+---------------------------+--------------+------------------------------+----------------+
| Fedora Linux 42 | SKIPPED | SKIPPED | SKIPPED | PEND |
+------------------------------+---------------------------+--------------+------------------------------+----------------+
| Ubuntu 22.04 | SKIPPED | SKIPPED | SKIPPED | PEND |
+------------------------------+---------------------------+--------------+------------------------------+----------------+
| Ubuntu 24.04 | SKIPPED | SKIPPED | SKIPPED | PEND |
+------------------------------+---------------------------+--------------+------------------------------+----------------+
Debian 12 (arm)
Kernel: Depends on container host
Compiler: gcc (Debian 12.2.0-14) 12.2.0
Ubuntu 20.04
Kernel: 5.4
Compiler: gcc gcc (Ubuntu 9.4.0-1ubuntu1~20.04.2) 9.4.0
Debian GNU/Linux 12
Kernel: 5.4
Compiler: gcc gcc (Debian 12.2.0-14+deb12u1) 12.2.0
CentOS Stream 10
Kernel: 5.4
Compiler: gcc gcc (GCC) 14.2.1 20250110 (Red Hat 14.2.1-8)
Fedora Linux 40
Kernel: 5.4
Compiler: clang gcc (GCC) 14.2.1 20240912 (Red Hat 14.2.1-3)
CentOS Stream 9
Kernel: 5.4
Compiler: gcc gcc (GCC) 11.5.0 20240719 (Red Hat 11.5.0-11)
Fedora Linux 41
Kernel: 5.4
Compiler: gcc gcc (GCC) 14.3.1 20250523 (Red Hat 14.3.1-1)
Red Hat Enterprise Linux 9.5
Kernel: 5.4
Compiler: gcc gcc (GCC) 11.5.0 20240719 (Red Hat 11.5.0-2)
Fedora Linux 42
Kernel: 5.4
Compiler: clang gcc (GCC) 15.2.1 20250808 (Red Hat 15.2.1-1)
Ubuntu 22.04
Kernel: 5.4
Compiler: gcc gcc (Ubuntu 11.4.0-1ubuntu1~22.04) 11.4.0
Ubuntu 24.04
Kernel: 5.4
Compiler: gcc gcc (Ubuntu 13.3.0-6ubuntu2~24.04) 13.3.0
To view detailed results, visit:
https://lab.dpdk.org/results/dashboard/patchsets/34455/
UNH-IOL DPDK Community Lab
To manage your email subscriptions, visit:
https://lab.dpdk.org/results/dashboard/preferences/subscriptions/
^ permalink raw reply [flat|nested] 28+ messages in thread* |PENDING| pw158413-158417 [PATCH] [v7,6/6] net/cnxk: report link mod
[not found] <20251104080901.1610706-6-skori@marvell.com>
` (7 preceding siblings ...)
2025-11-04 8:59 ` |PENDING| " dpdklab
@ 2025-11-04 9:02 ` dpdklab
2025-11-04 9:13 ` |SUCCESS| " dpdklab
` (18 subsequent siblings)
27 siblings, 0 replies; 28+ messages in thread
From: dpdklab @ 2025-11-04 9:02 UTC (permalink / raw)
To: Test Report; +Cc: dpdk-test-reports
Test-Label: iol-unit-amd64-testing
Test-Status: PENDING
http://dpdk.org/patch/158417
_Testing pending_
Submitter: Sunil Kumar Kori <skori@marvell.com>
Date: Tuesday, November 04 2025 08:08:54
DPDK git baseline: Repo:dpdk-next-net-mrvl
Branch: master
CommitID:39b54f2dcf44ad1f91eabc7080cd5dea763607fd
158413-158417 --> testing pending
Upstream job id: Generic-Unit-Test-DPDK#388316
Test environment and result as below:
+-------------------------------+----------------+
| Environment | dpdk_unit_test |
+===============================+================+
| CentOS Stream 9 | PASS |
+-------------------------------+----------------+
| CentOS Stream 10 | PEND |
+-------------------------------+----------------+
| Debian GNU/Linux 12 | PEND |
+-------------------------------+----------------+
| Fedora Linux 41 | PEND |
+-------------------------------+----------------+
| Fedora Linux 40 | PEND |
+-------------------------------+----------------+
| Fedora Linux 42 | PEND |
+-------------------------------+----------------+
| Red Hat Enterprise Linux 8.10 | PEND |
+-------------------------------+----------------+
| Red Hat Enterprise Linux 9.5 | PEND |
+-------------------------------+----------------+
| Ubuntu 24.04 | PEND |
+-------------------------------+----------------+
| Ubuntu 22.04 | PEND |
+-------------------------------+----------------+
| Ubuntu 20.04 | PEND |
+-------------------------------+----------------+
CentOS Stream 9
Kernel: 5.15
Compiler: gcc gcc (GCC) 11.5.0 20240719 (Red Hat 11.5.0-11)
CentOS Stream 10
Kernel: 5.15
Compiler: gcc gcc (GCC) 14.2.1 20250110 (Red Hat 14.2.1-8)
Debian GNU/Linux 12
Kernel: 5.15
Compiler: gcc gcc (Debian 12.2.0-14+deb12u1) 12.2.0
Fedora Linux 41
Kernel: 5.15
Compiler: clang gcc (GCC) 14.3.1 20250523 (Red Hat 14.3.1-1)
Fedora Linux 40
Kernel: 5.15
Compiler: gcc gcc (GCC) 14.2.1 20240912 (Red Hat 14.2.1-3)
Fedora Linux 42
Kernel: 5.15
Compiler: clang gcc (GCC) 15.2.1 20250808 (Red Hat 15.2.1-1)
Red Hat Enterprise Linux 8.10
Kernel: 5.15
Compiler: gcc gcc (GCC) 8.5.0 20210514 (Red Hat 8.5.0-22)
Red Hat Enterprise Linux 9.5
Kernel: 5.15
Compiler: gcc gcc (GCC) 11.5.0 20240719 (Red Hat 11.5.0-2)
Ubuntu 24.04
Kernel: 5.15
Compiler: gcc gcc (Ubuntu 13.3.0-6ubuntu2~24.04) 13.3.0
Ubuntu 22.04
Kernel: 5.15
Compiler: gcc gcc (Ubuntu 11.4.0-1ubuntu1~22.04) 11.4.0
Ubuntu 20.04
Kernel: 5.15
Compiler: gcc gcc (Ubuntu 9.4.0-1ubuntu1~20.04.2) 9.4.0
To view detailed results, visit:
https://lab.dpdk.org/results/dashboard/patchsets/34455/
UNH-IOL DPDK Community Lab
To manage your email subscriptions, visit:
https://lab.dpdk.org/results/dashboard/preferences/subscriptions/
^ permalink raw reply [flat|nested] 28+ messages in thread* |SUCCESS| pw158413-158417 [PATCH] [v7,6/6] net/cnxk: report link mod
[not found] <20251104080901.1610706-6-skori@marvell.com>
` (8 preceding siblings ...)
2025-11-04 9:02 ` dpdklab
@ 2025-11-04 9:13 ` dpdklab
2025-11-04 9:18 ` dpdklab
` (17 subsequent siblings)
27 siblings, 0 replies; 28+ messages in thread
From: dpdklab @ 2025-11-04 9:13 UTC (permalink / raw)
To: Test Report; +Cc: dpdk-test-reports
Test-Label: iol-intel-Functional
Test-Status: SUCCESS
http://dpdk.org/patch/158417
_Functional Testing PASS_
Submitter: Sunil Kumar Kori <skori@marvell.com>
Date: Tuesday, November 04 2025 08:08:54
DPDK git baseline: Repo:dpdk-next-net-mrvl
Branch: master
CommitID:39b54f2dcf44ad1f91eabc7080cd5dea763607fd
158413-158417 --> functional testing pass
Upstream job id: Template-DTS-Pipeline#252779
Test environment and result as below:
Ubuntu 24.04
Kernel: 6.8
Compiler: gcc gcc (Ubuntu 13.3.0-6ubuntu2~24.04) 13.3.0
NIC: Intel E810 (Arm Grace Server) 100000 Mbps
Aggregate Results by Test Suite
+------------+--------+
| Test Suite | Result |
+============+========+
| blocklist | PASS |
+------------+--------+
| uni_pkt | PASS |
+------------+--------+
Ubuntu 24.04 LTS
Kernel: 6.8.0-44-generic
Compiler: gcc 13.2.0
NIC: Intel Corporation Ethernet Controller XL710 for 40GbE QSFP+ 40 Mbps
Aggregate Results by Test Suite
+--------------------+--------+
| Test Suite | Result |
+====================+========+
| blocklist | PASS |
+--------------------+--------+
| uni_pkt | PASS |
+--------------------+--------+
| promisc_support | PASS |
+--------------------+--------+
| dynamic_queue_conf | PASS |
+--------------------+--------+
| hello_world | PASS |
+--------------------+--------+
| l2fwd | PASS |
+--------------------+--------+
| softnic | PASS |
+--------------------+--------+
Ubuntu 24.04
Kernel: 6.8
Compiler: gcc gcc (Ubuntu 13.3.0-6ubuntu2~24.04) 13.3.0
NIC: Intel Corporation 4xxx Series QAT 0 Mbps
Aggregate Results by Test Suite
+----------------------------+--------+
| Test Suite | Result |
+============================+========+
| crypto_perf_cryptodev_perf | PASS |
+----------------------------+--------+
To view detailed results, visit:
https://lab.dpdk.org/results/dashboard/patchsets/34455/
UNH-IOL DPDK Community Lab
To manage your email subscriptions, visit:
https://lab.dpdk.org/results/dashboard/preferences/subscriptions/
^ permalink raw reply [flat|nested] 28+ messages in thread* |SUCCESS| pw158413-158417 [PATCH] [v7,6/6] net/cnxk: report link mod
[not found] <20251104080901.1610706-6-skori@marvell.com>
` (9 preceding siblings ...)
2025-11-04 9:13 ` |SUCCESS| " dpdklab
@ 2025-11-04 9:18 ` dpdklab
2025-11-04 9:20 ` |PENDING| " dpdklab
` (16 subsequent siblings)
27 siblings, 0 replies; 28+ messages in thread
From: dpdklab @ 2025-11-04 9:18 UTC (permalink / raw)
To: Test Report; +Cc: dpdk-test-reports
Test-Label: iol-sample-apps-testing
Test-Status: SUCCESS
http://dpdk.org/patch/158417
_Testing PASS_
Submitter: Sunil Kumar Kori <skori@marvell.com>
Date: Tuesday, November 04 2025 08:08:54
DPDK git baseline: Repo:dpdk-next-net-mrvl
Branch: master
CommitID:39b54f2dcf44ad1f91eabc7080cd5dea763607fd
158413-158417 --> testing pass
Upstream job id: Template-DTS-Pipeline#252778
Test environment and result as below:
+--------------+----------------------+
| Environment | compressdev_zlib_pmd |
+==============+======================+
| Ubuntu 22.04 | PASS |
+--------------+----------------------+
Ubuntu 22.04
Kernel: 5.15
Compiler: gcc gcc (Ubuntu 11.4.0-1ubuntu1~22.04.2) 11.4.0
To view detailed results, visit:
https://lab.dpdk.org/results/dashboard/patchsets/34455/
UNH-IOL DPDK Community Lab
To manage your email subscriptions, visit:
https://lab.dpdk.org/results/dashboard/preferences/subscriptions/
^ permalink raw reply [flat|nested] 28+ messages in thread* |PENDING| pw158413-158417 [PATCH] [v7,6/6] net/cnxk: report link mod
[not found] <20251104080901.1610706-6-skori@marvell.com>
` (10 preceding siblings ...)
2025-11-04 9:18 ` dpdklab
@ 2025-11-04 9:20 ` dpdklab
2025-11-04 9:21 ` |SUCCESS| " dpdklab
` (15 subsequent siblings)
27 siblings, 0 replies; 28+ messages in thread
From: dpdklab @ 2025-11-04 9:20 UTC (permalink / raw)
To: Test Report; +Cc: dpdk-test-reports
Test-Label: iol-compile-arm64-testing
Test-Status: PENDING
http://dpdk.org/patch/158417
_Testing pending_
Submitter: Sunil Kumar Kori <skori@marvell.com>
Date: Tuesday, November 04 2025 08:08:54
DPDK git baseline: Repo:dpdk-next-net-mrvl
Branch: master
CommitID:39b54f2dcf44ad1f91eabc7080cd5dea763607fd
158413-158417 --> testing pending
Upstream job id: Generic-DPDK-Compile-Meson#440536
Test environment and result as below:
+------------------------------+--------------------+
| Environment | dpdk_meson_compile |
+==============================+====================+
| Red Hat Enterprise Linux 9.5 | PEND |
+------------------------------+--------------------+
| Ubuntu 20.04 | PASS |
+------------------------------+--------------------+
| Debian GNU/Linux 12 | PEND |
+------------------------------+--------------------+
| Fedora Linux 42 | PEND |
+------------------------------+--------------------+
| Ubuntu 22.04 | PEND |
+------------------------------+--------------------+
| Ubuntu 24.04 | PEND |
+------------------------------+--------------------+
| CentOS Stream 9 | PEND |
+------------------------------+--------------------+
| CentOS Stream 10 | PEND |
+------------------------------+--------------------+
Red Hat Enterprise Linux 9.5
Kernel: 5.4
Compiler: gcc gcc (GCC) 11.5.0 20240719 (Red Hat 11.5.0-2)
Ubuntu 20.04
Kernel: 5.15
Compiler: aarch64-linux-gnu-gcc gcc (Ubuntu 9.4.0-1ubuntu1~20.04.2) 9.4.0
Debian GNU/Linux 12
Kernel: 5.4
Compiler: gcc gcc (Debian 12.2.0-14+deb12u1) 12.2.0
Fedora Linux 42
Kernel: 5.4
Compiler: gcc gcc (GCC) 15.2.1 20250808 (Red Hat 15.2.1-1)
Ubuntu 22.04
Kernel: 5.4
Compiler: gcc gcc (Ubuntu 11.4.0-1ubuntu1~22.04) 11.4.0
Ubuntu 24.04
Kernel: 5.4
Compiler: gcc gcc (Ubuntu 13.3.0-6ubuntu2~24.04) 13.3.0
CentOS Stream 9
Kernel: 5.4
Compiler: gcc gcc (GCC) 11.5.0 20240719 (Red Hat 11.5.0-11)
CentOS Stream 10
Kernel: 5.4
Compiler: gcc gcc (GCC) 14.2.1 20250110 (Red Hat 14.2.1-8)
To view detailed results, visit:
https://lab.dpdk.org/results/dashboard/patchsets/34455/
UNH-IOL DPDK Community Lab
To manage your email subscriptions, visit:
https://lab.dpdk.org/results/dashboard/preferences/subscriptions/
^ permalink raw reply [flat|nested] 28+ messages in thread* |SUCCESS| pw158413-158417 [PATCH] [v7,6/6] net/cnxk: report link mod
[not found] <20251104080901.1610706-6-skori@marvell.com>
` (11 preceding siblings ...)
2025-11-04 9:20 ` |PENDING| " dpdklab
@ 2025-11-04 9:21 ` dpdklab
2025-11-04 9:23 ` dpdklab
` (14 subsequent siblings)
27 siblings, 0 replies; 28+ messages in thread
From: dpdklab @ 2025-11-04 9:21 UTC (permalink / raw)
To: Test Report, Ali Alnubani; +Cc: dpdk-test-reports
Test-Label: iol-mellanox-Performance
Test-Status: SUCCESS
http://dpdk.org/patch/158417
_Performance Testing PASS_
Submitter: Sunil Kumar Kori <skori@marvell.com>
Date: Tuesday, November 04 2025 08:08:54
DPDK git baseline: Repo:dpdk-next-net-mrvl
Branch: master
CommitID:39b54f2dcf44ad1f91eabc7080cd5dea763607fd
158413-158417 --> performance testing pass
Upstream job id: Template-DTS-Pipeline#252766
Test environment and result as below:
Ubuntu 24.04
Kernel: 6.8
Compiler: gcc gcc (Ubuntu 13.3.0-6ubuntu2~24.04) 13.3.0
NIC: Mellanox ConnectX-6 Lx 25000 Mbps
Fail/Total: 0/6
Detail performance results:
+------------+---------+----------+-------------+------------------------------+
| frame_size | txd/rxd | num_cpus | num_threads | throughput difference from |
| | | | | expected |
+============+=========+==========+=============+==============================+
| 64 | 1024 | 1 | 1 | 0.0% |
+------------+---------+----------+-------------+------------------------------+
| 128 | 1024 | 1 | 1 | 0.0% |
+------------+---------+----------+-------------+------------------------------+
| 256 | 1024 | 1 | 1 | 0.2% |
+------------+---------+----------+-------------+------------------------------+
| 512 | 1024 | 1 | 1 | 0.1% |
+------------+---------+----------+-------------+------------------------------+
| 1024 | 1024 | 1 | 1 | 0.2% |
+------------+---------+----------+-------------+------------------------------+
| 1518 | 1024 | 1 | 1 | 0.2% |
+------------+---------+----------+-------------+------------------------------+
Ubuntu 24.04
Kernel: 6.8
Compiler: gcc gcc (Ubuntu 13.3.0-6ubuntu2~24.04) 13.3.0
NIC: NVIDIA Mellanox ConnectX-7 100000 Mbps
Fail/Total: 0/6
Detail performance results:
+------------+---------+----------+-------------+------------------------------+
| frame_size | txd/rxd | num_cpus | num_threads | throughput difference from |
| | | | | expected |
+============+=========+==========+=============+==============================+
| 64 | 1024 | 1 | 1 | 0.4% |
+------------+---------+----------+-------------+------------------------------+
| 128 | 1024 | 1 | 1 | 0.4% |
+------------+---------+----------+-------------+------------------------------+
| 256 | 1024 | 1 | 1 | 2.3% |
+------------+---------+----------+-------------+------------------------------+
| 512 | 1024 | 1 | 1 | 0.2% |
+------------+---------+----------+-------------+------------------------------+
| 1024 | 1024 | 1 | 1 | -0.1% |
+------------+---------+----------+-------------+------------------------------+
| 1518 | 1024 | 1 | 1 | -0.2% |
+------------+---------+----------+-------------+------------------------------+
To view detailed results, visit:
https://lab.dpdk.org/results/dashboard/patchsets/34455/
UNH-IOL DPDK Community Lab
To manage your email subscriptions, visit:
https://lab.dpdk.org/results/dashboard/preferences/subscriptions/
^ permalink raw reply [flat|nested] 28+ messages in thread* |SUCCESS| pw158413-158417 [PATCH] [v7,6/6] net/cnxk: report link mod
[not found] <20251104080901.1610706-6-skori@marvell.com>
` (12 preceding siblings ...)
2025-11-04 9:21 ` |SUCCESS| " dpdklab
@ 2025-11-04 9:23 ` dpdklab
2025-11-04 9:24 ` dpdklab
` (13 subsequent siblings)
27 siblings, 0 replies; 28+ messages in thread
From: dpdklab @ 2025-11-04 9:23 UTC (permalink / raw)
To: Test Report; +Cc: dpdk-test-reports
Test-Label: iol-intel-Performance
Test-Status: SUCCESS
http://dpdk.org/patch/158417
_Performance Testing PASS_
Submitter: Sunil Kumar Kori <skori@marvell.com>
Date: Tuesday, November 04 2025 08:08:54
DPDK git baseline: Repo:dpdk-next-net-mrvl
Branch: master
CommitID:39b54f2dcf44ad1f91eabc7080cd5dea763607fd
158413-158417 --> performance testing pass
Upstream job id: Template-DTS-Pipeline#252769
Test environment and result as below:
Ubuntu 20.04
Kernel: 5.4
Compiler: gcc gcc (Ubuntu 9.4.0-1ubuntu1~20.04.1) 9.4.0
NIC: Intel Corporation Ethernet Converged Network Adapter XL710-QDA2 40000 Mbps
Fail/Total: 0/4
Detail performance results:
+----------+-------------+---------+------------+------------------------------+
| num_cpus | num_threads | txd/rxd | frame_size | throughput difference from |
| | | | | expected |
+==========+=============+=========+============+==============================+
| 1 | 2 | 512 | 64 | -0.6% |
+----------+-------------+---------+------------+------------------------------+
| 1 | 2 | 2048 | 64 | 3.7% |
+----------+-------------+---------+------------+------------------------------+
| 1 | 1 | 512 | 64 | -0.1% |
+----------+-------------+---------+------------+------------------------------+
| 1 | 1 | 2048 | 64 | 2.3% |
+----------+-------------+---------+------------+------------------------------+
Ubuntu 22.04
Kernel: 5.15
Compiler: gcc gcc (Ubuntu 11.4.0-1ubuntu1~22.04.2) 11.4.0
NIC: Intel E810 100000 Mbps
Fail/Total: 0/2
Detail performance results:
+------------+---------+----------+-------------+------------------------------+
| frame_size | txd/rxd | num_cpus | num_threads | throughput difference from |
| | | | | expected |
+============+=========+==========+=============+==============================+
| 64 | 512 | 1 | 1 | 0.4% |
+------------+---------+----------+-------------+------------------------------+
| 64 | 2048 | 1 | 1 | 0.5% |
+------------+---------+----------+-------------+------------------------------+
Ubuntu 24.04
Kernel: 6.8
Compiler: gcc gcc (Ubuntu 13.3.0-6ubuntu2~24.04) 13.3.0
NIC: Intel E810 (Arm Grace Server) 100000 Mbps
Fail/Total: 0/2
Detail performance results:
+------------+---------+----------+-------------+------------------------------+
| frame_size | txd/rxd | num_cpus | num_threads | throughput difference from |
| | | | | expected |
+============+=========+==========+=============+==============================+
| 64 | 512 | 1 | 1 | -0.2% |
+------------+---------+----------+-------------+------------------------------+
| 64 | 2048 | 1 | 1 | -3.4% |
+------------+---------+----------+-------------+------------------------------+
To view detailed results, visit:
https://lab.dpdk.org/results/dashboard/patchsets/34455/
UNH-IOL DPDK Community Lab
To manage your email subscriptions, visit:
https://lab.dpdk.org/results/dashboard/preferences/subscriptions/
^ permalink raw reply [flat|nested] 28+ messages in thread* |SUCCESS| pw158413-158417 [PATCH] [v7,6/6] net/cnxk: report link mod
[not found] <20251104080901.1610706-6-skori@marvell.com>
` (13 preceding siblings ...)
2025-11-04 9:23 ` dpdklab
@ 2025-11-04 9:24 ` dpdklab
2025-11-04 9:36 ` dpdklab
` (12 subsequent siblings)
27 siblings, 0 replies; 28+ messages in thread
From: dpdklab @ 2025-11-04 9:24 UTC (permalink / raw)
To: Test Report; +Cc: dpdk-test-reports
Test-Label: iol-intel-Functional
Test-Status: SUCCESS
http://dpdk.org/patch/158417
_Functional Testing PASS_
Submitter: Sunil Kumar Kori <skori@marvell.com>
Date: Tuesday, November 04 2025 08:08:54
DPDK git baseline: Repo:dpdk-next-net-mrvl
Branch: master
CommitID:39b54f2dcf44ad1f91eabc7080cd5dea763607fd
158413-158417 --> functional testing pass
Upstream job id: Template-DTS-Pipeline#252773
Test environment and result as below:
Ubuntu 24.04
Kernel: 6.8
Compiler: gcc gcc (Ubuntu 13.3.0-6ubuntu2~24.04) 13.3.0
NIC: Intel E810 (Arm Grace Server) 100000 Mbps
Aggregate Results by Test Suite
+------------+--------+
| Test Suite | Result |
+============+========+
| blocklist | PASS |
+------------+--------+
| uni_pkt | PASS |
+------------+--------+
Ubuntu 24.04 LTS
Kernel: 6.8.0-44-generic
Compiler: gcc 13.2.0
NIC: Intel Corporation Ethernet Controller XL710 for 40GbE QSFP+ 40 Mbps
Aggregate Results by Test Suite
+--------------------+--------+
| Test Suite | Result |
+====================+========+
| blocklist | PASS |
+--------------------+--------+
| uni_pkt | PASS |
+--------------------+--------+
| promisc_support | PASS |
+--------------------+--------+
| dynamic_queue_conf | PASS |
+--------------------+--------+
| hello_world | PASS |
+--------------------+--------+
| l2fwd | PASS |
+--------------------+--------+
| softnic | PASS |
+--------------------+--------+
Ubuntu 24.04
Kernel: 6.8
Compiler: gcc gcc (Ubuntu 13.3.0-6ubuntu2~24.04) 13.3.0
NIC: Intel Corporation 4xxx Series QAT 0 Mbps
Aggregate Results by Test Suite
+----------------------------+--------+
| Test Suite | Result |
+============================+========+
| crypto_perf_cryptodev_perf | PASS |
+----------------------------+--------+
Ubuntu 20.04
Kernel: 5.4
Compiler: gcc gcc (Ubuntu 9.4.0-1ubuntu1~20.04.1) 9.4.0
NIC: Intel Corporation Ethernet Converged Network Adapter XL710-QDA2 40000 Mbps
Aggregate Results by Test Suite
+-----------------------------+--------+
| Test Suite | Result |
+=============================+========+
| unit_tests_mbuf | PASS |
+-----------------------------+--------+
| vhost_virtio_user_interrupt | PASS |
+-----------------------------+--------+
| virtio_smoke | PASS |
+-----------------------------+--------+
To view detailed results, visit:
https://lab.dpdk.org/results/dashboard/patchsets/34455/
UNH-IOL DPDK Community Lab
To manage your email subscriptions, visit:
https://lab.dpdk.org/results/dashboard/preferences/subscriptions/
^ permalink raw reply [flat|nested] 28+ messages in thread* |SUCCESS| pw158413-158417 [PATCH] [v7,6/6] net/cnxk: report link mod
[not found] <20251104080901.1610706-6-skori@marvell.com>
` (14 preceding siblings ...)
2025-11-04 9:24 ` dpdklab
@ 2025-11-04 9:36 ` dpdklab
2025-11-04 10:22 ` dpdklab
` (11 subsequent siblings)
27 siblings, 0 replies; 28+ messages in thread
From: dpdklab @ 2025-11-04 9:36 UTC (permalink / raw)
To: Test Report; +Cc: dpdk-test-reports
Test-Label: iol-unit-amd64-testing
Test-Status: SUCCESS
http://dpdk.org/patch/158417
_Testing PASS_
Submitter: Sunil Kumar Kori <skori@marvell.com>
Date: Tuesday, November 04 2025 08:08:54
DPDK git baseline: Repo:dpdk-next-net-mrvl
Branch: master
CommitID:39b54f2dcf44ad1f91eabc7080cd5dea763607fd
158413-158417 --> testing pass
Upstream job id: Generic-Unit-Test-DPDK#388332
Test environment and result as below:
+-------------------------------+----------------+
| Environment | dpdk_unit_test |
+===============================+================+
| CentOS Stream 9 | PASS |
+-------------------------------+----------------+
| CentOS Stream 10 | PASS |
+-------------------------------+----------------+
| Debian GNU/Linux 12 | PASS |
+-------------------------------+----------------+
| Fedora Linux 41 | PASS |
+-------------------------------+----------------+
| Fedora Linux 40 | PASS |
+-------------------------------+----------------+
| Fedora Linux 42 | PASS |
+-------------------------------+----------------+
| Red Hat Enterprise Linux 8.10 | PASS |
+-------------------------------+----------------+
| Red Hat Enterprise Linux 9.5 | PASS |
+-------------------------------+----------------+
| Ubuntu 24.04 | PASS |
+-------------------------------+----------------+
| Ubuntu 22.04 | PASS |
+-------------------------------+----------------+
| Ubuntu 20.04 | PASS |
+-------------------------------+----------------+
CentOS Stream 9
Kernel: 5.15
Compiler: gcc gcc (GCC) 11.5.0 20240719 (Red Hat 11.5.0-11)
CentOS Stream 10
Kernel: 5.15
Compiler: gcc gcc (GCC) 14.2.1 20250110 (Red Hat 14.2.1-8)
Debian GNU/Linux 12
Kernel: 5.15
Compiler: gcc gcc (Debian 12.2.0-14+deb12u1) 12.2.0
Fedora Linux 41
Kernel: 5.15
Compiler: clang gcc (GCC) 14.3.1 20250523 (Red Hat 14.3.1-1)
Fedora Linux 40
Kernel: 5.15
Compiler: gcc gcc (GCC) 14.2.1 20240912 (Red Hat 14.2.1-3)
Fedora Linux 42
Kernel: 5.15
Compiler: clang gcc (GCC) 15.2.1 20250808 (Red Hat 15.2.1-1)
Red Hat Enterprise Linux 8.10
Kernel: 5.15
Compiler: gcc gcc (GCC) 8.5.0 20210514 (Red Hat 8.5.0-22)
Red Hat Enterprise Linux 9.5
Kernel: 5.15
Compiler: gcc gcc (GCC) 11.5.0 20240719 (Red Hat 11.5.0-2)
Ubuntu 24.04
Kernel: 5.15
Compiler: gcc gcc (Ubuntu 13.3.0-6ubuntu2~24.04) 13.3.0
Ubuntu 22.04
Kernel: 5.15
Compiler: gcc gcc (Ubuntu 11.4.0-1ubuntu1~22.04) 11.4.0
Ubuntu 20.04
Kernel: 5.15
Compiler: gcc gcc (Ubuntu 9.4.0-1ubuntu1~20.04.2) 9.4.0
To view detailed results, visit:
https://lab.dpdk.org/results/dashboard/patchsets/34455/
UNH-IOL DPDK Community Lab
To manage your email subscriptions, visit:
https://lab.dpdk.org/results/dashboard/preferences/subscriptions/
^ permalink raw reply [flat|nested] 28+ messages in thread* |SUCCESS| pw158413-158417 [PATCH] [v7,6/6] net/cnxk: report link mod
[not found] <20251104080901.1610706-6-skori@marvell.com>
` (15 preceding siblings ...)
2025-11-04 9:36 ` dpdklab
@ 2025-11-04 10:22 ` dpdklab
2025-11-04 10:45 ` |SUCCESS| pw158417 [PATCH v7 6/6] net/cnxk: report link mode 0-day Robot
` (10 subsequent siblings)
27 siblings, 0 replies; 28+ messages in thread
From: dpdklab @ 2025-11-04 10:22 UTC (permalink / raw)
To: Test Report; +Cc: dpdk-test-reports
Test-Label: iol-compile-amd64-testing
Test-Status: SUCCESS
http://dpdk.org/patch/158417
_Testing PASS_
Submitter: Sunil Kumar Kori <skori@marvell.com>
Date: Tuesday, November 04 2025 08:08:54
DPDK git baseline: Repo:dpdk-next-net-mrvl
Branch: master
CommitID:39b54f2dcf44ad1f91eabc7080cd5dea763607fd
158413-158417 --> testing pass
Upstream job id: Windows-Compile-DPDK-VS#7413
Test environment and result as below:
+-------------------------------+--------------------+-------------------+------------------+
| Environment | dpdk_meson_compile | dpdk_msvc_compile | dpdk_compile_ovs |
+===============================+====================+===================+==================+
| Ubuntu 20.04 | PASS | SKIPPED | SKIPPED |
+-------------------------------+--------------------+-------------------+------------------+
| FreeBSD 14.2 | PASS | SKIPPED | SKIPPED |
+-------------------------------+--------------------+-------------------+------------------+
| CentOS Stream 9 | PASS | SKIPPED | SKIPPED |
+-------------------------------+--------------------+-------------------+------------------+
| CentOS Stream 10 | PASS | SKIPPED | SKIPPED |
+-------------------------------+--------------------+-------------------+------------------+
| Debian GNU/Linux 12 | PASS | SKIPPED | SKIPPED |
+-------------------------------+--------------------+-------------------+------------------+
| Fedora Linux 42 | PASS | SKIPPED | PASS |
+-------------------------------+--------------------+-------------------+------------------+
| openSUSE Leap 15.6 | PASS | SKIPPED | SKIPPED |
+-------------------------------+--------------------+-------------------+------------------+
| Red Hat Enterprise Linux 8.10 | PASS | SKIPPED | SKIPPED |
+-------------------------------+--------------------+-------------------+------------------+
| Red Hat Enterprise Linux 9.5 | PASS | SKIPPED | SKIPPED |
+-------------------------------+--------------------+-------------------+------------------+
| Ubuntu 22.04 | PASS | SKIPPED | SKIPPED |
+-------------------------------+--------------------+-------------------+------------------+
| Ubuntu 24.04 | PASS | SKIPPED | PASS |
+-------------------------------+--------------------+-------------------+------------------+
| Alpine Linux 3.22.0 | PASS | SKIPPED | SKIPPED |
+-------------------------------+--------------------+-------------------+------------------+
| Windows Server 2022 | SKIPPED | PASS | SKIPPED |
+-------------------------------+--------------------+-------------------+------------------+
Ubuntu 20.04
Kernel: 4.19
Compiler: gcc gcc (Ubuntu 9.4.0-1ubuntu1~20.04.2) 9.4.0
FreeBSD 14.2
Kernel: 14.2-RELEASE
Compiler: clang 18.1.6
CentOS Stream 9
Kernel: 5.15
Compiler: gcc gcc (GCC) 11.5.0 20240719 (Red Hat 11.5.0-11)
CentOS Stream 10
Kernel: 5.15
Compiler: gcc gcc (GCC) 14.2.1 20250110 (Red Hat 14.2.1-8)
Debian GNU/Linux 12
Kernel: 5.15
Compiler: gcc gcc (Debian 12.2.0-14+deb12u1) 12.2.0
Fedora Linux 42
Kernel: 5.15
Compiler: clang gcc (GCC) 15.2.1 20250808 (Red Hat 15.2.1-1)
openSUSE Leap 15.6
Kernel: 5.15
Compiler: gcc gcc (SUSE Linux) 7.5.0
Red Hat Enterprise Linux 8.10
Kernel: 5.15
Compiler: gcc gcc (GCC) 8.5.0 20210514 (Red Hat 8.5.0-22)
Red Hat Enterprise Linux 9.5
Kernel: 5.15
Compiler: gcc gcc (GCC) 11.5.0 20240719 (Red Hat 11.5.0-2)
Ubuntu 22.04
Kernel: 5.15
Compiler: gcc gcc (Ubuntu 11.4.0-1ubuntu1~22.04) 11.4.0
Ubuntu 24.04
Kernel: 5.15
Compiler: gcc gcc (Ubuntu 13.3.0-6ubuntu2~24.04) 13.3.0
Alpine Linux 3.22.0
Kernel: 5.15
Compiler: gcc gcc (Alpine 14.2.0) 14.2.0
Windows Server 2022
Kernel: 10.0.20348.2031
Compiler: clang 15.0.7, gcc 14.1.0 (MinGW), and MSVC VS 19.39.33521
To view detailed results, visit:
https://lab.dpdk.org/results/dashboard/patchsets/34455/
UNH-IOL DPDK Community Lab
To manage your email subscriptions, visit:
https://lab.dpdk.org/results/dashboard/preferences/subscriptions/
^ permalink raw reply [flat|nested] 28+ messages in thread* |SUCCESS| pw158417 [PATCH v7 6/6] net/cnxk: report link mode
[not found] <20251104080901.1610706-6-skori@marvell.com>
` (16 preceding siblings ...)
2025-11-04 10:22 ` dpdklab
@ 2025-11-04 10:45 ` 0-day Robot
2025-11-04 10:45 ` 0-day Robot
` (9 subsequent siblings)
27 siblings, 0 replies; 28+ messages in thread
From: 0-day Robot @ 2025-11-04 10:45 UTC (permalink / raw)
To: test-report; +Cc: robot
From: robot@bytheb.org
Test-Label: github-robot: build
Test-Status: SUCCESS
http://patchwork.dpdk.org/patch/158417/
_github build: passed_
Build URL: https://github.com/ovsrobot/dpdk/actions/runs/19062439700
^ permalink raw reply [flat|nested] 28+ messages in thread* |SUCCESS| pw158417 [PATCH v7 6/6] net/cnxk: report link mode
[not found] <20251104080901.1610706-6-skori@marvell.com>
` (17 preceding siblings ...)
2025-11-04 10:45 ` |SUCCESS| pw158417 [PATCH v7 6/6] net/cnxk: report link mode 0-day Robot
@ 2025-11-04 10:45 ` 0-day Robot
2025-11-04 11:26 ` |SUCCESS| pw158413-158417 [PATCH] [v7,6/6] net/cnxk: report link mod dpdklab
` (8 subsequent siblings)
27 siblings, 0 replies; 28+ messages in thread
From: 0-day Robot @ 2025-11-04 10:45 UTC (permalink / raw)
To: test-report; +Cc: robot
From: robot@bytheb.org
Test-Label: github-robot-post
Test-Status: SUCCESS
http://patchwork.dpdk.org/patch/158417/
_github post: success_
HTML Link: https://github.com/ovsrobot/dpdk/pull/314
^ permalink raw reply [flat|nested] 28+ messages in thread* |SUCCESS| pw158413-158417 [PATCH] [v7,6/6] net/cnxk: report link mod
[not found] <20251104080901.1610706-6-skori@marvell.com>
` (18 preceding siblings ...)
2025-11-04 10:45 ` 0-day Robot
@ 2025-11-04 11:26 ` dpdklab
2025-11-04 11:31 ` dpdklab
` (7 subsequent siblings)
27 siblings, 0 replies; 28+ messages in thread
From: dpdklab @ 2025-11-04 11:26 UTC (permalink / raw)
To: Test Report; +Cc: dpdk-test-reports
Test-Label: iol-sample-apps-testing
Test-Status: SUCCESS
http://dpdk.org/patch/158417
_Testing PASS_
Submitter: Sunil Kumar Kori <skori@marvell.com>
Date: Tuesday, November 04 2025 08:08:54
DPDK git baseline: Repo:dpdk-next-net-mrvl
Branch: master
CommitID:39b54f2dcf44ad1f91eabc7080cd5dea763607fd
158413-158417 --> testing pass
Upstream job id: ACVP-FIPS-testing#11667
Test environment and result as below:
+--------------+----------------------+----------------------+
| Environment | compressdev_zlib_pmd | dpdk_fips_validation |
+==============+======================+======================+
| Ubuntu 22.04 | PASS | SKIPPED |
+--------------+----------------------+----------------------+
| Ubuntu 20.04 | SKIPPED | PASS |
+--------------+----------------------+----------------------+
Ubuntu 22.04
Kernel: 5.15
Compiler: gcc gcc (Ubuntu 11.4.0-1ubuntu1~22.04.2) 11.4.0
Ubuntu 20.04
Kernel: 5.15
Compiler: gcc gcc (Ubuntu 9.4.0-1ubuntu1~20.04.2) 9.4.0
To view detailed results, visit:
https://lab.dpdk.org/results/dashboard/patchsets/34455/
UNH-IOL DPDK Community Lab
To manage your email subscriptions, visit:
https://lab.dpdk.org/results/dashboard/preferences/subscriptions/
^ permalink raw reply [flat|nested] 28+ messages in thread* |SUCCESS| pw158413-158417 [PATCH] [v7,6/6] net/cnxk: report link mod
[not found] <20251104080901.1610706-6-skori@marvell.com>
` (19 preceding siblings ...)
2025-11-04 11:26 ` |SUCCESS| pw158413-158417 [PATCH] [v7,6/6] net/cnxk: report link mod dpdklab
@ 2025-11-04 11:31 ` dpdklab
2025-11-04 11:35 ` dpdklab
` (6 subsequent siblings)
27 siblings, 0 replies; 28+ messages in thread
From: dpdklab @ 2025-11-04 11:31 UTC (permalink / raw)
To: Test Report; +Cc: dpdk-test-reports
Test-Label: iol-compile-amd64-testing
Test-Status: SUCCESS
http://dpdk.org/patch/158417
_Testing PASS_
Submitter: Sunil Kumar Kori <skori@marvell.com>
Date: Tuesday, November 04 2025 08:08:54
DPDK git baseline: Repo:dpdk-next-net-mrvl
Branch: master
CommitID:39b54f2dcf44ad1f91eabc7080cd5dea763607fd
158413-158417 --> testing pass
Upstream job id: Windows-Compile-DPDK-Native#32099
Test environment and result as below:
+-------------------------------+--------------------+-------------------+------------------+-------------------------+
| Environment | dpdk_meson_compile | dpdk_msvc_compile | dpdk_compile_ovs | dpdk_llvm_clang_compile |
+===============================+====================+===================+==================+=========================+
| Ubuntu 20.04 | PASS | SKIPPED | SKIPPED | SKIPPED |
+-------------------------------+--------------------+-------------------+------------------+-------------------------+
| FreeBSD 14.2 | PASS | SKIPPED | SKIPPED | SKIPPED |
+-------------------------------+--------------------+-------------------+------------------+-------------------------+
| CentOS Stream 9 | PASS | SKIPPED | SKIPPED | SKIPPED |
+-------------------------------+--------------------+-------------------+------------------+-------------------------+
| CentOS Stream 10 | PASS | SKIPPED | SKIPPED | SKIPPED |
+-------------------------------+--------------------+-------------------+------------------+-------------------------+
| Debian GNU/Linux 12 | PASS | SKIPPED | SKIPPED | SKIPPED |
+-------------------------------+--------------------+-------------------+------------------+-------------------------+
| Fedora Linux 42 | PASS | SKIPPED | PASS | SKIPPED |
+-------------------------------+--------------------+-------------------+------------------+-------------------------+
| openSUSE Leap 15.6 | PASS | SKIPPED | SKIPPED | SKIPPED |
+-------------------------------+--------------------+-------------------+------------------+-------------------------+
| Red Hat Enterprise Linux 8.10 | PASS | SKIPPED | SKIPPED | SKIPPED |
+-------------------------------+--------------------+-------------------+------------------+-------------------------+
| Red Hat Enterprise Linux 9.5 | PASS | SKIPPED | SKIPPED | SKIPPED |
+-------------------------------+--------------------+-------------------+------------------+-------------------------+
| Ubuntu 22.04 | PASS | SKIPPED | SKIPPED | SKIPPED |
+-------------------------------+--------------------+-------------------+------------------+-------------------------+
| Ubuntu 24.04 | PASS | SKIPPED | PASS | SKIPPED |
+-------------------------------+--------------------+-------------------+------------------+-------------------------+
| Alpine Linux 3.22.0 | PASS | SKIPPED | SKIPPED | SKIPPED |
+-------------------------------+--------------------+-------------------+------------------+-------------------------+
| Windows Server 2022 | SKIPPED | PASS | SKIPPED | PASS |
+-------------------------------+--------------------+-------------------+------------------+-------------------------+
Ubuntu 20.04
Kernel: 4.19
Compiler: gcc gcc (Ubuntu 9.4.0-1ubuntu1~20.04.2) 9.4.0
FreeBSD 14.2
Kernel: 14.2-RELEASE
Compiler: clang 18.1.6
CentOS Stream 9
Kernel: 5.15
Compiler: gcc gcc (GCC) 11.5.0 20240719 (Red Hat 11.5.0-11)
CentOS Stream 10
Kernel: 5.15
Compiler: gcc gcc (GCC) 14.2.1 20250110 (Red Hat 14.2.1-8)
Debian GNU/Linux 12
Kernel: 5.15
Compiler: gcc gcc (Debian 12.2.0-14+deb12u1) 12.2.0
Fedora Linux 42
Kernel: 5.15
Compiler: clang gcc (GCC) 15.2.1 20250808 (Red Hat 15.2.1-1)
openSUSE Leap 15.6
Kernel: 5.15
Compiler: gcc gcc (SUSE Linux) 7.5.0
Red Hat Enterprise Linux 8.10
Kernel: 5.15
Compiler: gcc gcc (GCC) 8.5.0 20210514 (Red Hat 8.5.0-22)
Red Hat Enterprise Linux 9.5
Kernel: 5.15
Compiler: gcc gcc (GCC) 11.5.0 20240719 (Red Hat 11.5.0-2)
Ubuntu 22.04
Kernel: 5.15
Compiler: gcc gcc (Ubuntu 11.4.0-1ubuntu1~22.04) 11.4.0
Ubuntu 24.04
Kernel: 5.15
Compiler: gcc gcc (Ubuntu 13.3.0-6ubuntu2~24.04) 13.3.0
Alpine Linux 3.22.0
Kernel: 5.15
Compiler: gcc gcc (Alpine 14.2.0) 14.2.0
Windows Server 2022
Kernel: 10.0.20348.2031
Compiler: clang 15.0.7, gcc 14.1.0 (MinGW), and MSVC VS 19.39.33521
To view detailed results, visit:
https://lab.dpdk.org/results/dashboard/patchsets/34455/
UNH-IOL DPDK Community Lab
To manage your email subscriptions, visit:
https://lab.dpdk.org/results/dashboard/preferences/subscriptions/
^ permalink raw reply [flat|nested] 28+ messages in thread* |SUCCESS| pw158413-158417 [PATCH] [v7,6/6] net/cnxk: report link mod
[not found] <20251104080901.1610706-6-skori@marvell.com>
` (20 preceding siblings ...)
2025-11-04 11:31 ` dpdklab
@ 2025-11-04 11:35 ` dpdklab
2025-11-04 11:46 ` dpdklab
` (5 subsequent siblings)
27 siblings, 0 replies; 28+ messages in thread
From: dpdklab @ 2025-11-04 11:35 UTC (permalink / raw)
To: Test Report; +Cc: dpdk-test-reports
Test-Label: iol-compile-amd64-testing
Test-Status: SUCCESS
http://dpdk.org/patch/158417
_Testing PASS_
Submitter: Sunil Kumar Kori <skori@marvell.com>
Date: Tuesday, November 04 2025 08:08:54
DPDK git baseline: Repo:dpdk-next-net-mrvl
Branch: master
CommitID:39b54f2dcf44ad1f91eabc7080cd5dea763607fd
158413-158417 --> testing pass
Upstream job id: Windows-Compile-DPDK-Native#32100
Test environment and result as below:
+-------------------------------+--------------------+-------------------+------------------+-------------------------+----------------------+
| Environment | dpdk_meson_compile | dpdk_msvc_compile | dpdk_compile_ovs | dpdk_llvm_clang_compile | dpdk_mingw64_compile |
+===============================+====================+===================+==================+=========================+======================+
| Ubuntu 20.04 | PASS | SKIPPED | SKIPPED | SKIPPED | SKIPPED |
+-------------------------------+--------------------+-------------------+------------------+-------------------------+----------------------+
| FreeBSD 14.2 | PASS | SKIPPED | SKIPPED | SKIPPED | SKIPPED |
+-------------------------------+--------------------+-------------------+------------------+-------------------------+----------------------+
| CentOS Stream 9 | PASS | SKIPPED | SKIPPED | SKIPPED | SKIPPED |
+-------------------------------+--------------------+-------------------+------------------+-------------------------+----------------------+
| CentOS Stream 10 | PASS | SKIPPED | SKIPPED | SKIPPED | SKIPPED |
+-------------------------------+--------------------+-------------------+------------------+-------------------------+----------------------+
| Debian GNU/Linux 12 | PASS | SKIPPED | SKIPPED | SKIPPED | SKIPPED |
+-------------------------------+--------------------+-------------------+------------------+-------------------------+----------------------+
| Fedora Linux 42 | PASS | SKIPPED | PASS | SKIPPED | SKIPPED |
+-------------------------------+--------------------+-------------------+------------------+-------------------------+----------------------+
| openSUSE Leap 15.6 | PASS | SKIPPED | SKIPPED | SKIPPED | SKIPPED |
+-------------------------------+--------------------+-------------------+------------------+-------------------------+----------------------+
| Red Hat Enterprise Linux 8.10 | PASS | SKIPPED | SKIPPED | SKIPPED | SKIPPED |
+-------------------------------+--------------------+-------------------+------------------+-------------------------+----------------------+
| Red Hat Enterprise Linux 9.5 | PASS | SKIPPED | SKIPPED | SKIPPED | SKIPPED |
+-------------------------------+--------------------+-------------------+------------------+-------------------------+----------------------+
| Ubuntu 22.04 | PASS | SKIPPED | SKIPPED | SKIPPED | SKIPPED |
+-------------------------------+--------------------+-------------------+------------------+-------------------------+----------------------+
| Ubuntu 24.04 | PASS | SKIPPED | PASS | SKIPPED | SKIPPED |
+-------------------------------+--------------------+-------------------+------------------+-------------------------+----------------------+
| Alpine Linux 3.22.0 | PASS | SKIPPED | SKIPPED | SKIPPED | SKIPPED |
+-------------------------------+--------------------+-------------------+------------------+-------------------------+----------------------+
| Windows Server 2022 | SKIPPED | PASS | SKIPPED | PASS | PASS |
+-------------------------------+--------------------+-------------------+------------------+-------------------------+----------------------+
Ubuntu 20.04
Kernel: 4.19
Compiler: gcc gcc (Ubuntu 9.4.0-1ubuntu1~20.04.2) 9.4.0
FreeBSD 14.2
Kernel: 14.2-RELEASE
Compiler: clang 18.1.6
CentOS Stream 9
Kernel: 5.15
Compiler: gcc gcc (GCC) 11.5.0 20240719 (Red Hat 11.5.0-11)
CentOS Stream 10
Kernel: 5.15
Compiler: gcc gcc (GCC) 14.2.1 20250110 (Red Hat 14.2.1-8)
Debian GNU/Linux 12
Kernel: 5.15
Compiler: gcc gcc (Debian 12.2.0-14+deb12u1) 12.2.0
Fedora Linux 42
Kernel: 5.15
Compiler: clang gcc (GCC) 15.2.1 20250808 (Red Hat 15.2.1-1)
openSUSE Leap 15.6
Kernel: 5.15
Compiler: gcc gcc (SUSE Linux) 7.5.0
Red Hat Enterprise Linux 8.10
Kernel: 5.15
Compiler: gcc gcc (GCC) 8.5.0 20210514 (Red Hat 8.5.0-22)
Red Hat Enterprise Linux 9.5
Kernel: 5.15
Compiler: gcc gcc (GCC) 11.5.0 20240719 (Red Hat 11.5.0-2)
Ubuntu 22.04
Kernel: 5.15
Compiler: gcc gcc (Ubuntu 11.4.0-1ubuntu1~22.04) 11.4.0
Ubuntu 24.04
Kernel: 5.15
Compiler: gcc gcc (Ubuntu 13.3.0-6ubuntu2~24.04) 13.3.0
Alpine Linux 3.22.0
Kernel: 5.15
Compiler: gcc gcc (Alpine 14.2.0) 14.2.0
Windows Server 2022
Kernel: 10.0.20348.2031
Compiler: clang 15.0.7, gcc 14.1.0 (MinGW), and MSVC VS 19.39.33521
To view detailed results, visit:
https://lab.dpdk.org/results/dashboard/patchsets/34455/
UNH-IOL DPDK Community Lab
To manage your email subscriptions, visit:
https://lab.dpdk.org/results/dashboard/preferences/subscriptions/
^ permalink raw reply [flat|nested] 28+ messages in thread* |SUCCESS| pw158413-158417 [PATCH] [v7,6/6] net/cnxk: report link mod
[not found] <20251104080901.1610706-6-skori@marvell.com>
` (21 preceding siblings ...)
2025-11-04 11:35 ` dpdklab
@ 2025-11-04 11:46 ` dpdklab
2025-11-04 11:57 ` dpdklab
` (4 subsequent siblings)
27 siblings, 0 replies; 28+ messages in thread
From: dpdklab @ 2025-11-04 11:46 UTC (permalink / raw)
To: Test Report; +Cc: dpdk-test-reports
Test-Label: iol-unit-amd64-testing
Test-Status: SUCCESS
http://dpdk.org/patch/158417
_Testing PASS_
Submitter: Sunil Kumar Kori <skori@marvell.com>
Date: Tuesday, November 04 2025 08:08:54
DPDK git baseline: Repo:dpdk-next-net-mrvl
Branch: master
CommitID:39b54f2dcf44ad1f91eabc7080cd5dea763607fd
158413-158417 --> testing pass
Upstream job id: Generic-VM-Unit-Test-DPDK#32273
Test environment and result as below:
+-------------------------------+----------------+
| Environment | dpdk_unit_test |
+===============================+================+
| CentOS Stream 9 | PASS |
+-------------------------------+----------------+
| CentOS Stream 10 | PASS |
+-------------------------------+----------------+
| Debian GNU/Linux 12 | PASS |
+-------------------------------+----------------+
| Fedora Linux 41 | PASS |
+-------------------------------+----------------+
| Fedora Linux 40 | PASS |
+-------------------------------+----------------+
| Fedora Linux 42 | PASS |
+-------------------------------+----------------+
| Red Hat Enterprise Linux 8.10 | PASS |
+-------------------------------+----------------+
| Red Hat Enterprise Linux 9.5 | PASS |
+-------------------------------+----------------+
| Ubuntu 24.04 | PASS |
+-------------------------------+----------------+
| Ubuntu 22.04 | PASS |
+-------------------------------+----------------+
| Ubuntu 20.04 | PASS |
+-------------------------------+----------------+
| Windows Server 2022 | PASS |
+-------------------------------+----------------+
CentOS Stream 9
Kernel: 5.15
Compiler: gcc gcc (GCC) 11.5.0 20240719 (Red Hat 11.5.0-11)
CentOS Stream 10
Kernel: 5.15
Compiler: gcc gcc (GCC) 14.2.1 20250110 (Red Hat 14.2.1-8)
Debian GNU/Linux 12
Kernel: 5.15
Compiler: gcc gcc (Debian 12.2.0-14+deb12u1) 12.2.0
Fedora Linux 41
Kernel: 5.15
Compiler: clang gcc (GCC) 14.3.1 20250523 (Red Hat 14.3.1-1)
Fedora Linux 40
Kernel: 5.15
Compiler: gcc gcc (GCC) 14.2.1 20240912 (Red Hat 14.2.1-3)
Fedora Linux 42
Kernel: 5.15
Compiler: clang gcc (GCC) 15.2.1 20250808 (Red Hat 15.2.1-1)
Red Hat Enterprise Linux 8.10
Kernel: 5.15
Compiler: gcc gcc (GCC) 8.5.0 20210514 (Red Hat 8.5.0-22)
Red Hat Enterprise Linux 9.5
Kernel: 5.15
Compiler: gcc gcc (GCC) 11.5.0 20240719 (Red Hat 11.5.0-2)
Ubuntu 24.04
Kernel: 5.15
Compiler: gcc gcc (Ubuntu 13.3.0-6ubuntu2~24.04) 13.3.0
Ubuntu 22.04
Kernel: 5.15
Compiler: gcc gcc (Ubuntu 11.4.0-1ubuntu1~22.04) 11.4.0
Ubuntu 20.04
Kernel: 5.15
Compiler: gcc gcc (Ubuntu 9.4.0-1ubuntu1~20.04.2) 9.4.0
Windows Server 2022
Kernel: 10.0.20348.2031
Compiler: clang 15.0.7, gcc 14.1.0 (MinGW), and MSVC VS 19.39.33521
To view detailed results, visit:
https://lab.dpdk.org/results/dashboard/patchsets/34455/
UNH-IOL DPDK Community Lab
To manage your email subscriptions, visit:
https://lab.dpdk.org/results/dashboard/preferences/subscriptions/
^ permalink raw reply [flat|nested] 28+ messages in thread* |SUCCESS| pw158413-158417 [PATCH] [v7,6/6] net/cnxk: report link mod
[not found] <20251104080901.1610706-6-skori@marvell.com>
` (22 preceding siblings ...)
2025-11-04 11:46 ` dpdklab
@ 2025-11-04 11:57 ` dpdklab
2025-11-04 12:16 ` dpdklab
` (3 subsequent siblings)
27 siblings, 0 replies; 28+ messages in thread
From: dpdklab @ 2025-11-04 11:57 UTC (permalink / raw)
To: Test Report; +Cc: dpdk-test-reports
Test-Label: iol-unit-amd64-testing
Test-Status: SUCCESS
http://dpdk.org/patch/158417
_Testing PASS_
Submitter: Sunil Kumar Kori <skori@marvell.com>
Date: Tuesday, November 04 2025 08:08:54
DPDK git baseline: Repo:dpdk-next-net-mrvl
Branch: master
CommitID:39b54f2dcf44ad1f91eabc7080cd5dea763607fd
158413-158417 --> testing pass
Upstream job id: Generic-VM-Unit-Test-DPDK#32274
Test environment and result as below:
+-------------------------------+----------------+
| Environment | dpdk_unit_test |
+===============================+================+
| CentOS Stream 9 | PASS |
+-------------------------------+----------------+
| CentOS Stream 10 | PASS |
+-------------------------------+----------------+
| Debian GNU/Linux 12 | PASS |
+-------------------------------+----------------+
| Fedora Linux 41 | PASS |
+-------------------------------+----------------+
| Fedora Linux 40 | PASS |
+-------------------------------+----------------+
| Fedora Linux 42 | PASS |
+-------------------------------+----------------+
| Red Hat Enterprise Linux 8.10 | PASS |
+-------------------------------+----------------+
| Red Hat Enterprise Linux 9.5 | PASS |
+-------------------------------+----------------+
| Ubuntu 24.04 | PASS |
+-------------------------------+----------------+
| Ubuntu 22.04 | PASS |
+-------------------------------+----------------+
| Ubuntu 20.04 | PASS |
+-------------------------------+----------------+
| Windows Server 2022 | PASS |
+-------------------------------+----------------+
CentOS Stream 9
Kernel: 5.15
Compiler: gcc gcc (GCC) 11.5.0 20240719 (Red Hat 11.5.0-11)
CentOS Stream 10
Kernel: 5.15
Compiler: gcc gcc (GCC) 14.2.1 20250110 (Red Hat 14.2.1-8)
Debian GNU/Linux 12
Kernel: 5.15
Compiler: gcc gcc (Debian 12.2.0-14+deb12u1) 12.2.0
Fedora Linux 41
Kernel: 5.15
Compiler: clang gcc (GCC) 14.3.1 20250523 (Red Hat 14.3.1-1)
Fedora Linux 40
Kernel: 5.15
Compiler: gcc gcc (GCC) 14.2.1 20240912 (Red Hat 14.2.1-3)
Fedora Linux 42
Kernel: 5.15
Compiler: clang gcc (GCC) 15.2.1 20250808 (Red Hat 15.2.1-1)
Red Hat Enterprise Linux 8.10
Kernel: 5.15
Compiler: gcc gcc (GCC) 8.5.0 20210514 (Red Hat 8.5.0-22)
Red Hat Enterprise Linux 9.5
Kernel: 5.15
Compiler: gcc gcc (GCC) 11.5.0 20240719 (Red Hat 11.5.0-2)
Ubuntu 24.04
Kernel: 5.15
Compiler: gcc gcc (Ubuntu 13.3.0-6ubuntu2~24.04) 13.3.0
Ubuntu 22.04
Kernel: 5.15
Compiler: gcc gcc (Ubuntu 11.4.0-1ubuntu1~22.04) 11.4.0
Ubuntu 20.04
Kernel: 5.15
Compiler: gcc gcc (Ubuntu 9.4.0-1ubuntu1~20.04.2) 9.4.0
Windows Server 2022
Kernel: 10.0.20348.2031
Compiler: clang 15.0.7, gcc 14.1.0 (MinGW), and MSVC VS 19.39.33521
To view detailed results, visit:
https://lab.dpdk.org/results/dashboard/patchsets/34455/
UNH-IOL DPDK Community Lab
To manage your email subscriptions, visit:
https://lab.dpdk.org/results/dashboard/preferences/subscriptions/
^ permalink raw reply [flat|nested] 28+ messages in thread* |SUCCESS| pw158413-158417 [PATCH] [v7,6/6] net/cnxk: report link mod
[not found] <20251104080901.1610706-6-skori@marvell.com>
` (23 preceding siblings ...)
2025-11-04 11:57 ` dpdklab
@ 2025-11-04 12:16 ` dpdklab
2025-11-04 12:36 ` dpdklab
` (2 subsequent siblings)
27 siblings, 0 replies; 28+ messages in thread
From: dpdklab @ 2025-11-04 12:16 UTC (permalink / raw)
To: Test Report; +Cc: dpdk-test-reports
Test-Label: iol-broadcom-Performance
Test-Status: SUCCESS
http://dpdk.org/patch/158417
_Performance Testing PASS_
Submitter: Sunil Kumar Kori <skori@marvell.com>
Date: Tuesday, November 04 2025 08:08:54
DPDK git baseline: Repo:dpdk-next-net-mrvl
Branch: master
CommitID:39b54f2dcf44ad1f91eabc7080cd5dea763607fd
158413-158417 --> performance testing pass
Upstream job id: Template-DTS-Pipeline#252771
Test environment and result as below:
Ubuntu 22.04
Kernel: 5.15
Compiler: gcc gcc (Ubuntu 11.4.0-1ubuntu1~22.04.2) 11.4.0
NIC: Arm Broadcom Inc. brcm_57414 25000 Mbps
Fail/Total: 0/2
Detail performance results:
+------------+---------+----------+-------------+------------------------------+
| frame_size | txd/rxd | num_cpus | num_threads | throughput difference from |
| | | | | expected |
+============+=========+==========+=============+==============================+
| 64 | 512 | 1 | 1 | 0.3% |
+------------+---------+----------+-------------+------------------------------+
| 64 | 2048 | 1 | 1 | -0.2% |
+------------+---------+----------+-------------+------------------------------+
Ubuntu 22.04
Kernel: 5.15
Compiler: gcc gcc (Ubuntu 11.4.0-1ubuntu1~22.04) 11.4.0
NIC: Broadcom Inc. and subsidiaries BCM57414 NetXtreme-E 10Gb/25Gb RDMA Ethernet Controller 16d7 25 Mbps
Fail/Total: 0/3
Detail performance results:
+------------+---------+----------+-------------+------------------------------+
| frame_size | txd/rxd | num_cpus | num_threads | throughput difference from |
| | | | | expected |
+============+=========+==========+=============+==============================+
| 64 | 128 | 1 | 1 | -0.2% |
+------------+---------+----------+-------------+------------------------------+
| 64 | 512 | 1 | 1 | -1.4% |
+------------+---------+----------+-------------+------------------------------+
| 64 | 2048 | 1 | 1 | -1.1% |
+------------+---------+----------+-------------+------------------------------+
To view detailed results, visit:
https://lab.dpdk.org/results/dashboard/patchsets/34455/
UNH-IOL DPDK Community Lab
To manage your email subscriptions, visit:
https://lab.dpdk.org/results/dashboard/preferences/subscriptions/
^ permalink raw reply [flat|nested] 28+ messages in thread* |SUCCESS| pw158413-158417 [PATCH] [v7,6/6] net/cnxk: report link mod
[not found] <20251104080901.1610706-6-skori@marvell.com>
` (24 preceding siblings ...)
2025-11-04 12:16 ` dpdklab
@ 2025-11-04 12:36 ` dpdklab
2025-11-04 14:54 ` dpdklab
2025-11-04 18:33 ` dpdklab
27 siblings, 0 replies; 28+ messages in thread
From: dpdklab @ 2025-11-04 12:36 UTC (permalink / raw)
To: Test Report; +Cc: dpdk-test-reports
Test-Label: iol-intel-Functional
Test-Status: SUCCESS
http://dpdk.org/patch/158417
_Functional Testing PASS_
Submitter: Sunil Kumar Kori <skori@marvell.com>
Date: Tuesday, November 04 2025 08:08:54
DPDK git baseline: Repo:dpdk-next-net-mrvl
Branch: master
CommitID:39b54f2dcf44ad1f91eabc7080cd5dea763607fd
158413-158417 --> functional testing pass
Upstream job id: Template-DTS-Pipeline#252775
Test environment and result as below:
Ubuntu 24.04
Kernel: 6.8
Compiler: gcc gcc (Ubuntu 13.3.0-6ubuntu2~24.04) 13.3.0
NIC: Intel E810 (Arm Grace Server) 100000 Mbps
Aggregate Results by Test Suite
+------------+--------+
| Test Suite | Result |
+============+========+
| blocklist | PASS |
+------------+--------+
| uni_pkt | PASS |
+------------+--------+
Ubuntu 24.04 LTS
Kernel: 6.8.0-44-generic
Compiler: gcc 13.2.0
NIC: Intel Corporation Ethernet Controller XL710 for 40GbE QSFP+ 40 Mbps
Aggregate Results by Test Suite
+--------------------+--------+
| Test Suite | Result |
+====================+========+
| blocklist | PASS |
+--------------------+--------+
| uni_pkt | PASS |
+--------------------+--------+
| promisc_support | PASS |
+--------------------+--------+
| dynamic_queue_conf | PASS |
+--------------------+--------+
| hello_world | PASS |
+--------------------+--------+
| l2fwd | PASS |
+--------------------+--------+
| softnic | PASS |
+--------------------+--------+
Ubuntu 24.04
Kernel: 6.8
Compiler: gcc gcc (Ubuntu 13.3.0-6ubuntu2~24.04) 13.3.0
NIC: Intel Corporation 4xxx Series QAT 0 Mbps
Aggregate Results by Test Suite
+----------------------------+--------+
| Test Suite | Result |
+============================+========+
| crypto_perf_cryptodev_perf | PASS |
+----------------------------+--------+
Ubuntu 22.04
Kernel: 5.15
Compiler: gcc gcc (Ubuntu 11.4.0-1ubuntu1~22.04.2) 11.4.0
NIC: Intel Corporation QAT 8970 0 Mbps
Aggregate Results by Test Suite
+----------------------------+--------+
| Test Suite | Result |
+============================+========+
| crypto_perf_cryptodev_perf | PASS |
+----------------------------+--------+
Ubuntu 20.04
Kernel: 5.4
Compiler: gcc gcc (Ubuntu 9.4.0-1ubuntu1~20.04.1) 9.4.0
NIC: Intel Corporation Ethernet Converged Network Adapter XL710-QDA2 40000 Mbps
Aggregate Results by Test Suite
+-----------------------------+--------+
| Test Suite | Result |
+=============================+========+
| unit_tests_mbuf | PASS |
+-----------------------------+--------+
| vhost_virtio_user_interrupt | PASS |
+-----------------------------+--------+
| virtio_smoke | PASS |
+-----------------------------+--------+
To view detailed results, visit:
https://lab.dpdk.org/results/dashboard/patchsets/34455/
UNH-IOL DPDK Community Lab
To manage your email subscriptions, visit:
https://lab.dpdk.org/results/dashboard/preferences/subscriptions/
^ permalink raw reply [flat|nested] 28+ messages in thread* |SUCCESS| pw158413-158417 [PATCH] [v7,6/6] net/cnxk: report link mod
[not found] <20251104080901.1610706-6-skori@marvell.com>
` (25 preceding siblings ...)
2025-11-04 12:36 ` dpdklab
@ 2025-11-04 14:54 ` dpdklab
2025-11-04 18:33 ` dpdklab
27 siblings, 0 replies; 28+ messages in thread
From: dpdklab @ 2025-11-04 14:54 UTC (permalink / raw)
To: Test Report; +Cc: dpdk-test-reports
Test-Label: iol-compile-arm64-testing
Test-Status: SUCCESS
http://dpdk.org/patch/158417
_Testing PASS_
Submitter: Sunil Kumar Kori <skori@marvell.com>
Date: Tuesday, November 04 2025 08:08:54
DPDK git baseline: Repo:dpdk-next-net-mrvl
Branch: master
CommitID:39b54f2dcf44ad1f91eabc7080cd5dea763607fd
158413-158417 --> testing pass
Upstream job id: Generic-DPDK-Compile-Meson#440534
Test environment and result as below:
+------------------------------+--------------------+
| Environment | dpdk_meson_compile |
+==============================+====================+
| Red Hat Enterprise Linux 9.5 | PASS |
+------------------------------+--------------------+
| Ubuntu 20.04 | PASS |
+------------------------------+--------------------+
| Debian GNU/Linux 12 | PASS |
+------------------------------+--------------------+
| Fedora Linux 42 | PASS |
+------------------------------+--------------------+
| Ubuntu 22.04 | PASS |
+------------------------------+--------------------+
| Ubuntu 24.04 | PASS |
+------------------------------+--------------------+
| CentOS Stream 9 | PASS |
+------------------------------+--------------------+
| CentOS Stream 10 | PASS |
+------------------------------+--------------------+
Red Hat Enterprise Linux 9.5
Kernel: 5.4
Compiler: gcc gcc (GCC) 11.5.0 20240719 (Red Hat 11.5.0-2)
Ubuntu 20.04
Kernel: 5.15
Compiler: aarch64-linux-gnu-gcc gcc (Ubuntu 9.4.0-1ubuntu1~20.04.2) 9.4.0
Debian GNU/Linux 12
Kernel: 5.4
Compiler: gcc gcc (Debian 12.2.0-14+deb12u1) 12.2.0
Fedora Linux 42
Kernel: 5.4
Compiler: gcc gcc (GCC) 15.2.1 20250808 (Red Hat 15.2.1-1)
Ubuntu 22.04
Kernel: 5.4
Compiler: gcc gcc (Ubuntu 11.4.0-1ubuntu1~22.04) 11.4.0
Ubuntu 24.04
Kernel: 5.4
Compiler: gcc gcc (Ubuntu 13.3.0-6ubuntu2~24.04) 13.3.0
CentOS Stream 9
Kernel: 5.4
Compiler: gcc gcc (GCC) 11.5.0 20240719 (Red Hat 11.5.0-11)
CentOS Stream 10
Kernel: 5.4
Compiler: gcc gcc (GCC) 14.2.1 20250110 (Red Hat 14.2.1-8)
To view detailed results, visit:
https://lab.dpdk.org/results/dashboard/patchsets/34455/
UNH-IOL DPDK Community Lab
To manage your email subscriptions, visit:
https://lab.dpdk.org/results/dashboard/preferences/subscriptions/
^ permalink raw reply [flat|nested] 28+ messages in thread* |SUCCESS| pw158413-158417 [PATCH] [v7,6/6] net/cnxk: report link mod
[not found] <20251104080901.1610706-6-skori@marvell.com>
` (26 preceding siblings ...)
2025-11-04 14:54 ` dpdklab
@ 2025-11-04 18:33 ` dpdklab
27 siblings, 0 replies; 28+ messages in thread
From: dpdklab @ 2025-11-04 18:33 UTC (permalink / raw)
To: Test Report; +Cc: dpdk-test-reports
Test-Label: iol-unit-arm64-testing
Test-Status: SUCCESS
http://dpdk.org/patch/158417
_Testing PASS_
Submitter: Sunil Kumar Kori <skori@marvell.com>
Date: Tuesday, November 04 2025 08:08:54
DPDK git baseline: Repo:dpdk-next-net-mrvl
Branch: master
CommitID:39b54f2dcf44ad1f91eabc7080cd5dea763607fd
158413-158417 --> testing pass
Upstream job id: Generic-Unit-Test-DPDK#388342
Test environment and result as below:
+------------------------------+---------------------------+--------------+------------------------------+----------------+
| Environment | cryptodev_sw_zuc_autotest | lpm_autotest | cryptodev_sw_snow3g_autotest | dpdk_unit_test |
+==============================+===========================+==============+==============================+================+
| Debian 12 (arm) | PASS | SKIPPED | PASS | SKIPPED |
+------------------------------+---------------------------+--------------+------------------------------+----------------+
| Ubuntu 20.04 | SKIPPED | PASS | SKIPPED | PASS |
+------------------------------+---------------------------+--------------+------------------------------+----------------+
| Debian GNU/Linux 12 | SKIPPED | SKIPPED | SKIPPED | PASS |
+------------------------------+---------------------------+--------------+------------------------------+----------------+
| CentOS Stream 10 | SKIPPED | SKIPPED | SKIPPED | PASS |
+------------------------------+---------------------------+--------------+------------------------------+----------------+
| Fedora Linux 40 | SKIPPED | SKIPPED | SKIPPED | PASS |
+------------------------------+---------------------------+--------------+------------------------------+----------------+
| CentOS Stream 9 | SKIPPED | SKIPPED | SKIPPED | PASS |
+------------------------------+---------------------------+--------------+------------------------------+----------------+
| Fedora Linux 41 | SKIPPED | SKIPPED | SKIPPED | PASS |
+------------------------------+---------------------------+--------------+------------------------------+----------------+
| Red Hat Enterprise Linux 9.5 | SKIPPED | SKIPPED | SKIPPED | PASS |
+------------------------------+---------------------------+--------------+------------------------------+----------------+
| Fedora Linux 42 | SKIPPED | SKIPPED | SKIPPED | PASS |
+------------------------------+---------------------------+--------------+------------------------------+----------------+
| Ubuntu 22.04 | SKIPPED | SKIPPED | SKIPPED | PASS |
+------------------------------+---------------------------+--------------+------------------------------+----------------+
| Ubuntu 24.04 | SKIPPED | SKIPPED | SKIPPED | PASS |
+------------------------------+---------------------------+--------------+------------------------------+----------------+
Debian 12 (arm)
Kernel: Depends on container host
Compiler: gcc (Debian 12.2.0-14) 12.2.0
Ubuntu 20.04
Kernel: 5.4
Compiler: gcc gcc (Ubuntu 9.4.0-1ubuntu1~20.04.2) 9.4.0
Debian GNU/Linux 12
Kernel: 5.4
Compiler: gcc gcc (Debian 12.2.0-14+deb12u1) 12.2.0
CentOS Stream 10
Kernel: 5.4
Compiler: gcc gcc (GCC) 14.2.1 20250110 (Red Hat 14.2.1-8)
Fedora Linux 40
Kernel: 5.4
Compiler: clang gcc (GCC) 14.2.1 20240912 (Red Hat 14.2.1-3)
CentOS Stream 9
Kernel: 5.4
Compiler: gcc gcc (GCC) 11.5.0 20240719 (Red Hat 11.5.0-11)
Fedora Linux 41
Kernel: 5.4
Compiler: gcc gcc (GCC) 14.3.1 20250523 (Red Hat 14.3.1-1)
Red Hat Enterprise Linux 9.5
Kernel: 5.4
Compiler: gcc gcc (GCC) 11.5.0 20240719 (Red Hat 11.5.0-2)
Fedora Linux 42
Kernel: 5.4
Compiler: clang gcc (GCC) 15.2.1 20250808 (Red Hat 15.2.1-1)
Ubuntu 22.04
Kernel: 5.4
Compiler: gcc gcc (Ubuntu 11.4.0-1ubuntu1~22.04) 11.4.0
Ubuntu 24.04
Kernel: 5.4
Compiler: gcc gcc (Ubuntu 13.3.0-6ubuntu2~24.04) 13.3.0
To view detailed results, visit:
https://lab.dpdk.org/results/dashboard/patchsets/34455/
UNH-IOL DPDK Community Lab
To manage your email subscriptions, visit:
https://lab.dpdk.org/results/dashboard/preferences/subscriptions/
^ permalink raw reply [flat|nested] 28+ messages in thread