From: dpdklab@iol.unh.edu
To: Test Report <test-report@dpdk.org>
Cc: dpdk-test-reports@iol.unh.edu,
David Marchand <david.marchand@redhat.com>
Subject: |FAILURE| pw158419 [PATCH] [v2] mbuf: dump Tx offload metadata
Date: Tue, 04 Nov 2025 03:07:47 -0800 (PST) [thread overview]
Message-ID: <6909de83.050a0220.8c84e.e564SMTPIN_ADDED_MISSING@mx.google.com> (raw)
In-Reply-To: <20251104100214.1818660-1-david.marchand@redhat.com>
Test-Label: iol-compile-amd64-testing
Test-Status: FAILURE
http://dpdk.org/patch/158419
_Testing issues_
Submitter: David Marchand <david.marchand@redhat.com>
Date: Tuesday, November 04 2025 10:02:14
DPDK git baseline: Repo:dpdk
Branch: master
CommitID:8c4861d00aabcf54ef9d6f1df2a4cfb37c06f6c2
158419 --> testing issues
Upstream job id: Windows-Compile-DPDK-VS#7414
Test environment and result as below:
+-------------------------------+--------------------+------------------+-------------------+
| Environment | dpdk_meson_compile | dpdk_compile_ovs | dpdk_msvc_compile |
+===============================+====================+==================+===================+
| FreeBSD 14.2 | PASS | SKIPPED | SKIPPED |
+-------------------------------+--------------------+------------------+-------------------+
| Ubuntu 20.04 | PASS | SKIPPED | SKIPPED |
+-------------------------------+--------------------+------------------+-------------------+
| CentOS Stream 10 | PASS | SKIPPED | SKIPPED |
+-------------------------------+--------------------+------------------+-------------------+
| openSUSE Leap 15.6 | PASS | SKIPPED | SKIPPED |
+-------------------------------+--------------------+------------------+-------------------+
| Fedora Linux 42 | PASS | PASS | SKIPPED |
+-------------------------------+--------------------+------------------+-------------------+
| Ubuntu 22.04 | PEND | SKIPPED | SKIPPED |
+-------------------------------+--------------------+------------------+-------------------+
| Red Hat Enterprise Linux 9.5 | PEND | SKIPPED | SKIPPED |
+-------------------------------+--------------------+------------------+-------------------+
| Debian GNU/Linux 12 | PASS | SKIPPED | SKIPPED |
+-------------------------------+--------------------+------------------+-------------------+
| Red Hat Enterprise Linux 8.10 | PASS | SKIPPED | SKIPPED |
+-------------------------------+--------------------+------------------+-------------------+
| Ubuntu 24.04 | PASS | PASS | SKIPPED |
+-------------------------------+--------------------+------------------+-------------------+
| CentOS Stream 9 | PASS | SKIPPED | SKIPPED |
+-------------------------------+--------------------+------------------+-------------------+
| Alpine Linux 3.22.0 | PASS | SKIPPED | SKIPPED |
+-------------------------------+--------------------+------------------+-------------------+
| Windows Server 2022 | SKIPPED | SKIPPED | FAIL |
+-------------------------------+--------------------+------------------+-------------------+
==== 20 line log output for Windows Server 2022 (dpdk_msvc_compile): ====
\0.\0.\0/\0l\0i\0b\0/\0m\0b\0u\0f\0/\0r\0t\0e\0_\0m\0b\0u\0f\0.\0c\0(\07\07\06\0)\0:\0 \0n\0o\0t\0e\0:\0 \0c\0o\0n\0s\0i\0d\0e\0r\0 \0u\0s\0i\0n\0g\0 \0'\0%\0I\0u\0'\0 \0i\0n\0 \0t\0h\0e\0 \0f\0o\0r\0m\0a\0t\0 \0s\0t\0r\0i\0n\0g\0
\0
\0.\0.\0/\0l\0i\0b\0/\0m\0b\0u\0f\0/\0r\0t\0e\0_\0m\0b\0u\0f\0.\0c\0(\07\07\06\0)\0:\0 \0n\0o\0t\0e\0:\0 \0c\0o\0n\0s\0i\0d\0e\0r\0 \0u\0s\0i\0n\0g\0 \0'\0%\0I\06\04\0u\0'\0 \0i\0n\0 \0t\0h\0e\0 \0f\0o\0r\0m\0a\0t\0 \0s\0t\0r\0i\0n\0g\0
\0
\0.\0.\0/\0l\0i\0b\0/\0m\0b\0u\0f\0/\0r\0t\0e\0_\0m\0b\0u\0f\0.\0c\0(\07\08\00\0)\0:\0 \0w\0a\0r\0n\0i\0n\0g\0 \0C\04\04\07\07\0:\0 \0'\0f\0p\0r\0i\0n\0t\0f\0'\0 \0:\0 \0f\0o\0r\0m\0a\0t\0 \0s\0t\0r\0i\0n\0g\0 \0'\0%\0u\0'\0 \0r\0e\0q\0u\0i\0r\0e\0s\0 \0a\0n\0 \0a\0r\0g\0u\0m\0e\0n\0t\0 \0o\0f\0 \0t\0y\0p\0e\0 \0'\0u\0n\0s\0i\0g\0n\0e\0d\0 \0i\0n\0t\0'\0,\0 \0b\0u\0t\0 \0v\0a\0r\0i\0a\0d\0i\0c\0 \0a\0r\0g\0u\0m\0e\0n\0t\0 \02\0 \0h\0a\0s\0 \0t\0y\0p\0e\0 \0'\0c\0o\0n\0s\0t\0 \0u\0i\0n\0t\06\04\0_\0t\0'\0
\0
\0.\0.\0/\0l\0i\0b\0/\0m\0b\0u\0f\0/\0r\0t\0e\0_\0m\0b\0u\0f\0.\0c\0(\07\08\00\0)\0:\0 \0n\0o\0t\0e\0:\0 \0c\0o\0n\0s\0i\0d\0e\0r\0 \0u\0s\0i\0n\0g\0 \0'\0%\0l\0l\0u\0'\0 \0i\0n\0 \0t\0h\0e\0 \0f\0o\0r\0m\0a\0t\0 \0s\0t\0r\0i\0n\0g\0
\0
\0.\0.\0/\0l\0i\0b\0/\0m\0b\0u\0f\0/\0r\0t\0e\0_\0m\0b\0u\0f\0.\0c\0(\07\08\00\0)\0:\0 \0n\0o\0t\0e\0:\0 \0c\0o\0n\0s\0i\0d\0e\0r\0 \0u\0s\0i\0n\0g\0 \0'\0%\0I\0u\0'\0 \0i\0n\0 \0t\0h\0e\0 \0f\0o\0r\0m\0a\0t\0 \0s\0t\0r\0i\0n\0g\0
\0
\0.\0.\0/\0l\0i\0b\0/\0m\0b\0u\0f\0/\0r\0t\0e\0_\0m\0b\0u\0f\0.\0c\0(\07\08\00\0)\0:\0 \0n\0o\0t\0e\0:\0 \0c\0o\0n\0s\0i\0d\0e\0r\0 \0u\0s\0i\0n\0g\0 \0'\0%\0I\06\04\0u\0'\0 \0i\0n\0 \0t\0h\0e\0 \0f\0o\0r\0m\0a\0t\0 \0s\0t\0r\0i\0n\0g\0
\0
\0[\03\04\03\0/\08\07\07\0]\0 \0C\0o\0m\0p\0i\0l\0i\0n\0g\0 \0C\0 \0o\0b\0j\0e\0c\0t\0 \0l\0i\0b\0/\0l\0i\0b\0r\0t\0e\0_\0m\0b\0u\0f\0.\0a\0.\0p\0/\0m\0b\0u\0f\0_\0r\0t\0e\0_\0m\0b\0u\0f\0_\0d\0y\0n\0.\0c\0.\0o\0b\0j\0
\0
\0[\03\04\04\0/\08\07\07\0]\0 \0L\0i\0n\0k\0i\0n\0g\0 \0s\0t\0a\0t\0i\0c\0 \0t\0a\0r\0g\0e\0t\0 \0d\0r\0i\0v\0e\0r\0s\0/\0l\0i\0b\0r\0t\0e\0_\0n\0e\0t\0_\0i\0a\0v\0f\0.\0a\0
\0
\0[\03\04\05\0/\08\07\07\0]\0 \0C\0o\0m\0p\0i\0l\0i\0n\0g\0 \0C\0 \0o\0b\0j\0e\0c\0t\0 \0l\0i\0b\0/\0l\0i\0b\0r\0t\0e\0_\0n\0e\0t\0.\0a\0.\0p\0/\0n\0e\0t\0_\0n\0e\0t\0_\0c\0r\0c\0_\0s\0s\0e\0.\0c\0.\0o\0b\0j\0
\0
\0[\03\04\06\0/\08\07\07\0]\0 \0L\0i\0n\0k\0i\0n\0g\0 \0t\0a\0r\0g\0e\0t\0 \0l\0i\0b\0/\0r\0t\0e\0_\0e\0a\0l\0-\02\06\0.\0d\0l\0l\0
\0
\0 \0 \0 \0C\0r\0e\0a\0t\0i\0n\0g\0 \0l\0i\0b\0r\0a\0r\0y\0 \0l\0i\0b\0\\0r\0t\0e\0_\0e\0a\0l\0.\0l\0i\0b\0 \0a\0n\0d\0 \0o\0b\0j\0e\0c\0t\0 \0l\0i\0b\0\\0r\0t\0e\0_\0e\0a\0l\0.\0e\0x\0p\0
\0
\0[\03\04\07\0/\08\07\07\0]\0 \0C\0o\0m\0p\0i\0l\0i\0n\0g\0 \0C\0 \0o\0b\0j\0e\0c\0t\0 \0l\0i\0b\0/\0l\0i\0b\0r\0t\0e\0_\0n\0e\0t\0.\0a\0.\0p\0/\0n\0e\0t\0_\0r\0t\0e\0_\0n\0e\0t\0_\0c\0r\0c\0.\0c\0.\0o\0b\0j\0
\0
\0[\03\04\08\0/\08\07\07\0]\0 \0C\0o\0m\0p\0i\0l\0i\0n\0g\0 \0C\0 \0o\0b\0j\0e\0c\0t\0 \0l\0i\0b\0/\0l\0i\0b\0r\0t\0e\0_\0n\0e\0t\0.\0a\0.\0p\0/\0n\0e\0t\0_\0r\0t\0e\0_\0e\0t\0h\0e\0r\0.\0c\0.\0o\0b\0j\0
\0
\0[\03\04\09\0/\08\07\07\0]\0 \0C\0o\0m\0p\0i\0l\0i\0n\0g\0 \0C\0 \0o\0b\0j\0e\0c\0t\0 \0l\0i\0b\0/\0l\0i\0b\0r\0t\0e\0_\0n\0e\0t\0.\0a\0.\0p\0/\0n\0e\0t\0_\0r\0t\0e\0_\0n\0e\0t\0.\0c\0.\0o\0b\0j\0
\0
\0[\03\05\00\0/\08\07\07\0]\0 \0C\0o\0m\0p\0i\0l\0i\0n\0g\0 \0C\0 \0o\0b\0j\0e\0c\0t\0 \0l\0i\0b\0/\0l\0i\0b\0r\0t\0e\0_\0n\0e\0t\0.\0a\0.\0p\0/\0n\0e\0t\0_\0r\0t\0e\0_\0a\0r\0p\0.\0c\0.\0o\0b\0j\0
\0
\0[\03\05\01\0/\08\07\07\0]\0 \0C\0o\0m\0p\0i\0l\0i\0n\0g\0 \0C\0 \0o\0b\0j\0e\0c\0t\0 \0d\0r\0i\0v\0e\0r\0s\0/\0l\0i\0b\0r\0t\0e\0_\0n\0e\0t\0_\0i\0a\0v\0f\0_\0b\0a\0s\0e\0_\0l\0i\0b\0.\0a\0.\0p\0/\0n\0e\0t\0_\0i\0n\0t\0e\0l\0_\0i\0c\0e\0_\0b\0a\0s\0e\0_\0i\0c\0e\0_\0f\0d\0i\0r\0.\0c\0.\0o\0b\0j\0
\0
\0n\0i\0n\0j\0a\0:\0 \0b\0u\0i\0l\0d\0 \0s\0t\0o\0p\0p\0e\0d\0:\0 \0s\0u\0b\0c\0o\0m\0m\0a\0n\0d\0 \0f\0a\0i\0l\0e\0d\0.\0
\0
\0I\0N\0F\0O\0:\0 \0a\0u\0t\0o\0d\0e\0t\0e\0c\0t\0i\0n\0g\0 \0b\0a\0c\0k\0e\0n\0d\0 \0a\0s\0 \0n\0i\0n\0j\0a\0
\0
\0I\0N\0F\0O\0:\0 \0c\0a\0l\0c\0u\0l\0a\0t\0i\0n\0g\0 \0b\0a\0c\0k\0e\0n\0d\0 \0c\0o\0m\0m\0a\0n\0d\0 \0t\0o\0 \0r\0u\0n\0:\0 \0"\0C\0:\0\\0P\0r\0o\0g\0r\0a\0m\0 \0F\0i\0l\0e\0s\0\\0M\0e\0s\0o\0n\0\\0n\0i\0n\0j\0a\0.\0E\0X\0E\0"\0 \0-\0C\0 \0C\0:\0/\0U\0s\0e\0r\0s\0/\0b\0u\0i\0l\0d\0e\0r\0/\0j\0e\0n\0k\0i\0n\0s\0/\0w\0o\0r\0k\0s\0p\0a\0c\0e\0/\0W\0i\0n\0d\0o\0w\0s\0-\0C\0o\0m\0p\0i\0l\0e\0-\0D\0P\0D\0K\0-\0V\0S\0/\0d\0p\0d\0k\0/\0b\0u\0i\0l\0d\0
\0
\0
==== End log output ====
FreeBSD 14.2
Kernel: 14.2-RELEASE
Compiler: clang 18.1.6
Ubuntu 20.04
Kernel: 4.19
Compiler: gcc gcc (Ubuntu 9.4.0-1ubuntu1~20.04.2) 9.4.0
CentOS Stream 10
Kernel: 5.15
Compiler: gcc gcc (GCC) 14.2.1 20250110 (Red Hat 14.2.1-8)
openSUSE Leap 15.6
Kernel: 5.15
Compiler: gcc gcc (SUSE Linux) 7.5.0
Fedora Linux 42
Kernel: 5.15
Compiler: clang gcc (GCC) 15.2.1 20250808 (Red Hat 15.2.1-1)
Ubuntu 22.04
Kernel: 5.15
Compiler: gcc gcc (Ubuntu 11.4.0-1ubuntu1~22.04) 11.4.0
Red Hat Enterprise Linux 9.5
Kernel: 5.15
Compiler: gcc gcc (GCC) 11.5.0 20240719 (Red Hat 11.5.0-2)
Debian GNU/Linux 12
Kernel: 5.15
Compiler: gcc gcc (Debian 12.2.0-14+deb12u1) 12.2.0
Red Hat Enterprise Linux 8.10
Kernel: 5.15
Compiler: gcc gcc (GCC) 8.5.0 20210514 (Red Hat 8.5.0-22)
Ubuntu 24.04
Kernel: 5.15
Compiler: gcc gcc (Ubuntu 13.3.0-6ubuntu2~24.04) 13.3.0
CentOS Stream 9
Kernel: 5.15
Compiler: gcc gcc (GCC) 11.5.0 20240719 (Red Hat 11.5.0-11)
Alpine Linux 3.22.0
Kernel: 5.15
Compiler: gcc gcc (Alpine 14.2.0) 14.2.0
Windows Server 2022
Kernel: 10.0.20348.2031
Compiler: clang 15.0.7, gcc 14.1.0 (MinGW), and MSVC VS 19.39.33521
To view detailed results, visit:
https://lab.dpdk.org/results/dashboard/patchsets/34456/
UNH-IOL DPDK Community Lab
To manage your email subscriptions, visit:
https://lab.dpdk.org/results/dashboard/preferences/subscriptions/
next prev parent reply other threads:[~2025-11-04 11:07 UTC|newest]
Thread overview: 21+ messages / expand[flat|nested] mbox.gz Atom feed top
[not found] <20251104100214.1818660-1-david.marchand@redhat.com>
2025-11-04 9:27 ` |SUCCESS| pw158419 [PATCH v2] " qemudev
2025-11-04 9:32 ` qemudev
2025-11-04 10:02 ` checkpatch
2025-11-04 10:44 ` |PENDING| pw158419 [PATCH] [v2] " dpdklab
2025-11-04 10:45 ` dpdklab
2025-11-04 10:46 ` |SUCCESS| " dpdklab
2025-11-04 10:49 ` dpdklab
2025-11-04 10:52 ` dpdklab
2025-11-04 11:07 ` dpdklab [this message]
2025-11-04 11:19 ` dpdklab
2025-11-04 11:21 ` |FAILURE| " dpdklab
2025-11-04 11:25 ` |FAILURE| pw158419 [PATCH v2] " 0-day Robot
2025-11-04 11:53 ` |FAILURE| pw158419 [PATCH] [v2] " dpdklab
2025-11-04 11:58 ` |SUCCESS| " dpdklab
2025-11-04 12:27 ` |FAILURE| " dpdklab
2025-11-04 12:34 ` |SUCCESS| " dpdklab
2025-11-04 12:39 ` dpdklab
2025-11-04 13:01 ` dpdklab
2025-11-04 13:08 ` dpdklab
2025-11-04 15:09 ` dpdklab
2025-11-04 19:24 ` dpdklab
Reply instructions:
You may reply publicly to this message via plain-text email
using any one of the following methods:
* Save the following mbox file, import it into your mail client,
and reply-to-all from there: mbox
Avoid top-posting and favor interleaved quoting:
https://en.wikipedia.org/wiki/Posting_style#Interleaved_style
* Reply using the --to, --cc, and --in-reply-to
switches of git-send-email(1):
git send-email \
--in-reply-to=6909de83.050a0220.8c84e.e564SMTPIN_ADDED_MISSING@mx.google.com \
--to=dpdklab@iol.unh.edu \
--cc=david.marchand@redhat.com \
--cc=dpdk-test-reports@iol.unh.edu \
--cc=test-report@dpdk.org \
/path/to/YOUR_REPLY
https://kernel.org/pub/software/scm/git/docs/git-send-email.html
* If your mail client supports setting the In-Reply-To header
via mailto: links, try the mailto: link
Be sure your reply has a Subject: header at the top and a blank line
before the message body.
This is a public inbox, see mirroring instructions
for how to clone and mirror all data and code used for this inbox;
as well as URLs for NNTP newsgroup(s).