automatic DPDK test reports
 help / color / mirror / Atom feed
* |SUCCESS| pw158419 [PATCH v2] mbuf: dump Tx offload metadata
       [not found] <20251104100214.1818660-1-david.marchand@redhat.com>
@ 2025-11-04  9:27 ` qemudev
  2025-11-04  9:32 ` qemudev
                   ` (19 subsequent siblings)
  20 siblings, 0 replies; 21+ messages in thread
From: qemudev @ 2025-11-04  9:27 UTC (permalink / raw)
  To: test-report

Test-Label: loongarch-compilation
Test-Status: SUCCESS
http://dpdk.org/patch/158419

_Compilation OK_

Submitter: David Marchand <david.marchand@redhat.com>
Date: Tue,  4 Nov 2025 11:02:14 +0100
DPDK git baseline: Repo:dpdk
  Branch: main
  CommitID: 8c4861d00aabcf54ef9d6f1df2a4cfb37c06f6c2

158419 --> meson & ninja build successfully

Test environment and result as below:

+---------------------+----------------+
|     Environment     | compilation    |
+---------------------+----------------+
| Loongnix-Server 8.3 | PASS           |
+---------------------+----------------+

Loongnix-Server 8.3
    Kernel: 4.19.190+
    Compiler: gcc 8.3


^ permalink raw reply	[flat|nested] 21+ messages in thread

* |SUCCESS| pw158419 [PATCH v2] mbuf: dump Tx offload metadata
       [not found] <20251104100214.1818660-1-david.marchand@redhat.com>
  2025-11-04  9:27 ` |SUCCESS| pw158419 [PATCH v2] mbuf: dump Tx offload metadata qemudev
@ 2025-11-04  9:32 ` qemudev
  2025-11-04 10:02 ` checkpatch
                   ` (18 subsequent siblings)
  20 siblings, 0 replies; 21+ messages in thread
From: qemudev @ 2025-11-04  9:32 UTC (permalink / raw)
  To: test-report

Test-Label: loongarch-unit-testing
Test-Status: SUCCESS
http://dpdk.org/patch/158419

_Unit Testing PASS_

Submitter: David Marchand <david.marchand@redhat.com>
Date: Tue,  4 Nov 2025 11:02:14 +0100
DPDK git baseline: Repo:dpdk
  Branch: main
  CommitID: 8c4861d00aabcf54ef9d6f1df2a4cfb37c06f6c2

158419 --> testing pass

Test environment and result as below:

+---------------------+----------------+
|     Environment     | dpdk_unit_test |
+---------------------+----------------+
| Loongnix-Server 8.3 | PASS           |
+---------------------+----------------+

Loongnix-Server 8.3
    Kernel: 4.19.190+
    Compiler: gcc 8.3


Test result details:
  1/120 DPDK:fast-tests / acl_autotest                            OK              3.23s
  2/120 DPDK:fast-tests / alarm_autotest                          OK              1.54s
  3/120 DPDK:fast-tests / argparse_autotest                       OK              0.53s
  4/120 DPDK:fast-tests / atomic_autotest                         OK              6.92s
  5/120 DPDK:fast-tests / bitcount_autotest                       OK              0.43s
  6/120 DPDK:fast-tests / bitmap_autotest                         OK              0.43s
  7/120 DPDK:fast-tests / bitops_autotest                         OK              1.93s
  8/120 DPDK:fast-tests / bitratestats_autotest                   OK              0.43s
  9/120 DPDK:fast-tests / bitset_autotest                         OK              3.15s
 10/120 DPDK:fast-tests / bpf_autotest                            OK              0.43s
 11/120 DPDK:fast-tests / bpf_convert_autotest                    OK              0.44s
 12/120 DPDK:fast-tests / byteorder_autotest                      OK              0.43s
 13/120 DPDK:fast-tests / cfgfile_autotest                        OK              0.43s
 14/120 DPDK:fast-tests / cksum_autotest                          OK              0.43s
 15/120 DPDK:fast-tests / cmdline_autotest                        OK              0.43s
 16/120 DPDK:fast-tests / common_autotest                         OK              1.31s
 17/120 DPDK:fast-tests / compressdev_autotest                    SKIP            0.07s   exit status 77
 18/120 DPDK:fast-tests / cpuflags_autotest                       OK              0.43s
 19/120 DPDK:fast-tests / crc_autotest                            OK              0.43s
 20/120 DPDK:fast-tests / user_delay_us                           OK              0.43s
 21/120 DPDK:fast-tests / debug_autotest                          OK             22.15s
 22/120 DPDK:fast-tests / devargs_autotest                        OK              0.43s
 23/120 DPDK:fast-tests / dispatcher_autotest                     OK              2.47s
 24/120 DPDK:fast-tests / distributor_autotest                    OK              1.67s
 25/120 DPDK:fast-tests / eal_flags_c_opt_autotest                OK              0.76s
 26/120 DPDK:fast-tests / eal_flags_main_opt_autotest             OK              0.21s
 27/120 DPDK:fast-tests / eal_flags_n_opt_autotest                OK              0.19s
 28/120 DPDK:fast-tests / eal_flags_hpet_autotest                 OK              0.14s
 29/120 DPDK:fast-tests / eal_flags_no_huge_autotest              OK              0.19s
 30/120 DPDK:fast-tests / eal_flags_a_opt_autotest                OK              0.30s
 31/120 DPDK:fast-tests / eal_flags_b_opt_autotest                OK              0.25s
 32/120 DPDK:fast-tests / eal_flags_vdev_opt_autotest             OK              0.20s
 33/120 DPDK:fast-tests / eal_flags_r_opt_autotest                OK              0.19s
 34/120 DPDK:fast-tests / eal_flags_mem_autotest                  OK              0.57s
 35/120 DPDK:fast-tests / eal_flags_file_prefix_autotest          OK             22.20s
 36/120 DPDK:fast-tests / eal_flags_misc_autotest                 OK              1.03s
 37/120 DPDK:fast-tests / eal_fs_autotest                         OK              0.43s
 38/120 DPDK:fast-tests / errno_autotest                          OK              0.43s
 39/120 DPDK:fast-tests / ethdev_link_status                      OK              0.43s
 40/120 DPDK:fast-tests / event_eth_tx_adapter_autotest           OK              1.70s
 41/120 DPDK:fast-tests / event_ring_autotest                     OK              0.43s
 42/120 DPDK:fast-tests / eventdev_common_autotest                OK              0.43s
 43/120 DPDK:fast-tests / eventdev_selftest_sw                    OK              7.33s
 44/120 DPDK:fast-tests / fbarray_autotest                        OK              0.43s
 45/120 DPDK:fast-tests / fib_autotest                            OK              1.28s
 46/120 DPDK:fast-tests / fib6_autotest                           OK              1.07s
 47/120 DPDK:fast-tests / func_reentrancy_autotest                OK              2.27s
 48/120 DPDK:fast-tests / graph_autotest                          OK              0.43s
 49/120 DPDK:fast-tests / node_list_dump                          OK              0.43s
 50/120 DPDK:fast-tests / graph_feature_arc_autotest              OK              0.44s
 51/120 DPDK:fast-tests / hash_autotest                           OK              1.06s
 52/120 DPDK:fast-tests / hash_readwrite_func_autotest            OK              0.12s
 53/120 DPDK:fast-tests / interrupt_autotest                      OK              1.73s
 54/120 DPDK:fast-tests / ipfrag_autotest                         OK              0.08s
 55/120 DPDK:fast-tests / ipsec_autotest                          SKIP            0.43s   exit status 77
 56/120 DPDK:fast-tests / kvargs_autotest                         OK              0.44s
 57/120 DPDK:fast-tests / latencystats_autotest                   OK              0.44s
 58/120 DPDK:fast-tests / lcore_var_autotest                      OK              0.57s
 59/120 DPDK:fast-tests / lcores_autotest                         OK              5.24s
 60/120 DPDK:fast-tests / logs_autotest                           OK              0.43s
 61/120 DPDK:fast-tests / lpm_autotest                            OK              2.48s
 62/120 DPDK:fast-tests / lpm6_autotest                           OK              5.63s
 63/120 DPDK:fast-tests / malloc_autotest                         OK             61.31s
 64/120 DPDK:fast-tests / mbuf_autotest                           OK              5.37s
 65/120 DPDK:fast-tests / mcslock_autotest                        OK              2.71s
 66/120 DPDK:fast-tests / member_autotest                         OK              1.60s
 67/120 DPDK:fast-tests / memcpy_autotest                         OK              6.87s
 68/120 DPDK:fast-tests / memory_autotest                         OK              0.10s
 69/120 DPDK:fast-tests / mempool_autotest                        OK              0.43s
 70/120 DPDK:fast-tests / memzone_autotest                        OK              0.14s
 71/120 DPDK:fast-tests / meter_autotest                          OK              0.43s
 72/120 DPDK:fast-tests / metrics_autotest                        OK              0.43s
 73/120 DPDK:fast-tests / multiprocess_autotest                   OK              0.19s
 74/120 DPDK:fast-tests / net_ether_autotest                      OK              1.09s
 75/120 DPDK:fast-tests / net_ipv6_autotest                       OK              0.43s
 76/120 DPDK:fast-tests / pcapng_autotest                         OK              6.41s
 77/120 DPDK:fast-tests / pdcp_autotest                           SKIP            0.07s   exit status 77
 78/120 DPDK:fast-tests / pdump_autotest                          OK              0.55s
 79/120 DPDK:fast-tests / per_lcore_autotest                      OK              0.53s
 80/120 DPDK:fast-tests / pflock_autotest                         OK              1.24s
 81/120 DPDK:fast-tests / pie_autotest                            OK              0.44s
 82/120 DPDK:fast-tests / ring_pmd_autotest                       OK              0.43s
 83/120 DPDK:fast-tests / power_autotest                          OK              0.43s
 84/120 DPDK:fast-tests / power_cpufreq_autotest                  SKIP            0.07s   exit status 77
 85/120 DPDK:fast-tests / power_intel_uncore_autotest             SKIP            0.43s   exit status 77
 86/120 DPDK:fast-tests / power_kvm_vm_autotest                   SKIP            0.07s   exit status 77
 87/120 DPDK:fast-tests / prefetch_autotest                       OK              0.41s
 88/120 DPDK:fast-tests / ptr_compress_autotest                   OK              0.43s
 89/120 DPDK:fast-tests / rawdev_autotest                         OK              0.43s
 90/120 DPDK:fast-tests / rcu_qsbr_autotest                       OK              0.95s
 91/120 DPDK:fast-tests / reorder_autotest                        OK              0.49s
 92/120 DPDK:fast-tests / rib_autotest                            OK              9.08s
 93/120 DPDK:fast-tests / rib6_autotest                           OK              9.07s
 94/120 DPDK:fast-tests / ring_autotest                           OK              0.46s
 95/120 DPDK:fast-tests / rwlock_test1_autotest                   OK              1.18s
 96/120 DPDK:fast-tests / rwlock_rda_autotest                     OK              5.43s
 97/120 DPDK:fast-tests / rwlock_rds_wrm_autotest                 OK              5.43s
 98/120 DPDK:fast-tests / rwlock_rde_wro_autotest                 OK              5.43s
 99/120 DPDK:fast-tests / sched_autotest                          OK              0.43s
100/120 DPDK:fast-tests / security_autotest                       OK              0.07s
101/120 DPDK:fast-tests / seqlock_autotest                        OK              2.43s
102/120 DPDK:fast-tests / service_autotest                        OK              3.13s
103/120 DPDK:fast-tests / soring_autotest                         OK              0.44s
104/120 DPDK:fast-tests / spinlock_autotest                       OK              0.51s
105/120 DPDK:fast-tests / stack_autotest                          OK              0.87s
106/120 DPDK:fast-tests / stack_lf_autotest                       SKIP            0.06s   exit status 77
107/120 DPDK:fast-tests / string_autotest                         OK              0.43s
108/120 DPDK:fast-tests / table_autotest                          OK              7.82s
109/120 DPDK:fast-tests / tailq_autotest                          OK              0.42s
110/120 DPDK:fast-tests / telemetry_data_autotest                 OK              0.44s
111/120 DPDK:fast-tests / telemetry_json_autotest                 OK              0.43s
112/120 DPDK:fast-tests / thash_autotest                          OK              0.44s
113/120 DPDK:fast-tests / threads_autotest                        OK              0.61s
114/120 DPDK:fast-tests / ticketlock_autotest                     OK              0.59s
115/120 DPDK:fast-tests / timer_autotest                          OK              3.97s
116/120 DPDK:fast-tests / trace_autotest                          OK              0.43s
117/120 DPDK:fast-tests / trace_autotest_with_traces              OK              0.44s
118/120 DPDK:fast-tests / vdev_autotest                           OK              0.43s
119/120 DPDK:fast-tests / version_autotest                        OK              0.43s
120/120 DPDK:fast-tests / telemetry_all                           OK             19.56s


Ok:                 113
Expected Fail:      0
Fail:               0
Unexpected Pass:    0
Skipped:            7
Timeout:            0


^ permalink raw reply	[flat|nested] 21+ messages in thread

* |SUCCESS| pw158419 [PATCH v2] mbuf: dump Tx offload metadata
       [not found] <20251104100214.1818660-1-david.marchand@redhat.com>
  2025-11-04  9:27 ` |SUCCESS| pw158419 [PATCH v2] mbuf: dump Tx offload metadata qemudev
  2025-11-04  9:32 ` qemudev
@ 2025-11-04 10:02 ` checkpatch
  2025-11-04 10:44 ` |PENDING| pw158419 [PATCH] [v2] " dpdklab
                   ` (17 subsequent siblings)
  20 siblings, 0 replies; 21+ messages in thread
From: checkpatch @ 2025-11-04 10:02 UTC (permalink / raw)
  To: test-report

Test-Label: checkpatch
Test-Status: SUCCESS
http://dpdk.org/patch/158419

_coding style OK_



^ permalink raw reply	[flat|nested] 21+ messages in thread

* |PENDING| pw158419 [PATCH] [v2] mbuf: dump Tx offload metadata
       [not found] <20251104100214.1818660-1-david.marchand@redhat.com>
                   ` (2 preceding siblings ...)
  2025-11-04 10:02 ` checkpatch
@ 2025-11-04 10:44 ` dpdklab
  2025-11-04 10:45 ` dpdklab
                   ` (16 subsequent siblings)
  20 siblings, 0 replies; 21+ messages in thread
From: dpdklab @ 2025-11-04 10:44 UTC (permalink / raw)
  To: Test Report; +Cc: dpdk-test-reports

Test-Label: iol-unit-amd64-testing
Test-Status: PENDING
http://dpdk.org/patch/158419

_Testing pending_

Submitter: David Marchand <david.marchand@redhat.com>
Date: Tuesday, November 04 2025 10:02:14 
DPDK git baseline: Repo:dpdk
  Branch: master
  CommitID:8c4861d00aabcf54ef9d6f1df2a4cfb37c06f6c2

158419 --> testing pending

Upstream job id: Generic-Unit-Test-DPDK#388371

Test environment and result as below:

+-------------------------------+----------------+
|          Environment          | dpdk_unit_test |
+===============================+================+
| Fedora Linux 42               | PEND           |
+-------------------------------+----------------+
| Ubuntu 20.04                  | PEND           |
+-------------------------------+----------------+
| Fedora Linux 41               | PEND           |
+-------------------------------+----------------+
| Ubuntu 24.04                  | PASS           |
+-------------------------------+----------------+
| Fedora Linux 40               | PEND           |
+-------------------------------+----------------+
| Red Hat Enterprise Linux 8.10 | PEND           |
+-------------------------------+----------------+
| CentOS Stream 9               | PEND           |
+-------------------------------+----------------+
| Red Hat Enterprise Linux 9.5  | PEND           |
+-------------------------------+----------------+
| Ubuntu 22.04                  | PEND           |
+-------------------------------+----------------+
| Debian GNU/Linux 12           | PEND           |
+-------------------------------+----------------+
| CentOS Stream 10              | PEND           |
+-------------------------------+----------------+


Fedora Linux 42
	Kernel: 5.15
	Compiler: clang gcc (GCC) 15.2.1 20250808 (Red Hat 15.2.1-1)

Ubuntu 20.04
	Kernel: 5.15
	Compiler: gcc gcc (Ubuntu 9.4.0-1ubuntu1~20.04.2) 9.4.0

Fedora Linux 41
	Kernel: 5.15
	Compiler: clang gcc (GCC) 14.3.1 20250523 (Red Hat 14.3.1-1)

Ubuntu 24.04
	Kernel: 5.15
	Compiler: gcc gcc (Ubuntu 13.3.0-6ubuntu2~24.04) 13.3.0

Fedora Linux 40
	Kernel: 5.15
	Compiler: gcc gcc (GCC) 14.2.1 20240912 (Red Hat 14.2.1-3)

Red Hat Enterprise Linux 8.10
	Kernel: 5.15
	Compiler: gcc gcc (GCC) 8.5.0 20210514 (Red Hat 8.5.0-22)

CentOS Stream 9
	Kernel: 5.15
	Compiler: gcc gcc (GCC) 11.5.0 20240719 (Red Hat 11.5.0-11)

Red Hat Enterprise Linux 9.5
	Kernel: 5.15
	Compiler: gcc gcc (GCC) 11.5.0 20240719 (Red Hat 11.5.0-2)

Ubuntu 22.04
	Kernel: 5.15
	Compiler: gcc gcc (Ubuntu 11.4.0-1ubuntu1~22.04) 11.4.0

Debian GNU/Linux 12
	Kernel: 5.15
	Compiler: gcc gcc (Debian 12.2.0-14+deb12u1) 12.2.0

CentOS Stream 10
	Kernel: 5.15
	Compiler: gcc gcc (GCC) 14.2.1 20250110 (Red Hat 14.2.1-8)

To view detailed results, visit:
https://lab.dpdk.org/results/dashboard/patchsets/34456/

UNH-IOL DPDK Community Lab

To manage your email subscriptions, visit: 
https://lab.dpdk.org/results/dashboard/preferences/subscriptions/

^ permalink raw reply	[flat|nested] 21+ messages in thread

* |PENDING| pw158419 [PATCH] [v2] mbuf: dump Tx offload metadata
       [not found] <20251104100214.1818660-1-david.marchand@redhat.com>
                   ` (3 preceding siblings ...)
  2025-11-04 10:44 ` |PENDING| pw158419 [PATCH] [v2] " dpdklab
@ 2025-11-04 10:45 ` dpdklab
  2025-11-04 10:46 ` |SUCCESS| " dpdklab
                   ` (15 subsequent siblings)
  20 siblings, 0 replies; 21+ messages in thread
From: dpdklab @ 2025-11-04 10:45 UTC (permalink / raw)
  To: Test Report; +Cc: dpdk-test-reports

Test-Label: iol-compile-amd64-testing
Test-Status: PENDING
http://dpdk.org/patch/158419

_Testing pending_

Submitter: David Marchand <david.marchand@redhat.com>
Date: Tuesday, November 04 2025 10:02:14 
DPDK git baseline: Repo:dpdk
  Branch: master
  CommitID:8c4861d00aabcf54ef9d6f1df2a4cfb37c06f6c2

158419 --> testing pending

Upstream job id: Generic-VM-DPDK-Compile-Meson#39466

Test environment and result as below:

+-------------------------------+--------------------+------------------+-------------------+
|          Environment          | dpdk_meson_compile | dpdk_compile_ovs | dpdk_msvc_compile |
+===============================+====================+==================+===================+
| FreeBSD 14.2                  | PEND               | SKIPPED          | SKIPPED           |
+-------------------------------+--------------------+------------------+-------------------+
| Ubuntu 20.04                  | PEND               | SKIPPED          | SKIPPED           |
+-------------------------------+--------------------+------------------+-------------------+
| CentOS Stream 10              | PEND               | SKIPPED          | SKIPPED           |
+-------------------------------+--------------------+------------------+-------------------+
| openSUSE Leap 15.6            | PEND               | SKIPPED          | SKIPPED           |
+-------------------------------+--------------------+------------------+-------------------+
| Fedora Linux 42               | PEND               | PEND             | SKIPPED           |
+-------------------------------+--------------------+------------------+-------------------+
| Ubuntu 22.04                  | PEND               | SKIPPED          | SKIPPED           |
+-------------------------------+--------------------+------------------+-------------------+
| Red Hat Enterprise Linux 9.5  | PEND               | SKIPPED          | SKIPPED           |
+-------------------------------+--------------------+------------------+-------------------+
| Debian GNU/Linux 12           | PEND               | SKIPPED          | SKIPPED           |
+-------------------------------+--------------------+------------------+-------------------+
| Red Hat Enterprise Linux 8.10 | PEND               | SKIPPED          | SKIPPED           |
+-------------------------------+--------------------+------------------+-------------------+
| Ubuntu 24.04                  | PEND               | PEND             | SKIPPED           |
+-------------------------------+--------------------+------------------+-------------------+
| CentOS Stream 9               | PEND               | SKIPPED          | SKIPPED           |
+-------------------------------+--------------------+------------------+-------------------+
| Alpine Linux 3.22.0           | PEND               | SKIPPED          | SKIPPED           |
+-------------------------------+--------------------+------------------+-------------------+
| Windows Server 2022           | SKIPPED            | SKIPPED          | PEND              |
+-------------------------------+--------------------+------------------+-------------------+


FreeBSD 14.2
	Kernel: 14.2-RELEASE
	Compiler: clang 18.1.6

Ubuntu 20.04
	Kernel: 4.19
	Compiler: gcc gcc (Ubuntu 9.4.0-1ubuntu1~20.04.2) 9.4.0

CentOS Stream 10
	Kernel: 5.15
	Compiler: gcc gcc (GCC) 14.2.1 20250110 (Red Hat 14.2.1-8)

openSUSE Leap 15.6
	Kernel: 5.15
	Compiler: gcc gcc (SUSE Linux) 7.5.0

Fedora Linux 42
	Kernel: 5.15
	Compiler: clang gcc (GCC) 15.2.1 20250808 (Red Hat 15.2.1-1)

Ubuntu 22.04
	Kernel: 5.15
	Compiler: gcc gcc (Ubuntu 11.4.0-1ubuntu1~22.04) 11.4.0

Red Hat Enterprise Linux 9.5
	Kernel: 5.15
	Compiler: gcc gcc (GCC) 11.5.0 20240719 (Red Hat 11.5.0-2)

Debian GNU/Linux 12
	Kernel: 5.15
	Compiler: gcc gcc (Debian 12.2.0-14+deb12u1) 12.2.0

Red Hat Enterprise Linux 8.10
	Kernel: 5.15
	Compiler: gcc gcc (GCC) 8.5.0 20210514 (Red Hat 8.5.0-22)

Ubuntu 24.04
	Kernel: 5.15
	Compiler: gcc gcc (Ubuntu 13.3.0-6ubuntu2~24.04) 13.3.0

CentOS Stream 9
	Kernel: 5.15
	Compiler: gcc gcc (GCC) 11.5.0 20240719 (Red Hat 11.5.0-11)

Alpine Linux 3.22.0
	Kernel: 5.15
	Compiler: gcc gcc (Alpine 14.2.0) 14.2.0

Windows Server 2022
	Kernel: 10.0.20348.2031
	Compiler: clang 15.0.7, gcc 14.1.0 (MinGW), and MSVC VS 19.39.33521

To view detailed results, visit:
https://lab.dpdk.org/results/dashboard/patchsets/34456/

UNH-IOL DPDK Community Lab

To manage your email subscriptions, visit: 
https://lab.dpdk.org/results/dashboard/preferences/subscriptions/

^ permalink raw reply	[flat|nested] 21+ messages in thread

* |SUCCESS| pw158419 [PATCH] [v2] mbuf: dump Tx offload metadata
       [not found] <20251104100214.1818660-1-david.marchand@redhat.com>
                   ` (4 preceding siblings ...)
  2025-11-04 10:45 ` dpdklab
@ 2025-11-04 10:46 ` dpdklab
  2025-11-04 10:49 ` dpdklab
                   ` (14 subsequent siblings)
  20 siblings, 0 replies; 21+ messages in thread
From: dpdklab @ 2025-11-04 10:46 UTC (permalink / raw)
  To: Test Report; +Cc: dpdk-test-reports

Test-Label: iol-marvell-Functional
Test-Status: SUCCESS
http://dpdk.org/patch/158419

_Functional Testing PASS_

Submitter: David Marchand <david.marchand@redhat.com>
Date: Tuesday, November 04 2025 10:02:14 
DPDK git baseline: Repo:dpdk
  Branch: master
  CommitID:8c4861d00aabcf54ef9d6f1df2a4cfb37c06f6c2

158419 --> functional testing pass

Upstream job id: Template-DTS-Pipeline#252790

Test environment and result as below:

Ubuntu 20.04.6
Kernel: 5.4.105
Compiler: gcc 9.4
NIC: Marvell CN106XX 50000 Mbps
Target: arm64-native-linuxapp-gcc

Aggregate Results by Test Suite
+----------------+--------+
|   Test Suite   | Result |
+================+========+
| cmdline        |  PASS  |
+----------------+--------+
| rxtx_callbacks |  PASS  |
+----------------+--------+


To view detailed results, visit:
https://lab.dpdk.org/results/dashboard/patchsets/34456/

UNH-IOL DPDK Community Lab

To manage your email subscriptions, visit: 
https://lab.dpdk.org/results/dashboard/preferences/subscriptions/

^ permalink raw reply	[flat|nested] 21+ messages in thread

* |SUCCESS| pw158419 [PATCH] [v2] mbuf: dump Tx offload metadata
       [not found] <20251104100214.1818660-1-david.marchand@redhat.com>
                   ` (5 preceding siblings ...)
  2025-11-04 10:46 ` |SUCCESS| " dpdklab
@ 2025-11-04 10:49 ` dpdklab
  2025-11-04 10:52 ` dpdklab
                   ` (13 subsequent siblings)
  20 siblings, 0 replies; 21+ messages in thread
From: dpdklab @ 2025-11-04 10:49 UTC (permalink / raw)
  To: Test Report; +Cc: dpdk-test-reports

Test-Label: iol-sample-apps-testing
Test-Status: SUCCESS
http://dpdk.org/patch/158419

_Testing PASS_

Submitter: David Marchand <david.marchand@redhat.com>
Date: Tuesday, November 04 2025 10:02:14 
DPDK git baseline: Repo:dpdk
  Branch: master
  CommitID:8c4861d00aabcf54ef9d6f1df2a4cfb37c06f6c2

158419 --> testing pass

Upstream job id: Template-DTS-Pipeline#252792

Test environment and result as below:

+--------------+----------------------+
| Environment  | compressdev_zlib_pmd |
+==============+======================+
| Ubuntu 22.04 | PASS                 |
+--------------+----------------------+


Ubuntu 22.04
	Kernel: 5.15
	Compiler: gcc gcc (Ubuntu 11.4.0-1ubuntu1~22.04.2) 11.4.0

To view detailed results, visit:
https://lab.dpdk.org/results/dashboard/patchsets/34456/

UNH-IOL DPDK Community Lab

To manage your email subscriptions, visit: 
https://lab.dpdk.org/results/dashboard/preferences/subscriptions/

^ permalink raw reply	[flat|nested] 21+ messages in thread

* |SUCCESS| pw158419 [PATCH] [v2] mbuf: dump Tx offload metadata
       [not found] <20251104100214.1818660-1-david.marchand@redhat.com>
                   ` (6 preceding siblings ...)
  2025-11-04 10:49 ` dpdklab
@ 2025-11-04 10:52 ` dpdklab
  2025-11-04 11:07 ` |FAILURE| " dpdklab
                   ` (12 subsequent siblings)
  20 siblings, 0 replies; 21+ messages in thread
From: dpdklab @ 2025-11-04 10:52 UTC (permalink / raw)
  To: Test Report; +Cc: dpdk-test-reports

Test-Label: iol-intel-Functional
Test-Status: SUCCESS
http://dpdk.org/patch/158419

_Functional Testing PASS_

Submitter: David Marchand <david.marchand@redhat.com>
Date: Tuesday, November 04 2025 10:02:14 
DPDK git baseline: Repo:dpdk
  Branch: master
  CommitID:8c4861d00aabcf54ef9d6f1df2a4cfb37c06f6c2

158419 --> functional testing pass

Upstream job id: Template-DTS-Pipeline#252787

Test environment and result as below:

Ubuntu 24.04
Kernel: 6.8
Compiler: gcc gcc (Ubuntu 13.3.0-6ubuntu2~24.04) 13.3.0
NIC: Intel E810 (Arm Grace Server) 100000 Mbps

Aggregate Results by Test Suite
+------------+--------+
| Test Suite | Result |
+============+========+
| blocklist  |  PASS  |
+------------+--------+
| uni_pkt    |  PASS  |
+------------+--------+


Ubuntu 24.04 LTS
Kernel: 6.8.0-44-generic
Compiler: gcc 13.2.0
NIC: Intel Corporation Ethernet Controller XL710 for 40GbE QSFP+ 40 Mbps

Aggregate Results by Test Suite
+--------------------+--------+
|     Test Suite     | Result |
+====================+========+
| blocklist          |  PASS  |
+--------------------+--------+
| uni_pkt            |  PASS  |
+--------------------+--------+
| promisc_support    |  PASS  |
+--------------------+--------+
| dynamic_queue_conf |  PASS  |
+--------------------+--------+
| hello_world        |  PASS  |
+--------------------+--------+
| l2fwd              |  PASS  |
+--------------------+--------+
| softnic            |  PASS  |
+--------------------+--------+


Ubuntu 20.04
Kernel: 5.4
Compiler: gcc gcc (Ubuntu 9.4.0-1ubuntu1~20.04.1) 9.4.0
NIC: Intel Corporation Ethernet Converged Network Adapter XL710-QDA2 40000 Mbps

Aggregate Results by Test Suite
+-----------------------------+--------+
|         Test Suite          | Result |
+=============================+========+
| unit_tests_mbuf             |  PASS  |
+-----------------------------+--------+
| vhost_virtio_user_interrupt |  PASS  |
+-----------------------------+--------+
| virtio_smoke                |  PASS  |
+-----------------------------+--------+


To view detailed results, visit:
https://lab.dpdk.org/results/dashboard/patchsets/34456/

UNH-IOL DPDK Community Lab

To manage your email subscriptions, visit: 
https://lab.dpdk.org/results/dashboard/preferences/subscriptions/

^ permalink raw reply	[flat|nested] 21+ messages in thread

* |FAILURE| pw158419 [PATCH] [v2] mbuf: dump Tx offload metadata
       [not found] <20251104100214.1818660-1-david.marchand@redhat.com>
                   ` (7 preceding siblings ...)
  2025-11-04 10:52 ` dpdklab
@ 2025-11-04 11:07 ` dpdklab
  2025-11-04 11:19 ` |SUCCESS| " dpdklab
                   ` (11 subsequent siblings)
  20 siblings, 0 replies; 21+ messages in thread
From: dpdklab @ 2025-11-04 11:07 UTC (permalink / raw)
  To: Test Report; +Cc: dpdk-test-reports, David Marchand

Test-Label: iol-compile-amd64-testing
Test-Status: FAILURE
http://dpdk.org/patch/158419

_Testing issues_

Submitter: David Marchand <david.marchand@redhat.com>
Date: Tuesday, November 04 2025 10:02:14 
DPDK git baseline: Repo:dpdk
  Branch: master
  CommitID:8c4861d00aabcf54ef9d6f1df2a4cfb37c06f6c2

158419 --> testing issues

Upstream job id: Windows-Compile-DPDK-VS#7414

Test environment and result as below:

+-------------------------------+--------------------+------------------+-------------------+
|          Environment          | dpdk_meson_compile | dpdk_compile_ovs | dpdk_msvc_compile |
+===============================+====================+==================+===================+
| FreeBSD 14.2                  | PASS               | SKIPPED          | SKIPPED           |
+-------------------------------+--------------------+------------------+-------------------+
| Ubuntu 20.04                  | PASS               | SKIPPED          | SKIPPED           |
+-------------------------------+--------------------+------------------+-------------------+
| CentOS Stream 10              | PASS               | SKIPPED          | SKIPPED           |
+-------------------------------+--------------------+------------------+-------------------+
| openSUSE Leap 15.6            | PASS               | SKIPPED          | SKIPPED           |
+-------------------------------+--------------------+------------------+-------------------+
| Fedora Linux 42               | PASS               | PASS             | SKIPPED           |
+-------------------------------+--------------------+------------------+-------------------+
| Ubuntu 22.04                  | PEND               | SKIPPED          | SKIPPED           |
+-------------------------------+--------------------+------------------+-------------------+
| Red Hat Enterprise Linux 9.5  | PEND               | SKIPPED          | SKIPPED           |
+-------------------------------+--------------------+------------------+-------------------+
| Debian GNU/Linux 12           | PASS               | SKIPPED          | SKIPPED           |
+-------------------------------+--------------------+------------------+-------------------+
| Red Hat Enterprise Linux 8.10 | PASS               | SKIPPED          | SKIPPED           |
+-------------------------------+--------------------+------------------+-------------------+
| Ubuntu 24.04                  | PASS               | PASS             | SKIPPED           |
+-------------------------------+--------------------+------------------+-------------------+
| CentOS Stream 9               | PASS               | SKIPPED          | SKIPPED           |
+-------------------------------+--------------------+------------------+-------------------+
| Alpine Linux 3.22.0           | PASS               | SKIPPED          | SKIPPED           |
+-------------------------------+--------------------+------------------+-------------------+
| Windows Server 2022           | SKIPPED            | SKIPPED          | FAIL              |
+-------------------------------+--------------------+------------------+-------------------+

==== 20 line log output for Windows Server 2022 (dpdk_msvc_compile): ====
\0.\0.\0/\0l\0i\0b\0/\0m\0b\0u\0f\0/\0r\0t\0e\0_\0m\0b\0u\0f\0.\0c\0(\07\07\06\0)\0:\0 \0n\0o\0t\0e\0:\0 \0c\0o\0n\0s\0i\0d\0e\0r\0 \0u\0s\0i\0n\0g\0 \0'\0%\0I\0u\0'\0 \0i\0n\0 \0t\0h\0e\0 \0f\0o\0r\0m\0a\0t\0 \0s\0t\0r\0i\0n\0g\0
\0
\0.\0.\0/\0l\0i\0b\0/\0m\0b\0u\0f\0/\0r\0t\0e\0_\0m\0b\0u\0f\0.\0c\0(\07\07\06\0)\0:\0 \0n\0o\0t\0e\0:\0 \0c\0o\0n\0s\0i\0d\0e\0r\0 \0u\0s\0i\0n\0g\0 \0'\0%\0I\06\04\0u\0'\0 \0i\0n\0 \0t\0h\0e\0 \0f\0o\0r\0m\0a\0t\0 \0s\0t\0r\0i\0n\0g\0
\0
\0.\0.\0/\0l\0i\0b\0/\0m\0b\0u\0f\0/\0r\0t\0e\0_\0m\0b\0u\0f\0.\0c\0(\07\08\00\0)\0:\0 \0w\0a\0r\0n\0i\0n\0g\0 \0C\04\04\07\07\0:\0 \0'\0f\0p\0r\0i\0n\0t\0f\0'\0 \0:\0 \0f\0o\0r\0m\0a\0t\0 \0s\0t\0r\0i\0n\0g\0 \0'\0%\0u\0'\0 \0r\0e\0q\0u\0i\0r\0e\0s\0 \0a\0n\0 \0a\0r\0g\0u\0m\0e\0n\0t\0 \0o\0f\0 \0t\0y\0p\0e\0 \0'\0u\0n\0s\0i\0g\0n\0e\0d\0 \0i\0n\0t\0'\0,\0 \0b\0u\0t\0 \0v\0a\0r\0i\0a\0d\0i\0c\0 \0a\0r\0g\0u\0m\0e\0n\0t\0 \02\0 \0h\0a\0s\0 \0t\0y\0p\0e\0 \0'\0c\0o\0n\0s\0t\0 \0u\0i\0n\0t\06\04\0_\0t\0'\0
\0
\0.\0.\0/\0l\0i\0b\0/\0m\0b\0u\0f\0/\0r\0t\0e\0_\0m\0b\0u\0f\0.\0c\0(\07\08\00\0)\0:\0 \0n\0o\0t\0e\0:\0 \0c\0o\0n\0s\0i\0d\0e\0r\0 \0u\0s\0i\0n\0g\0 \0'\0%\0l\0l\0u\0'\0 \0i\0n\0 \0t\0h\0e\0 \0f\0o\0r\0m\0a\0t\0 \0s\0t\0r\0i\0n\0g\0
\0
\0.\0.\0/\0l\0i\0b\0/\0m\0b\0u\0f\0/\0r\0t\0e\0_\0m\0b\0u\0f\0.\0c\0(\07\08\00\0)\0:\0 \0n\0o\0t\0e\0:\0 \0c\0o\0n\0s\0i\0d\0e\0r\0 \0u\0s\0i\0n\0g\0 \0'\0%\0I\0u\0'\0 \0i\0n\0 \0t\0h\0e\0 \0f\0o\0r\0m\0a\0t\0 \0s\0t\0r\0i\0n\0g\0
\0
\0.\0.\0/\0l\0i\0b\0/\0m\0b\0u\0f\0/\0r\0t\0e\0_\0m\0b\0u\0f\0.\0c\0(\07\08\00\0)\0:\0 \0n\0o\0t\0e\0:\0 \0c\0o\0n\0s\0i\0d\0e\0r\0 \0u\0s\0i\0n\0g\0 \0'\0%\0I\06\04\0u\0'\0 \0i\0n\0 \0t\0h\0e\0 \0f\0o\0r\0m\0a\0t\0 \0s\0t\0r\0i\0n\0g\0
\0
\0[\03\04\03\0/\08\07\07\0]\0 \0C\0o\0m\0p\0i\0l\0i\0n\0g\0 \0C\0 \0o\0b\0j\0e\0c\0t\0 \0l\0i\0b\0/\0l\0i\0b\0r\0t\0e\0_\0m\0b\0u\0f\0.\0a\0.\0p\0/\0m\0b\0u\0f\0_\0r\0t\0e\0_\0m\0b\0u\0f\0_\0d\0y\0n\0.\0c\0.\0o\0b\0j\0
\0
\0[\03\04\04\0/\08\07\07\0]\0 \0L\0i\0n\0k\0i\0n\0g\0 \0s\0t\0a\0t\0i\0c\0 \0t\0a\0r\0g\0e\0t\0 \0d\0r\0i\0v\0e\0r\0s\0/\0l\0i\0b\0r\0t\0e\0_\0n\0e\0t\0_\0i\0a\0v\0f\0.\0a\0
\0
\0[\03\04\05\0/\08\07\07\0]\0 \0C\0o\0m\0p\0i\0l\0i\0n\0g\0 \0C\0 \0o\0b\0j\0e\0c\0t\0 \0l\0i\0b\0/\0l\0i\0b\0r\0t\0e\0_\0n\0e\0t\0.\0a\0.\0p\0/\0n\0e\0t\0_\0n\0e\0t\0_\0c\0r\0c\0_\0s\0s\0e\0.\0c\0.\0o\0b\0j\0
\0
\0[\03\04\06\0/\08\07\07\0]\0 \0L\0i\0n\0k\0i\0n\0g\0 \0t\0a\0r\0g\0e\0t\0 \0l\0i\0b\0/\0r\0t\0e\0_\0e\0a\0l\0-\02\06\0.\0d\0l\0l\0
\0
\0 \0 \0 \0C\0r\0e\0a\0t\0i\0n\0g\0 \0l\0i\0b\0r\0a\0r\0y\0 \0l\0i\0b\0\\0r\0t\0e\0_\0e\0a\0l\0.\0l\0i\0b\0 \0a\0n\0d\0 \0o\0b\0j\0e\0c\0t\0 \0l\0i\0b\0\\0r\0t\0e\0_\0e\0a\0l\0.\0e\0x\0p\0
\0
\0[\03\04\07\0/\08\07\07\0]\0 \0C\0o\0m\0p\0i\0l\0i\0n\0g\0 \0C\0 \0o\0b\0j\0e\0c\0t\0 \0l\0i\0b\0/\0l\0i\0b\0r\0t\0e\0_\0n\0e\0t\0.\0a\0.\0p\0/\0n\0e\0t\0_\0r\0t\0e\0_\0n\0e\0t\0_\0c\0r\0c\0.\0c\0.\0o\0b\0j\0
\0
\0[\03\04\08\0/\08\07\07\0]\0 \0C\0o\0m\0p\0i\0l\0i\0n\0g\0 \0C\0 \0o\0b\0j\0e\0c\0t\0 \0l\0i\0b\0/\0l\0i\0b\0r\0t\0e\0_\0n\0e\0t\0.\0a\0.\0p\0/\0n\0e\0t\0_\0r\0t\0e\0_\0e\0t\0h\0e\0r\0.\0c\0.\0o\0b\0j\0
\0
\0[\03\04\09\0/\08\07\07\0]\0 \0C\0o\0m\0p\0i\0l\0i\0n\0g\0 \0C\0 \0o\0b\0j\0e\0c\0t\0 \0l\0i\0b\0/\0l\0i\0b\0r\0t\0e\0_\0n\0e\0t\0.\0a\0.\0p\0/\0n\0e\0t\0_\0r\0t\0e\0_\0n\0e\0t\0.\0c\0.\0o\0b\0j\0
\0
\0[\03\05\00\0/\08\07\07\0]\0 \0C\0o\0m\0p\0i\0l\0i\0n\0g\0 \0C\0 \0o\0b\0j\0e\0c\0t\0 \0l\0i\0b\0/\0l\0i\0b\0r\0t\0e\0_\0n\0e\0t\0.\0a\0.\0p\0/\0n\0e\0t\0_\0r\0t\0e\0_\0a\0r\0p\0.\0c\0.\0o\0b\0j\0
\0
\0[\03\05\01\0/\08\07\07\0]\0 \0C\0o\0m\0p\0i\0l\0i\0n\0g\0 \0C\0 \0o\0b\0j\0e\0c\0t\0 \0d\0r\0i\0v\0e\0r\0s\0/\0l\0i\0b\0r\0t\0e\0_\0n\0e\0t\0_\0i\0a\0v\0f\0_\0b\0a\0s\0e\0_\0l\0i\0b\0.\0a\0.\0p\0/\0n\0e\0t\0_\0i\0n\0t\0e\0l\0_\0i\0c\0e\0_\0b\0a\0s\0e\0_\0i\0c\0e\0_\0f\0d\0i\0r\0.\0c\0.\0o\0b\0j\0
\0
\0n\0i\0n\0j\0a\0:\0 \0b\0u\0i\0l\0d\0 \0s\0t\0o\0p\0p\0e\0d\0:\0 \0s\0u\0b\0c\0o\0m\0m\0a\0n\0d\0 \0f\0a\0i\0l\0e\0d\0.\0
\0
\0I\0N\0F\0O\0:\0 \0a\0u\0t\0o\0d\0e\0t\0e\0c\0t\0i\0n\0g\0 \0b\0a\0c\0k\0e\0n\0d\0 \0a\0s\0 \0n\0i\0n\0j\0a\0
\0
\0I\0N\0F\0O\0:\0 \0c\0a\0l\0c\0u\0l\0a\0t\0i\0n\0g\0 \0b\0a\0c\0k\0e\0n\0d\0 \0c\0o\0m\0m\0a\0n\0d\0 \0t\0o\0 \0r\0u\0n\0:\0 \0"\0C\0:\0\\0P\0r\0o\0g\0r\0a\0m\0 \0F\0i\0l\0e\0s\0\\0M\0e\0s\0o\0n\0\\0n\0i\0n\0j\0a\0.\0E\0X\0E\0"\0 \0-\0C\0 \0C\0:\0/\0U\0s\0e\0r\0s\0/\0b\0u\0i\0l\0d\0e\0r\0/\0j\0e\0n\0k\0i\0n\0s\0/\0w\0o\0r\0k\0s\0p\0a\0c\0e\0/\0W\0i\0n\0d\0o\0w\0s\0-\0C\0o\0m\0p\0i\0l\0e\0-\0D\0P\0D\0K\0-\0V\0S\0/\0d\0p\0d\0k\0/\0b\0u\0i\0l\0d\0
\0
\0
==== End log output ====

FreeBSD 14.2
	Kernel: 14.2-RELEASE
	Compiler: clang 18.1.6

Ubuntu 20.04
	Kernel: 4.19
	Compiler: gcc gcc (Ubuntu 9.4.0-1ubuntu1~20.04.2) 9.4.0

CentOS Stream 10
	Kernel: 5.15
	Compiler: gcc gcc (GCC) 14.2.1 20250110 (Red Hat 14.2.1-8)

openSUSE Leap 15.6
	Kernel: 5.15
	Compiler: gcc gcc (SUSE Linux) 7.5.0

Fedora Linux 42
	Kernel: 5.15
	Compiler: clang gcc (GCC) 15.2.1 20250808 (Red Hat 15.2.1-1)

Ubuntu 22.04
	Kernel: 5.15
	Compiler: gcc gcc (Ubuntu 11.4.0-1ubuntu1~22.04) 11.4.0

Red Hat Enterprise Linux 9.5
	Kernel: 5.15
	Compiler: gcc gcc (GCC) 11.5.0 20240719 (Red Hat 11.5.0-2)

Debian GNU/Linux 12
	Kernel: 5.15
	Compiler: gcc gcc (Debian 12.2.0-14+deb12u1) 12.2.0

Red Hat Enterprise Linux 8.10
	Kernel: 5.15
	Compiler: gcc gcc (GCC) 8.5.0 20210514 (Red Hat 8.5.0-22)

Ubuntu 24.04
	Kernel: 5.15
	Compiler: gcc gcc (Ubuntu 13.3.0-6ubuntu2~24.04) 13.3.0

CentOS Stream 9
	Kernel: 5.15
	Compiler: gcc gcc (GCC) 11.5.0 20240719 (Red Hat 11.5.0-11)

Alpine Linux 3.22.0
	Kernel: 5.15
	Compiler: gcc gcc (Alpine 14.2.0) 14.2.0

Windows Server 2022
	Kernel: 10.0.20348.2031
	Compiler: clang 15.0.7, gcc 14.1.0 (MinGW), and MSVC VS 19.39.33521

To view detailed results, visit:
https://lab.dpdk.org/results/dashboard/patchsets/34456/

UNH-IOL DPDK Community Lab

To manage your email subscriptions, visit: 
https://lab.dpdk.org/results/dashboard/preferences/subscriptions/

^ permalink raw reply	[flat|nested] 21+ messages in thread

* |SUCCESS| pw158419 [PATCH] [v2] mbuf: dump Tx offload metadata
       [not found] <20251104100214.1818660-1-david.marchand@redhat.com>
                   ` (8 preceding siblings ...)
  2025-11-04 11:07 ` |FAILURE| " dpdklab
@ 2025-11-04 11:19 ` dpdklab
  2025-11-04 11:21 ` |FAILURE| " dpdklab
                   ` (10 subsequent siblings)
  20 siblings, 0 replies; 21+ messages in thread
From: dpdklab @ 2025-11-04 11:19 UTC (permalink / raw)
  To: Test Report; +Cc: dpdk-test-reports

Test-Label: iol-unit-amd64-testing
Test-Status: SUCCESS
http://dpdk.org/patch/158419

_Testing PASS_

Submitter: David Marchand <david.marchand@redhat.com>
Date: Tuesday, November 04 2025 10:02:14 
DPDK git baseline: Repo:dpdk
  Branch: master
  CommitID:8c4861d00aabcf54ef9d6f1df2a4cfb37c06f6c2

158419 --> testing pass

Upstream job id: Generic-Unit-Test-DPDK#388358

Test environment and result as below:

+-------------------------------+----------------+
|          Environment          | dpdk_unit_test |
+===============================+================+
| Fedora Linux 42               | PASS           |
+-------------------------------+----------------+
| Ubuntu 20.04                  | PASS           |
+-------------------------------+----------------+
| Fedora Linux 41               | PASS           |
+-------------------------------+----------------+
| Ubuntu 24.04                  | PASS           |
+-------------------------------+----------------+
| Fedora Linux 40               | PASS           |
+-------------------------------+----------------+
| Red Hat Enterprise Linux 8.10 | PASS           |
+-------------------------------+----------------+
| CentOS Stream 9               | PASS           |
+-------------------------------+----------------+
| Red Hat Enterprise Linux 9.5  | PASS           |
+-------------------------------+----------------+
| Ubuntu 22.04                  | PASS           |
+-------------------------------+----------------+
| Debian GNU/Linux 12           | PASS           |
+-------------------------------+----------------+
| CentOS Stream 10              | PASS           |
+-------------------------------+----------------+


Fedora Linux 42
	Kernel: 5.15
	Compiler: clang gcc (GCC) 15.2.1 20250808 (Red Hat 15.2.1-1)

Ubuntu 20.04
	Kernel: 5.15
	Compiler: gcc gcc (Ubuntu 9.4.0-1ubuntu1~20.04.2) 9.4.0

Fedora Linux 41
	Kernel: 5.15
	Compiler: clang gcc (GCC) 14.3.1 20250523 (Red Hat 14.3.1-1)

Ubuntu 24.04
	Kernel: 5.15
	Compiler: gcc gcc (Ubuntu 13.3.0-6ubuntu2~24.04) 13.3.0

Fedora Linux 40
	Kernel: 5.15
	Compiler: gcc gcc (GCC) 14.2.1 20240912 (Red Hat 14.2.1-3)

Red Hat Enterprise Linux 8.10
	Kernel: 5.15
	Compiler: gcc gcc (GCC) 8.5.0 20210514 (Red Hat 8.5.0-22)

CentOS Stream 9
	Kernel: 5.15
	Compiler: gcc gcc (GCC) 11.5.0 20240719 (Red Hat 11.5.0-11)

Red Hat Enterprise Linux 9.5
	Kernel: 5.15
	Compiler: gcc gcc (GCC) 11.5.0 20240719 (Red Hat 11.5.0-2)

Ubuntu 22.04
	Kernel: 5.15
	Compiler: gcc gcc (Ubuntu 11.4.0-1ubuntu1~22.04) 11.4.0

Debian GNU/Linux 12
	Kernel: 5.15
	Compiler: gcc gcc (Debian 12.2.0-14+deb12u1) 12.2.0

CentOS Stream 10
	Kernel: 5.15
	Compiler: gcc gcc (GCC) 14.2.1 20250110 (Red Hat 14.2.1-8)

To view detailed results, visit:
https://lab.dpdk.org/results/dashboard/patchsets/34456/

UNH-IOL DPDK Community Lab

To manage your email subscriptions, visit: 
https://lab.dpdk.org/results/dashboard/preferences/subscriptions/

^ permalink raw reply	[flat|nested] 21+ messages in thread

* |FAILURE| pw158419 [PATCH] [v2] mbuf: dump Tx offload metadata
       [not found] <20251104100214.1818660-1-david.marchand@redhat.com>
                   ` (9 preceding siblings ...)
  2025-11-04 11:19 ` |SUCCESS| " dpdklab
@ 2025-11-04 11:21 ` dpdklab
  2025-11-04 11:25 ` |FAILURE| pw158419 [PATCH v2] " 0-day Robot
                   ` (9 subsequent siblings)
  20 siblings, 0 replies; 21+ messages in thread
From: dpdklab @ 2025-11-04 11:21 UTC (permalink / raw)
  To: Test Report; +Cc: dpdk-test-reports, David Marchand

Test-Label: iol-compile-amd64-testing
Test-Status: FAILURE
http://dpdk.org/patch/158419

_Testing issues_

Submitter: David Marchand <david.marchand@redhat.com>
Date: Tuesday, November 04 2025 10:02:14 
DPDK git baseline: Repo:dpdk
  Branch: master
  CommitID:8c4861d00aabcf54ef9d6f1df2a4cfb37c06f6c2

158419 --> testing issues

Upstream job id: Generic-DPDK-Compile-Meson#440553

Test environment and result as below:

+-------------------------------+--------------------+------------------+-------------------+
|          Environment          | dpdk_meson_compile | dpdk_compile_ovs | dpdk_msvc_compile |
+===============================+====================+==================+===================+
| FreeBSD 14.2                  | PASS               | SKIPPED          | SKIPPED           |
+-------------------------------+--------------------+------------------+-------------------+
| Ubuntu 20.04                  | PASS               | SKIPPED          | SKIPPED           |
+-------------------------------+--------------------+------------------+-------------------+
| CentOS Stream 10              | PASS               | SKIPPED          | SKIPPED           |
+-------------------------------+--------------------+------------------+-------------------+
| openSUSE Leap 15.6            | PASS               | SKIPPED          | SKIPPED           |
+-------------------------------+--------------------+------------------+-------------------+
| Fedora Linux 42               | PASS               | PASS             | SKIPPED           |
+-------------------------------+--------------------+------------------+-------------------+
| Ubuntu 22.04                  | PASS               | SKIPPED          | SKIPPED           |
+-------------------------------+--------------------+------------------+-------------------+
| Red Hat Enterprise Linux 9.5  | PASS               | SKIPPED          | SKIPPED           |
+-------------------------------+--------------------+------------------+-------------------+
| Debian GNU/Linux 12           | PASS               | SKIPPED          | SKIPPED           |
+-------------------------------+--------------------+------------------+-------------------+
| Red Hat Enterprise Linux 8.10 | PASS               | SKIPPED          | SKIPPED           |
+-------------------------------+--------------------+------------------+-------------------+
| Ubuntu 24.04                  | PASS               | PASS             | SKIPPED           |
+-------------------------------+--------------------+------------------+-------------------+
| CentOS Stream 9               | PASS               | SKIPPED          | SKIPPED           |
+-------------------------------+--------------------+------------------+-------------------+
| Alpine Linux 3.22.0           | PASS               | SKIPPED          | SKIPPED           |
+-------------------------------+--------------------+------------------+-------------------+
| Windows Server 2022           | SKIPPED            | SKIPPED          | FAIL              |
+-------------------------------+--------------------+------------------+-------------------+

==== 20 line log output for Windows Server 2022 (dpdk_msvc_compile): ====
\0.\0.\0/\0l\0i\0b\0/\0m\0b\0u\0f\0/\0r\0t\0e\0_\0m\0b\0u\0f\0.\0c\0(\07\07\06\0)\0:\0 \0n\0o\0t\0e\0:\0 \0c\0o\0n\0s\0i\0d\0e\0r\0 \0u\0s\0i\0n\0g\0 \0'\0%\0I\0u\0'\0 \0i\0n\0 \0t\0h\0e\0 \0f\0o\0r\0m\0a\0t\0 \0s\0t\0r\0i\0n\0g\0
\0
\0.\0.\0/\0l\0i\0b\0/\0m\0b\0u\0f\0/\0r\0t\0e\0_\0m\0b\0u\0f\0.\0c\0(\07\07\06\0)\0:\0 \0n\0o\0t\0e\0:\0 \0c\0o\0n\0s\0i\0d\0e\0r\0 \0u\0s\0i\0n\0g\0 \0'\0%\0I\06\04\0u\0'\0 \0i\0n\0 \0t\0h\0e\0 \0f\0o\0r\0m\0a\0t\0 \0s\0t\0r\0i\0n\0g\0
\0
\0.\0.\0/\0l\0i\0b\0/\0m\0b\0u\0f\0/\0r\0t\0e\0_\0m\0b\0u\0f\0.\0c\0(\07\08\00\0)\0:\0 \0w\0a\0r\0n\0i\0n\0g\0 \0C\04\04\07\07\0:\0 \0'\0f\0p\0r\0i\0n\0t\0f\0'\0 \0:\0 \0f\0o\0r\0m\0a\0t\0 \0s\0t\0r\0i\0n\0g\0 \0'\0%\0u\0'\0 \0r\0e\0q\0u\0i\0r\0e\0s\0 \0a\0n\0 \0a\0r\0g\0u\0m\0e\0n\0t\0 \0o\0f\0 \0t\0y\0p\0e\0 \0'\0u\0n\0s\0i\0g\0n\0e\0d\0 \0i\0n\0t\0'\0,\0 \0b\0u\0t\0 \0v\0a\0r\0i\0a\0d\0i\0c\0 \0a\0r\0g\0u\0m\0e\0n\0t\0 \02\0 \0h\0a\0s\0 \0t\0y\0p\0e\0 \0'\0c\0o\0n\0s\0t\0 \0u\0i\0n\0t\06\04\0_\0t\0'\0
\0
\0.\0.\0/\0l\0i\0b\0/\0m\0b\0u\0f\0/\0r\0t\0e\0_\0m\0b\0u\0f\0.\0c\0(\07\08\00\0)\0:\0 \0n\0o\0t\0e\0:\0 \0c\0o\0n\0s\0i\0d\0e\0r\0 \0u\0s\0i\0n\0g\0 \0'\0%\0l\0l\0u\0'\0 \0i\0n\0 \0t\0h\0e\0 \0f\0o\0r\0m\0a\0t\0 \0s\0t\0r\0i\0n\0g\0
\0
\0.\0.\0/\0l\0i\0b\0/\0m\0b\0u\0f\0/\0r\0t\0e\0_\0m\0b\0u\0f\0.\0c\0(\07\08\00\0)\0:\0 \0n\0o\0t\0e\0:\0 \0c\0o\0n\0s\0i\0d\0e\0r\0 \0u\0s\0i\0n\0g\0 \0'\0%\0I\0u\0'\0 \0i\0n\0 \0t\0h\0e\0 \0f\0o\0r\0m\0a\0t\0 \0s\0t\0r\0i\0n\0g\0
\0
\0.\0.\0/\0l\0i\0b\0/\0m\0b\0u\0f\0/\0r\0t\0e\0_\0m\0b\0u\0f\0.\0c\0(\07\08\00\0)\0:\0 \0n\0o\0t\0e\0:\0 \0c\0o\0n\0s\0i\0d\0e\0r\0 \0u\0s\0i\0n\0g\0 \0'\0%\0I\06\04\0u\0'\0 \0i\0n\0 \0t\0h\0e\0 \0f\0o\0r\0m\0a\0t\0 \0s\0t\0r\0i\0n\0g\0
\0
\0[\03\04\03\0/\08\07\07\0]\0 \0C\0o\0m\0p\0i\0l\0i\0n\0g\0 \0C\0 \0o\0b\0j\0e\0c\0t\0 \0l\0i\0b\0/\0l\0i\0b\0r\0t\0e\0_\0m\0b\0u\0f\0.\0a\0.\0p\0/\0m\0b\0u\0f\0_\0r\0t\0e\0_\0m\0b\0u\0f\0_\0d\0y\0n\0.\0c\0.\0o\0b\0j\0
\0
\0[\03\04\04\0/\08\07\07\0]\0 \0L\0i\0n\0k\0i\0n\0g\0 \0s\0t\0a\0t\0i\0c\0 \0t\0a\0r\0g\0e\0t\0 \0d\0r\0i\0v\0e\0r\0s\0/\0l\0i\0b\0r\0t\0e\0_\0n\0e\0t\0_\0i\0a\0v\0f\0.\0a\0
\0
\0[\03\04\05\0/\08\07\07\0]\0 \0C\0o\0m\0p\0i\0l\0i\0n\0g\0 \0C\0 \0o\0b\0j\0e\0c\0t\0 \0l\0i\0b\0/\0l\0i\0b\0r\0t\0e\0_\0n\0e\0t\0.\0a\0.\0p\0/\0n\0e\0t\0_\0n\0e\0t\0_\0c\0r\0c\0_\0s\0s\0e\0.\0c\0.\0o\0b\0j\0
\0
\0[\03\04\06\0/\08\07\07\0]\0 \0L\0i\0n\0k\0i\0n\0g\0 \0t\0a\0r\0g\0e\0t\0 \0l\0i\0b\0/\0r\0t\0e\0_\0e\0a\0l\0-\02\06\0.\0d\0l\0l\0
\0
\0 \0 \0 \0C\0r\0e\0a\0t\0i\0n\0g\0 \0l\0i\0b\0r\0a\0r\0y\0 \0l\0i\0b\0\\0r\0t\0e\0_\0e\0a\0l\0.\0l\0i\0b\0 \0a\0n\0d\0 \0o\0b\0j\0e\0c\0t\0 \0l\0i\0b\0\\0r\0t\0e\0_\0e\0a\0l\0.\0e\0x\0p\0
\0
\0[\03\04\07\0/\08\07\07\0]\0 \0C\0o\0m\0p\0i\0l\0i\0n\0g\0 \0C\0 \0o\0b\0j\0e\0c\0t\0 \0l\0i\0b\0/\0l\0i\0b\0r\0t\0e\0_\0n\0e\0t\0.\0a\0.\0p\0/\0n\0e\0t\0_\0r\0t\0e\0_\0n\0e\0t\0_\0c\0r\0c\0.\0c\0.\0o\0b\0j\0
\0
\0[\03\04\08\0/\08\07\07\0]\0 \0C\0o\0m\0p\0i\0l\0i\0n\0g\0 \0C\0 \0o\0b\0j\0e\0c\0t\0 \0l\0i\0b\0/\0l\0i\0b\0r\0t\0e\0_\0n\0e\0t\0.\0a\0.\0p\0/\0n\0e\0t\0_\0r\0t\0e\0_\0e\0t\0h\0e\0r\0.\0c\0.\0o\0b\0j\0
\0
\0[\03\04\09\0/\08\07\07\0]\0 \0C\0o\0m\0p\0i\0l\0i\0n\0g\0 \0C\0 \0o\0b\0j\0e\0c\0t\0 \0l\0i\0b\0/\0l\0i\0b\0r\0t\0e\0_\0n\0e\0t\0.\0a\0.\0p\0/\0n\0e\0t\0_\0r\0t\0e\0_\0n\0e\0t\0.\0c\0.\0o\0b\0j\0
\0
\0[\03\05\00\0/\08\07\07\0]\0 \0C\0o\0m\0p\0i\0l\0i\0n\0g\0 \0C\0 \0o\0b\0j\0e\0c\0t\0 \0l\0i\0b\0/\0l\0i\0b\0r\0t\0e\0_\0n\0e\0t\0.\0a\0.\0p\0/\0n\0e\0t\0_\0r\0t\0e\0_\0a\0r\0p\0.\0c\0.\0o\0b\0j\0
\0
\0[\03\05\01\0/\08\07\07\0]\0 \0C\0o\0m\0p\0i\0l\0i\0n\0g\0 \0C\0 \0o\0b\0j\0e\0c\0t\0 \0d\0r\0i\0v\0e\0r\0s\0/\0l\0i\0b\0r\0t\0e\0_\0n\0e\0t\0_\0i\0a\0v\0f\0_\0b\0a\0s\0e\0_\0l\0i\0b\0.\0a\0.\0p\0/\0n\0e\0t\0_\0i\0n\0t\0e\0l\0_\0i\0c\0e\0_\0b\0a\0s\0e\0_\0i\0c\0e\0_\0f\0d\0i\0r\0.\0c\0.\0o\0b\0j\0
\0
\0n\0i\0n\0j\0a\0:\0 \0b\0u\0i\0l\0d\0 \0s\0t\0o\0p\0p\0e\0d\0:\0 \0s\0u\0b\0c\0o\0m\0m\0a\0n\0d\0 \0f\0a\0i\0l\0e\0d\0.\0
\0
\0I\0N\0F\0O\0:\0 \0a\0u\0t\0o\0d\0e\0t\0e\0c\0t\0i\0n\0g\0 \0b\0a\0c\0k\0e\0n\0d\0 \0a\0s\0 \0n\0i\0n\0j\0a\0
\0
\0I\0N\0F\0O\0:\0 \0c\0a\0l\0c\0u\0l\0a\0t\0i\0n\0g\0 \0b\0a\0c\0k\0e\0n\0d\0 \0c\0o\0m\0m\0a\0n\0d\0 \0t\0o\0 \0r\0u\0n\0:\0 \0"\0C\0:\0\\0P\0r\0o\0g\0r\0a\0m\0 \0F\0i\0l\0e\0s\0\\0M\0e\0s\0o\0n\0\\0n\0i\0n\0j\0a\0.\0E\0X\0E\0"\0 \0-\0C\0 \0C\0:\0/\0U\0s\0e\0r\0s\0/\0b\0u\0i\0l\0d\0e\0r\0/\0j\0e\0n\0k\0i\0n\0s\0/\0w\0o\0r\0k\0s\0p\0a\0c\0e\0/\0W\0i\0n\0d\0o\0w\0s\0-\0C\0o\0m\0p\0i\0l\0e\0-\0D\0P\0D\0K\0-\0V\0S\0/\0d\0p\0d\0k\0/\0b\0u\0i\0l\0d\0
\0
\0
==== End log output ====

FreeBSD 14.2
	Kernel: 14.2-RELEASE
	Compiler: clang 18.1.6

Ubuntu 20.04
	Kernel: 4.19
	Compiler: gcc gcc (Ubuntu 9.4.0-1ubuntu1~20.04.2) 9.4.0

CentOS Stream 10
	Kernel: 5.15
	Compiler: gcc gcc (GCC) 14.2.1 20250110 (Red Hat 14.2.1-8)

openSUSE Leap 15.6
	Kernel: 5.15
	Compiler: gcc gcc (SUSE Linux) 7.5.0

Fedora Linux 42
	Kernel: 5.15
	Compiler: clang gcc (GCC) 15.2.1 20250808 (Red Hat 15.2.1-1)

Ubuntu 22.04
	Kernel: 5.15
	Compiler: gcc gcc (Ubuntu 11.4.0-1ubuntu1~22.04) 11.4.0

Red Hat Enterprise Linux 9.5
	Kernel: 5.15
	Compiler: gcc gcc (GCC) 11.5.0 20240719 (Red Hat 11.5.0-2)

Debian GNU/Linux 12
	Kernel: 5.15
	Compiler: gcc gcc (Debian 12.2.0-14+deb12u1) 12.2.0

Red Hat Enterprise Linux 8.10
	Kernel: 5.15
	Compiler: gcc gcc (GCC) 8.5.0 20210514 (Red Hat 8.5.0-22)

Ubuntu 24.04
	Kernel: 5.15
	Compiler: gcc gcc (Ubuntu 13.3.0-6ubuntu2~24.04) 13.3.0

CentOS Stream 9
	Kernel: 5.15
	Compiler: gcc gcc (GCC) 11.5.0 20240719 (Red Hat 11.5.0-11)

Alpine Linux 3.22.0
	Kernel: 5.15
	Compiler: gcc gcc (Alpine 14.2.0) 14.2.0

Windows Server 2022
	Kernel: 10.0.20348.2031
	Compiler: clang 15.0.7, gcc 14.1.0 (MinGW), and MSVC VS 19.39.33521

To view detailed results, visit:
https://lab.dpdk.org/results/dashboard/patchsets/34456/

UNH-IOL DPDK Community Lab

To manage your email subscriptions, visit: 
https://lab.dpdk.org/results/dashboard/preferences/subscriptions/

^ permalink raw reply	[flat|nested] 21+ messages in thread

* |FAILURE| pw158419 [PATCH v2] mbuf: dump Tx offload metadata
       [not found] <20251104100214.1818660-1-david.marchand@redhat.com>
                   ` (10 preceding siblings ...)
  2025-11-04 11:21 ` |FAILURE| " dpdklab
@ 2025-11-04 11:25 ` 0-day Robot
  2025-11-04 11:53 ` |FAILURE| pw158419 [PATCH] [v2] " dpdklab
                   ` (8 subsequent siblings)
  20 siblings, 0 replies; 21+ messages in thread
From: 0-day Robot @ 2025-11-04 11:25 UTC (permalink / raw)
  To: test-report; +Cc: david.marchand, robot

From: robot@bytheb.org

Test-Label: github-robot: build
Test-Status: FAILURE
http://patchwork.dpdk.org/patch/158419/

_github build: failed_
Build URL: https://github.com/ovsrobot/dpdk/actions/runs/19065562423

^ permalink raw reply	[flat|nested] 21+ messages in thread

* |FAILURE| pw158419 [PATCH] [v2] mbuf: dump Tx offload metadata
       [not found] <20251104100214.1818660-1-david.marchand@redhat.com>
                   ` (11 preceding siblings ...)
  2025-11-04 11:25 ` |FAILURE| pw158419 [PATCH v2] " 0-day Robot
@ 2025-11-04 11:53 ` dpdklab
  2025-11-04 11:58 ` |SUCCESS| " dpdklab
                   ` (7 subsequent siblings)
  20 siblings, 0 replies; 21+ messages in thread
From: dpdklab @ 2025-11-04 11:53 UTC (permalink / raw)
  To: Test Report; +Cc: dpdk-test-reports, David Marchand

Test-Label: iol-compile-amd64-testing
Test-Status: FAILURE
http://dpdk.org/patch/158419

_Testing issues_

Submitter: David Marchand <david.marchand@redhat.com>
Date: Tuesday, November 04 2025 10:02:14 
DPDK git baseline: Repo:dpdk
  Branch: master
  CommitID:8c4861d00aabcf54ef9d6f1df2a4cfb37c06f6c2

158419 --> testing issues

Upstream job id: Windows-Compile-DPDK-Native#32101

Test environment and result as below:

+-------------------------------+--------------------+------------------+-------------------+-------------------------+
|          Environment          | dpdk_meson_compile | dpdk_compile_ovs | dpdk_msvc_compile | dpdk_llvm_clang_compile |
+===============================+====================+==================+===================+=========================+
| FreeBSD 14.2                  | PASS               | SKIPPED          | SKIPPED           | SKIPPED                 |
+-------------------------------+--------------------+------------------+-------------------+-------------------------+
| Ubuntu 20.04                  | PASS               | SKIPPED          | SKIPPED           | SKIPPED                 |
+-------------------------------+--------------------+------------------+-------------------+-------------------------+
| CentOS Stream 10              | PASS               | SKIPPED          | SKIPPED           | SKIPPED                 |
+-------------------------------+--------------------+------------------+-------------------+-------------------------+
| openSUSE Leap 15.6            | PASS               | SKIPPED          | SKIPPED           | SKIPPED                 |
+-------------------------------+--------------------+------------------+-------------------+-------------------------+
| Fedora Linux 42               | PASS               | PASS             | SKIPPED           | SKIPPED                 |
+-------------------------------+--------------------+------------------+-------------------+-------------------------+
| Ubuntu 22.04                  | PASS               | SKIPPED          | SKIPPED           | SKIPPED                 |
+-------------------------------+--------------------+------------------+-------------------+-------------------------+
| Red Hat Enterprise Linux 9.5  | PASS               | SKIPPED          | SKIPPED           | SKIPPED                 |
+-------------------------------+--------------------+------------------+-------------------+-------------------------+
| Debian GNU/Linux 12           | PASS               | SKIPPED          | SKIPPED           | SKIPPED                 |
+-------------------------------+--------------------+------------------+-------------------+-------------------------+
| Red Hat Enterprise Linux 8.10 | PASS               | SKIPPED          | SKIPPED           | SKIPPED                 |
+-------------------------------+--------------------+------------------+-------------------+-------------------------+
| Ubuntu 24.04                  | PASS               | PASS             | SKIPPED           | SKIPPED                 |
+-------------------------------+--------------------+------------------+-------------------+-------------------------+
| CentOS Stream 9               | PASS               | SKIPPED          | SKIPPED           | SKIPPED                 |
+-------------------------------+--------------------+------------------+-------------------+-------------------------+
| Alpine Linux 3.22.0           | PASS               | SKIPPED          | SKIPPED           | SKIPPED                 |
+-------------------------------+--------------------+------------------+-------------------+-------------------------+
| Windows Server 2022           | SKIPPED            | SKIPPED          | FAIL              | PASS                    |
+-------------------------------+--------------------+------------------+-------------------+-------------------------+

==== 20 line log output for Windows Server 2022 (dpdk_msvc_compile): ====
\0.\0.\0/\0l\0i\0b\0/\0m\0b\0u\0f\0/\0r\0t\0e\0_\0m\0b\0u\0f\0.\0c\0(\07\07\06\0)\0:\0 \0n\0o\0t\0e\0:\0 \0c\0o\0n\0s\0i\0d\0e\0r\0 \0u\0s\0i\0n\0g\0 \0'\0%\0I\0u\0'\0 \0i\0n\0 \0t\0h\0e\0 \0f\0o\0r\0m\0a\0t\0 \0s\0t\0r\0i\0n\0g\0
\0
\0.\0.\0/\0l\0i\0b\0/\0m\0b\0u\0f\0/\0r\0t\0e\0_\0m\0b\0u\0f\0.\0c\0(\07\07\06\0)\0:\0 \0n\0o\0t\0e\0:\0 \0c\0o\0n\0s\0i\0d\0e\0r\0 \0u\0s\0i\0n\0g\0 \0'\0%\0I\06\04\0u\0'\0 \0i\0n\0 \0t\0h\0e\0 \0f\0o\0r\0m\0a\0t\0 \0s\0t\0r\0i\0n\0g\0
\0
\0.\0.\0/\0l\0i\0b\0/\0m\0b\0u\0f\0/\0r\0t\0e\0_\0m\0b\0u\0f\0.\0c\0(\07\08\00\0)\0:\0 \0w\0a\0r\0n\0i\0n\0g\0 \0C\04\04\07\07\0:\0 \0'\0f\0p\0r\0i\0n\0t\0f\0'\0 \0:\0 \0f\0o\0r\0m\0a\0t\0 \0s\0t\0r\0i\0n\0g\0 \0'\0%\0u\0'\0 \0r\0e\0q\0u\0i\0r\0e\0s\0 \0a\0n\0 \0a\0r\0g\0u\0m\0e\0n\0t\0 \0o\0f\0 \0t\0y\0p\0e\0 \0'\0u\0n\0s\0i\0g\0n\0e\0d\0 \0i\0n\0t\0'\0,\0 \0b\0u\0t\0 \0v\0a\0r\0i\0a\0d\0i\0c\0 \0a\0r\0g\0u\0m\0e\0n\0t\0 \02\0 \0h\0a\0s\0 \0t\0y\0p\0e\0 \0'\0c\0o\0n\0s\0t\0 \0u\0i\0n\0t\06\04\0_\0t\0'\0
\0
\0.\0.\0/\0l\0i\0b\0/\0m\0b\0u\0f\0/\0r\0t\0e\0_\0m\0b\0u\0f\0.\0c\0(\07\08\00\0)\0:\0 \0n\0o\0t\0e\0:\0 \0c\0o\0n\0s\0i\0d\0e\0r\0 \0u\0s\0i\0n\0g\0 \0'\0%\0l\0l\0u\0'\0 \0i\0n\0 \0t\0h\0e\0 \0f\0o\0r\0m\0a\0t\0 \0s\0t\0r\0i\0n\0g\0
\0
\0.\0.\0/\0l\0i\0b\0/\0m\0b\0u\0f\0/\0r\0t\0e\0_\0m\0b\0u\0f\0.\0c\0(\07\08\00\0)\0:\0 \0n\0o\0t\0e\0:\0 \0c\0o\0n\0s\0i\0d\0e\0r\0 \0u\0s\0i\0n\0g\0 \0'\0%\0I\0u\0'\0 \0i\0n\0 \0t\0h\0e\0 \0f\0o\0r\0m\0a\0t\0 \0s\0t\0r\0i\0n\0g\0
\0
\0.\0.\0/\0l\0i\0b\0/\0m\0b\0u\0f\0/\0r\0t\0e\0_\0m\0b\0u\0f\0.\0c\0(\07\08\00\0)\0:\0 \0n\0o\0t\0e\0:\0 \0c\0o\0n\0s\0i\0d\0e\0r\0 \0u\0s\0i\0n\0g\0 \0'\0%\0I\06\04\0u\0'\0 \0i\0n\0 \0t\0h\0e\0 \0f\0o\0r\0m\0a\0t\0 \0s\0t\0r\0i\0n\0g\0
\0
\0[\03\04\03\0/\08\07\07\0]\0 \0C\0o\0m\0p\0i\0l\0i\0n\0g\0 \0C\0 \0o\0b\0j\0e\0c\0t\0 \0l\0i\0b\0/\0l\0i\0b\0r\0t\0e\0_\0m\0b\0u\0f\0.\0a\0.\0p\0/\0m\0b\0u\0f\0_\0r\0t\0e\0_\0m\0b\0u\0f\0_\0d\0y\0n\0.\0c\0.\0o\0b\0j\0
\0
\0[\03\04\04\0/\08\07\07\0]\0 \0L\0i\0n\0k\0i\0n\0g\0 \0s\0t\0a\0t\0i\0c\0 \0t\0a\0r\0g\0e\0t\0 \0d\0r\0i\0v\0e\0r\0s\0/\0l\0i\0b\0r\0t\0e\0_\0n\0e\0t\0_\0i\0a\0v\0f\0.\0a\0
\0
\0[\03\04\05\0/\08\07\07\0]\0 \0C\0o\0m\0p\0i\0l\0i\0n\0g\0 \0C\0 \0o\0b\0j\0e\0c\0t\0 \0l\0i\0b\0/\0l\0i\0b\0r\0t\0e\0_\0n\0e\0t\0.\0a\0.\0p\0/\0n\0e\0t\0_\0n\0e\0t\0_\0c\0r\0c\0_\0s\0s\0e\0.\0c\0.\0o\0b\0j\0
\0
\0[\03\04\06\0/\08\07\07\0]\0 \0L\0i\0n\0k\0i\0n\0g\0 \0t\0a\0r\0g\0e\0t\0 \0l\0i\0b\0/\0r\0t\0e\0_\0e\0a\0l\0-\02\06\0.\0d\0l\0l\0
\0
\0 \0 \0 \0C\0r\0e\0a\0t\0i\0n\0g\0 \0l\0i\0b\0r\0a\0r\0y\0 \0l\0i\0b\0\\0r\0t\0e\0_\0e\0a\0l\0.\0l\0i\0b\0 \0a\0n\0d\0 \0o\0b\0j\0e\0c\0t\0 \0l\0i\0b\0\\0r\0t\0e\0_\0e\0a\0l\0.\0e\0x\0p\0
\0
\0[\03\04\07\0/\08\07\07\0]\0 \0C\0o\0m\0p\0i\0l\0i\0n\0g\0 \0C\0 \0o\0b\0j\0e\0c\0t\0 \0l\0i\0b\0/\0l\0i\0b\0r\0t\0e\0_\0n\0e\0t\0.\0a\0.\0p\0/\0n\0e\0t\0_\0r\0t\0e\0_\0n\0e\0t\0_\0c\0r\0c\0.\0c\0.\0o\0b\0j\0
\0
\0[\03\04\08\0/\08\07\07\0]\0 \0C\0o\0m\0p\0i\0l\0i\0n\0g\0 \0C\0 \0o\0b\0j\0e\0c\0t\0 \0l\0i\0b\0/\0l\0i\0b\0r\0t\0e\0_\0n\0e\0t\0.\0a\0.\0p\0/\0n\0e\0t\0_\0r\0t\0e\0_\0e\0t\0h\0e\0r\0.\0c\0.\0o\0b\0j\0
\0
\0[\03\04\09\0/\08\07\07\0]\0 \0C\0o\0m\0p\0i\0l\0i\0n\0g\0 \0C\0 \0o\0b\0j\0e\0c\0t\0 \0l\0i\0b\0/\0l\0i\0b\0r\0t\0e\0_\0n\0e\0t\0.\0a\0.\0p\0/\0n\0e\0t\0_\0r\0t\0e\0_\0n\0e\0t\0.\0c\0.\0o\0b\0j\0
\0
\0[\03\05\00\0/\08\07\07\0]\0 \0C\0o\0m\0p\0i\0l\0i\0n\0g\0 \0C\0 \0o\0b\0j\0e\0c\0t\0 \0l\0i\0b\0/\0l\0i\0b\0r\0t\0e\0_\0n\0e\0t\0.\0a\0.\0p\0/\0n\0e\0t\0_\0r\0t\0e\0_\0a\0r\0p\0.\0c\0.\0o\0b\0j\0
\0
\0[\03\05\01\0/\08\07\07\0]\0 \0C\0o\0m\0p\0i\0l\0i\0n\0g\0 \0C\0 \0o\0b\0j\0e\0c\0t\0 \0d\0r\0i\0v\0e\0r\0s\0/\0l\0i\0b\0r\0t\0e\0_\0n\0e\0t\0_\0i\0a\0v\0f\0_\0b\0a\0s\0e\0_\0l\0i\0b\0.\0a\0.\0p\0/\0n\0e\0t\0_\0i\0n\0t\0e\0l\0_\0i\0c\0e\0_\0b\0a\0s\0e\0_\0i\0c\0e\0_\0f\0d\0i\0r\0.\0c\0.\0o\0b\0j\0
\0
\0n\0i\0n\0j\0a\0:\0 \0b\0u\0i\0l\0d\0 \0s\0t\0o\0p\0p\0e\0d\0:\0 \0s\0u\0b\0c\0o\0m\0m\0a\0n\0d\0 \0f\0a\0i\0l\0e\0d\0.\0
\0
\0I\0N\0F\0O\0:\0 \0a\0u\0t\0o\0d\0e\0t\0e\0c\0t\0i\0n\0g\0 \0b\0a\0c\0k\0e\0n\0d\0 \0a\0s\0 \0n\0i\0n\0j\0a\0
\0
\0I\0N\0F\0O\0:\0 \0c\0a\0l\0c\0u\0l\0a\0t\0i\0n\0g\0 \0b\0a\0c\0k\0e\0n\0d\0 \0c\0o\0m\0m\0a\0n\0d\0 \0t\0o\0 \0r\0u\0n\0:\0 \0"\0C\0:\0\\0P\0r\0o\0g\0r\0a\0m\0 \0F\0i\0l\0e\0s\0\\0M\0e\0s\0o\0n\0\\0n\0i\0n\0j\0a\0.\0E\0X\0E\0"\0 \0-\0C\0 \0C\0:\0/\0U\0s\0e\0r\0s\0/\0b\0u\0i\0l\0d\0e\0r\0/\0j\0e\0n\0k\0i\0n\0s\0/\0w\0o\0r\0k\0s\0p\0a\0c\0e\0/\0W\0i\0n\0d\0o\0w\0s\0-\0C\0o\0m\0p\0i\0l\0e\0-\0D\0P\0D\0K\0-\0V\0S\0/\0d\0p\0d\0k\0/\0b\0u\0i\0l\0d\0
\0
\0
==== End log output ====

FreeBSD 14.2
	Kernel: 14.2-RELEASE
	Compiler: clang 18.1.6

Ubuntu 20.04
	Kernel: 4.19
	Compiler: gcc gcc (Ubuntu 9.4.0-1ubuntu1~20.04.2) 9.4.0

CentOS Stream 10
	Kernel: 5.15
	Compiler: gcc gcc (GCC) 14.2.1 20250110 (Red Hat 14.2.1-8)

openSUSE Leap 15.6
	Kernel: 5.15
	Compiler: gcc gcc (SUSE Linux) 7.5.0

Fedora Linux 42
	Kernel: 5.15
	Compiler: clang gcc (GCC) 15.2.1 20250808 (Red Hat 15.2.1-1)

Ubuntu 22.04
	Kernel: 5.15
	Compiler: gcc gcc (Ubuntu 11.4.0-1ubuntu1~22.04) 11.4.0

Red Hat Enterprise Linux 9.5
	Kernel: 5.15
	Compiler: gcc gcc (GCC) 11.5.0 20240719 (Red Hat 11.5.0-2)

Debian GNU/Linux 12
	Kernel: 5.15
	Compiler: gcc gcc (Debian 12.2.0-14+deb12u1) 12.2.0

Red Hat Enterprise Linux 8.10
	Kernel: 5.15
	Compiler: gcc gcc (GCC) 8.5.0 20210514 (Red Hat 8.5.0-22)

Ubuntu 24.04
	Kernel: 5.15
	Compiler: gcc gcc (Ubuntu 13.3.0-6ubuntu2~24.04) 13.3.0

CentOS Stream 9
	Kernel: 5.15
	Compiler: gcc gcc (GCC) 11.5.0 20240719 (Red Hat 11.5.0-11)

Alpine Linux 3.22.0
	Kernel: 5.15
	Compiler: gcc gcc (Alpine 14.2.0) 14.2.0

Windows Server 2022
	Kernel: 10.0.20348.2031
	Compiler: clang 15.0.7, gcc 14.1.0 (MinGW), and MSVC VS 19.39.33521

To view detailed results, visit:
https://lab.dpdk.org/results/dashboard/patchsets/34456/

UNH-IOL DPDK Community Lab

To manage your email subscriptions, visit: 
https://lab.dpdk.org/results/dashboard/preferences/subscriptions/

^ permalink raw reply	[flat|nested] 21+ messages in thread

* |SUCCESS| pw158419 [PATCH] [v2] mbuf: dump Tx offload metadata
       [not found] <20251104100214.1818660-1-david.marchand@redhat.com>
                   ` (12 preceding siblings ...)
  2025-11-04 11:53 ` |FAILURE| pw158419 [PATCH] [v2] " dpdklab
@ 2025-11-04 11:58 ` dpdklab
  2025-11-04 12:27 ` |FAILURE| " dpdklab
                   ` (6 subsequent siblings)
  20 siblings, 0 replies; 21+ messages in thread
From: dpdklab @ 2025-11-04 11:58 UTC (permalink / raw)
  To: Test Report; +Cc: dpdk-test-reports

Test-Label: iol-sample-apps-testing
Test-Status: SUCCESS
http://dpdk.org/patch/158419

_Testing PASS_

Submitter: David Marchand <david.marchand@redhat.com>
Date: Tuesday, November 04 2025 10:02:14 
DPDK git baseline: Repo:dpdk
  Branch: master
  CommitID:8c4861d00aabcf54ef9d6f1df2a4cfb37c06f6c2

158419 --> testing pass

Upstream job id: ACVP-FIPS-testing#11668

Test environment and result as below:

+--------------+----------------------+----------------------+
| Environment  | compressdev_zlib_pmd | dpdk_fips_validation |
+==============+======================+======================+
| Ubuntu 22.04 | PASS                 | SKIPPED              |
+--------------+----------------------+----------------------+
| Ubuntu 20.04 | SKIPPED              | PASS                 |
+--------------+----------------------+----------------------+


Ubuntu 22.04
	Kernel: 5.15
	Compiler: gcc gcc (Ubuntu 11.4.0-1ubuntu1~22.04.2) 11.4.0

Ubuntu 20.04
	Kernel: 5.15
	Compiler: gcc gcc (Ubuntu 9.4.0-1ubuntu1~20.04.2) 9.4.0

To view detailed results, visit:
https://lab.dpdk.org/results/dashboard/patchsets/34456/

UNH-IOL DPDK Community Lab

To manage your email subscriptions, visit: 
https://lab.dpdk.org/results/dashboard/preferences/subscriptions/

^ permalink raw reply	[flat|nested] 21+ messages in thread

* |FAILURE| pw158419 [PATCH] [v2] mbuf: dump Tx offload metadata
       [not found] <20251104100214.1818660-1-david.marchand@redhat.com>
                   ` (13 preceding siblings ...)
  2025-11-04 11:58 ` |SUCCESS| " dpdklab
@ 2025-11-04 12:27 ` dpdklab
  2025-11-04 12:34 ` |SUCCESS| " dpdklab
                   ` (5 subsequent siblings)
  20 siblings, 0 replies; 21+ messages in thread
From: dpdklab @ 2025-11-04 12:27 UTC (permalink / raw)
  To: Test Report; +Cc: dpdk-test-reports, David Marchand

Test-Label: iol-compile-amd64-testing
Test-Status: FAILURE
http://dpdk.org/patch/158419

_Testing issues_

Submitter: David Marchand <david.marchand@redhat.com>
Date: Tuesday, November 04 2025 10:02:14 
DPDK git baseline: Repo:dpdk
  Branch: master
  CommitID:8c4861d00aabcf54ef9d6f1df2a4cfb37c06f6c2

158419 --> testing issues

Upstream job id: Windows-Compile-DPDK-Native#32102

Test environment and result as below:

+-------------------------------+--------------------+------------------+-------------------+-------------------------+----------------------+
|          Environment          | dpdk_meson_compile | dpdk_compile_ovs | dpdk_msvc_compile | dpdk_llvm_clang_compile | dpdk_mingw64_compile |
+===============================+====================+==================+===================+=========================+======================+
| FreeBSD 14.2                  | PASS               | SKIPPED          | SKIPPED           | SKIPPED                 | SKIPPED              |
+-------------------------------+--------------------+------------------+-------------------+-------------------------+----------------------+
| Ubuntu 20.04                  | PASS               | SKIPPED          | SKIPPED           | SKIPPED                 | SKIPPED              |
+-------------------------------+--------------------+------------------+-------------------+-------------------------+----------------------+
| CentOS Stream 10              | PASS               | SKIPPED          | SKIPPED           | SKIPPED                 | SKIPPED              |
+-------------------------------+--------------------+------------------+-------------------+-------------------------+----------------------+
| openSUSE Leap 15.6            | PASS               | SKIPPED          | SKIPPED           | SKIPPED                 | SKIPPED              |
+-------------------------------+--------------------+------------------+-------------------+-------------------------+----------------------+
| Fedora Linux 42               | PASS               | PASS             | SKIPPED           | SKIPPED                 | SKIPPED              |
+-------------------------------+--------------------+------------------+-------------------+-------------------------+----------------------+
| Ubuntu 22.04                  | PASS               | SKIPPED          | SKIPPED           | SKIPPED                 | SKIPPED              |
+-------------------------------+--------------------+------------------+-------------------+-------------------------+----------------------+
| Red Hat Enterprise Linux 9.5  | PASS               | SKIPPED          | SKIPPED           | SKIPPED                 | SKIPPED              |
+-------------------------------+--------------------+------------------+-------------------+-------------------------+----------------------+
| Debian GNU/Linux 12           | PASS               | SKIPPED          | SKIPPED           | SKIPPED                 | SKIPPED              |
+-------------------------------+--------------------+------------------+-------------------+-------------------------+----------------------+
| Red Hat Enterprise Linux 8.10 | PASS               | SKIPPED          | SKIPPED           | SKIPPED                 | SKIPPED              |
+-------------------------------+--------------------+------------------+-------------------+-------------------------+----------------------+
| Ubuntu 24.04                  | PASS               | PASS             | SKIPPED           | SKIPPED                 | SKIPPED              |
+-------------------------------+--------------------+------------------+-------------------+-------------------------+----------------------+
| CentOS Stream 9               | PASS               | SKIPPED          | SKIPPED           | SKIPPED                 | SKIPPED              |
+-------------------------------+--------------------+------------------+-------------------+-------------------------+----------------------+
| Alpine Linux 3.22.0           | PASS               | SKIPPED          | SKIPPED           | SKIPPED                 | SKIPPED              |
+-------------------------------+--------------------+------------------+-------------------+-------------------------+----------------------+
| Windows Server 2022           | SKIPPED            | SKIPPED          | FAIL              | PASS                    | PASS                 |
+-------------------------------+--------------------+------------------+-------------------+-------------------------+----------------------+

==== 20 line log output for Windows Server 2022 (dpdk_msvc_compile): ====
\0.\0.\0/\0l\0i\0b\0/\0m\0b\0u\0f\0/\0r\0t\0e\0_\0m\0b\0u\0f\0.\0c\0(\07\07\06\0)\0:\0 \0n\0o\0t\0e\0:\0 \0c\0o\0n\0s\0i\0d\0e\0r\0 \0u\0s\0i\0n\0g\0 \0'\0%\0I\0u\0'\0 \0i\0n\0 \0t\0h\0e\0 \0f\0o\0r\0m\0a\0t\0 \0s\0t\0r\0i\0n\0g\0
\0
\0.\0.\0/\0l\0i\0b\0/\0m\0b\0u\0f\0/\0r\0t\0e\0_\0m\0b\0u\0f\0.\0c\0(\07\07\06\0)\0:\0 \0n\0o\0t\0e\0:\0 \0c\0o\0n\0s\0i\0d\0e\0r\0 \0u\0s\0i\0n\0g\0 \0'\0%\0I\06\04\0u\0'\0 \0i\0n\0 \0t\0h\0e\0 \0f\0o\0r\0m\0a\0t\0 \0s\0t\0r\0i\0n\0g\0
\0
\0.\0.\0/\0l\0i\0b\0/\0m\0b\0u\0f\0/\0r\0t\0e\0_\0m\0b\0u\0f\0.\0c\0(\07\08\00\0)\0:\0 \0w\0a\0r\0n\0i\0n\0g\0 \0C\04\04\07\07\0:\0 \0'\0f\0p\0r\0i\0n\0t\0f\0'\0 \0:\0 \0f\0o\0r\0m\0a\0t\0 \0s\0t\0r\0i\0n\0g\0 \0'\0%\0u\0'\0 \0r\0e\0q\0u\0i\0r\0e\0s\0 \0a\0n\0 \0a\0r\0g\0u\0m\0e\0n\0t\0 \0o\0f\0 \0t\0y\0p\0e\0 \0'\0u\0n\0s\0i\0g\0n\0e\0d\0 \0i\0n\0t\0'\0,\0 \0b\0u\0t\0 \0v\0a\0r\0i\0a\0d\0i\0c\0 \0a\0r\0g\0u\0m\0e\0n\0t\0 \02\0 \0h\0a\0s\0 \0t\0y\0p\0e\0 \0'\0c\0o\0n\0s\0t\0 \0u\0i\0n\0t\06\04\0_\0t\0'\0
\0
\0.\0.\0/\0l\0i\0b\0/\0m\0b\0u\0f\0/\0r\0t\0e\0_\0m\0b\0u\0f\0.\0c\0(\07\08\00\0)\0:\0 \0n\0o\0t\0e\0:\0 \0c\0o\0n\0s\0i\0d\0e\0r\0 \0u\0s\0i\0n\0g\0 \0'\0%\0l\0l\0u\0'\0 \0i\0n\0 \0t\0h\0e\0 \0f\0o\0r\0m\0a\0t\0 \0s\0t\0r\0i\0n\0g\0
\0
\0.\0.\0/\0l\0i\0b\0/\0m\0b\0u\0f\0/\0r\0t\0e\0_\0m\0b\0u\0f\0.\0c\0(\07\08\00\0)\0:\0 \0n\0o\0t\0e\0:\0 \0c\0o\0n\0s\0i\0d\0e\0r\0 \0u\0s\0i\0n\0g\0 \0'\0%\0I\0u\0'\0 \0i\0n\0 \0t\0h\0e\0 \0f\0o\0r\0m\0a\0t\0 \0s\0t\0r\0i\0n\0g\0
\0
\0.\0.\0/\0l\0i\0b\0/\0m\0b\0u\0f\0/\0r\0t\0e\0_\0m\0b\0u\0f\0.\0c\0(\07\08\00\0)\0:\0 \0n\0o\0t\0e\0:\0 \0c\0o\0n\0s\0i\0d\0e\0r\0 \0u\0s\0i\0n\0g\0 \0'\0%\0I\06\04\0u\0'\0 \0i\0n\0 \0t\0h\0e\0 \0f\0o\0r\0m\0a\0t\0 \0s\0t\0r\0i\0n\0g\0
\0
\0[\03\04\03\0/\08\07\07\0]\0 \0C\0o\0m\0p\0i\0l\0i\0n\0g\0 \0C\0 \0o\0b\0j\0e\0c\0t\0 \0l\0i\0b\0/\0l\0i\0b\0r\0t\0e\0_\0m\0b\0u\0f\0.\0a\0.\0p\0/\0m\0b\0u\0f\0_\0r\0t\0e\0_\0m\0b\0u\0f\0_\0d\0y\0n\0.\0c\0.\0o\0b\0j\0
\0
\0[\03\04\04\0/\08\07\07\0]\0 \0L\0i\0n\0k\0i\0n\0g\0 \0s\0t\0a\0t\0i\0c\0 \0t\0a\0r\0g\0e\0t\0 \0d\0r\0i\0v\0e\0r\0s\0/\0l\0i\0b\0r\0t\0e\0_\0n\0e\0t\0_\0i\0a\0v\0f\0.\0a\0
\0
\0[\03\04\05\0/\08\07\07\0]\0 \0C\0o\0m\0p\0i\0l\0i\0n\0g\0 \0C\0 \0o\0b\0j\0e\0c\0t\0 \0l\0i\0b\0/\0l\0i\0b\0r\0t\0e\0_\0n\0e\0t\0.\0a\0.\0p\0/\0n\0e\0t\0_\0n\0e\0t\0_\0c\0r\0c\0_\0s\0s\0e\0.\0c\0.\0o\0b\0j\0
\0
\0[\03\04\06\0/\08\07\07\0]\0 \0L\0i\0n\0k\0i\0n\0g\0 \0t\0a\0r\0g\0e\0t\0 \0l\0i\0b\0/\0r\0t\0e\0_\0e\0a\0l\0-\02\06\0.\0d\0l\0l\0
\0
\0 \0 \0 \0C\0r\0e\0a\0t\0i\0n\0g\0 \0l\0i\0b\0r\0a\0r\0y\0 \0l\0i\0b\0\\0r\0t\0e\0_\0e\0a\0l\0.\0l\0i\0b\0 \0a\0n\0d\0 \0o\0b\0j\0e\0c\0t\0 \0l\0i\0b\0\\0r\0t\0e\0_\0e\0a\0l\0.\0e\0x\0p\0
\0
\0[\03\04\07\0/\08\07\07\0]\0 \0C\0o\0m\0p\0i\0l\0i\0n\0g\0 \0C\0 \0o\0b\0j\0e\0c\0t\0 \0l\0i\0b\0/\0l\0i\0b\0r\0t\0e\0_\0n\0e\0t\0.\0a\0.\0p\0/\0n\0e\0t\0_\0r\0t\0e\0_\0n\0e\0t\0_\0c\0r\0c\0.\0c\0.\0o\0b\0j\0
\0
\0[\03\04\08\0/\08\07\07\0]\0 \0C\0o\0m\0p\0i\0l\0i\0n\0g\0 \0C\0 \0o\0b\0j\0e\0c\0t\0 \0l\0i\0b\0/\0l\0i\0b\0r\0t\0e\0_\0n\0e\0t\0.\0a\0.\0p\0/\0n\0e\0t\0_\0r\0t\0e\0_\0e\0t\0h\0e\0r\0.\0c\0.\0o\0b\0j\0
\0
\0[\03\04\09\0/\08\07\07\0]\0 \0C\0o\0m\0p\0i\0l\0i\0n\0g\0 \0C\0 \0o\0b\0j\0e\0c\0t\0 \0l\0i\0b\0/\0l\0i\0b\0r\0t\0e\0_\0n\0e\0t\0.\0a\0.\0p\0/\0n\0e\0t\0_\0r\0t\0e\0_\0n\0e\0t\0.\0c\0.\0o\0b\0j\0
\0
\0[\03\05\00\0/\08\07\07\0]\0 \0C\0o\0m\0p\0i\0l\0i\0n\0g\0 \0C\0 \0o\0b\0j\0e\0c\0t\0 \0l\0i\0b\0/\0l\0i\0b\0r\0t\0e\0_\0n\0e\0t\0.\0a\0.\0p\0/\0n\0e\0t\0_\0r\0t\0e\0_\0a\0r\0p\0.\0c\0.\0o\0b\0j\0
\0
\0[\03\05\01\0/\08\07\07\0]\0 \0C\0o\0m\0p\0i\0l\0i\0n\0g\0 \0C\0 \0o\0b\0j\0e\0c\0t\0 \0d\0r\0i\0v\0e\0r\0s\0/\0l\0i\0b\0r\0t\0e\0_\0n\0e\0t\0_\0i\0a\0v\0f\0_\0b\0a\0s\0e\0_\0l\0i\0b\0.\0a\0.\0p\0/\0n\0e\0t\0_\0i\0n\0t\0e\0l\0_\0i\0c\0e\0_\0b\0a\0s\0e\0_\0i\0c\0e\0_\0f\0d\0i\0r\0.\0c\0.\0o\0b\0j\0
\0
\0n\0i\0n\0j\0a\0:\0 \0b\0u\0i\0l\0d\0 \0s\0t\0o\0p\0p\0e\0d\0:\0 \0s\0u\0b\0c\0o\0m\0m\0a\0n\0d\0 \0f\0a\0i\0l\0e\0d\0.\0
\0
\0I\0N\0F\0O\0:\0 \0a\0u\0t\0o\0d\0e\0t\0e\0c\0t\0i\0n\0g\0 \0b\0a\0c\0k\0e\0n\0d\0 \0a\0s\0 \0n\0i\0n\0j\0a\0
\0
\0I\0N\0F\0O\0:\0 \0c\0a\0l\0c\0u\0l\0a\0t\0i\0n\0g\0 \0b\0a\0c\0k\0e\0n\0d\0 \0c\0o\0m\0m\0a\0n\0d\0 \0t\0o\0 \0r\0u\0n\0:\0 \0"\0C\0:\0\\0P\0r\0o\0g\0r\0a\0m\0 \0F\0i\0l\0e\0s\0\\0M\0e\0s\0o\0n\0\\0n\0i\0n\0j\0a\0.\0E\0X\0E\0"\0 \0-\0C\0 \0C\0:\0/\0U\0s\0e\0r\0s\0/\0b\0u\0i\0l\0d\0e\0r\0/\0j\0e\0n\0k\0i\0n\0s\0/\0w\0o\0r\0k\0s\0p\0a\0c\0e\0/\0W\0i\0n\0d\0o\0w\0s\0-\0C\0o\0m\0p\0i\0l\0e\0-\0D\0P\0D\0K\0-\0V\0S\0/\0d\0p\0d\0k\0/\0b\0u\0i\0l\0d\0
\0
\0
==== End log output ====

FreeBSD 14.2
	Kernel: 14.2-RELEASE
	Compiler: clang 18.1.6

Ubuntu 20.04
	Kernel: 4.19
	Compiler: gcc gcc (Ubuntu 9.4.0-1ubuntu1~20.04.2) 9.4.0

CentOS Stream 10
	Kernel: 5.15
	Compiler: gcc gcc (GCC) 14.2.1 20250110 (Red Hat 14.2.1-8)

openSUSE Leap 15.6
	Kernel: 5.15
	Compiler: gcc gcc (SUSE Linux) 7.5.0

Fedora Linux 42
	Kernel: 5.15
	Compiler: clang gcc (GCC) 15.2.1 20250808 (Red Hat 15.2.1-1)

Ubuntu 22.04
	Kernel: 5.15
	Compiler: gcc gcc (Ubuntu 11.4.0-1ubuntu1~22.04) 11.4.0

Red Hat Enterprise Linux 9.5
	Kernel: 5.15
	Compiler: gcc gcc (GCC) 11.5.0 20240719 (Red Hat 11.5.0-2)

Debian GNU/Linux 12
	Kernel: 5.15
	Compiler: gcc gcc (Debian 12.2.0-14+deb12u1) 12.2.0

Red Hat Enterprise Linux 8.10
	Kernel: 5.15
	Compiler: gcc gcc (GCC) 8.5.0 20210514 (Red Hat 8.5.0-22)

Ubuntu 24.04
	Kernel: 5.15
	Compiler: gcc gcc (Ubuntu 13.3.0-6ubuntu2~24.04) 13.3.0

CentOS Stream 9
	Kernel: 5.15
	Compiler: gcc gcc (GCC) 11.5.0 20240719 (Red Hat 11.5.0-11)

Alpine Linux 3.22.0
	Kernel: 5.15
	Compiler: gcc gcc (Alpine 14.2.0) 14.2.0

Windows Server 2022
	Kernel: 10.0.20348.2031
	Compiler: clang 15.0.7, gcc 14.1.0 (MinGW), and MSVC VS 19.39.33521

To view detailed results, visit:
https://lab.dpdk.org/results/dashboard/patchsets/34456/

UNH-IOL DPDK Community Lab

To manage your email subscriptions, visit: 
https://lab.dpdk.org/results/dashboard/preferences/subscriptions/

^ permalink raw reply	[flat|nested] 21+ messages in thread

* |SUCCESS| pw158419 [PATCH] [v2] mbuf: dump Tx offload metadata
       [not found] <20251104100214.1818660-1-david.marchand@redhat.com>
                   ` (14 preceding siblings ...)
  2025-11-04 12:27 ` |FAILURE| " dpdklab
@ 2025-11-04 12:34 ` dpdklab
  2025-11-04 12:39 ` dpdklab
                   ` (4 subsequent siblings)
  20 siblings, 0 replies; 21+ messages in thread
From: dpdklab @ 2025-11-04 12:34 UTC (permalink / raw)
  To: Test Report; +Cc: dpdk-test-reports

Test-Label: iol-unit-amd64-testing
Test-Status: SUCCESS
http://dpdk.org/patch/158419

_Testing PASS_

Submitter: David Marchand <david.marchand@redhat.com>
Date: Tuesday, November 04 2025 10:02:14 
DPDK git baseline: Repo:dpdk
  Branch: master
  CommitID:8c4861d00aabcf54ef9d6f1df2a4cfb37c06f6c2

158419 --> testing pass

Upstream job id: Generic-VM-Unit-Test-DPDK#32275

Test environment and result as below:

+-------------------------------+----------------+
|          Environment          | dpdk_unit_test |
+===============================+================+
| Fedora Linux 42               | PASS           |
+-------------------------------+----------------+
| Ubuntu 20.04                  | PASS           |
+-------------------------------+----------------+
| Fedora Linux 41               | PASS           |
+-------------------------------+----------------+
| Ubuntu 24.04                  | PASS           |
+-------------------------------+----------------+
| Fedora Linux 40               | PASS           |
+-------------------------------+----------------+
| Red Hat Enterprise Linux 8.10 | PASS           |
+-------------------------------+----------------+
| CentOS Stream 9               | PASS           |
+-------------------------------+----------------+
| Red Hat Enterprise Linux 9.5  | PASS           |
+-------------------------------+----------------+
| Ubuntu 22.04                  | PASS           |
+-------------------------------+----------------+
| Debian GNU/Linux 12           | PASS           |
+-------------------------------+----------------+
| CentOS Stream 10              | PASS           |
+-------------------------------+----------------+
| Windows Server 2022           | PASS           |
+-------------------------------+----------------+


Fedora Linux 42
	Kernel: 5.15
	Compiler: clang gcc (GCC) 15.2.1 20250808 (Red Hat 15.2.1-1)

Ubuntu 20.04
	Kernel: 5.15
	Compiler: gcc gcc (Ubuntu 9.4.0-1ubuntu1~20.04.2) 9.4.0

Fedora Linux 41
	Kernel: 5.15
	Compiler: clang gcc (GCC) 14.3.1 20250523 (Red Hat 14.3.1-1)

Ubuntu 24.04
	Kernel: 5.15
	Compiler: gcc gcc (Ubuntu 13.3.0-6ubuntu2~24.04) 13.3.0

Fedora Linux 40
	Kernel: 5.15
	Compiler: gcc gcc (GCC) 14.2.1 20240912 (Red Hat 14.2.1-3)

Red Hat Enterprise Linux 8.10
	Kernel: 5.15
	Compiler: gcc gcc (GCC) 8.5.0 20210514 (Red Hat 8.5.0-22)

CentOS Stream 9
	Kernel: 5.15
	Compiler: gcc gcc (GCC) 11.5.0 20240719 (Red Hat 11.5.0-11)

Red Hat Enterprise Linux 9.5
	Kernel: 5.15
	Compiler: gcc gcc (GCC) 11.5.0 20240719 (Red Hat 11.5.0-2)

Ubuntu 22.04
	Kernel: 5.15
	Compiler: gcc gcc (Ubuntu 11.4.0-1ubuntu1~22.04) 11.4.0

Debian GNU/Linux 12
	Kernel: 5.15
	Compiler: gcc gcc (Debian 12.2.0-14+deb12u1) 12.2.0

CentOS Stream 10
	Kernel: 5.15
	Compiler: gcc gcc (GCC) 14.2.1 20250110 (Red Hat 14.2.1-8)

Windows Server 2022
	Kernel: 10.0.20348.2031
	Compiler: clang 15.0.7, gcc 14.1.0 (MinGW), and MSVC VS 19.39.33521

To view detailed results, visit:
https://lab.dpdk.org/results/dashboard/patchsets/34456/

UNH-IOL DPDK Community Lab

To manage your email subscriptions, visit: 
https://lab.dpdk.org/results/dashboard/preferences/subscriptions/

^ permalink raw reply	[flat|nested] 21+ messages in thread

* |SUCCESS| pw158419 [PATCH] [v2] mbuf: dump Tx offload metadata
       [not found] <20251104100214.1818660-1-david.marchand@redhat.com>
                   ` (15 preceding siblings ...)
  2025-11-04 12:34 ` |SUCCESS| " dpdklab
@ 2025-11-04 12:39 ` dpdklab
  2025-11-04 13:01 ` dpdklab
                   ` (3 subsequent siblings)
  20 siblings, 0 replies; 21+ messages in thread
From: dpdklab @ 2025-11-04 12:39 UTC (permalink / raw)
  To: Test Report; +Cc: dpdk-test-reports

Test-Label: iol-unit-amd64-testing
Test-Status: SUCCESS
http://dpdk.org/patch/158419

_Testing PASS_

Submitter: David Marchand <david.marchand@redhat.com>
Date: Tuesday, November 04 2025 10:02:14 
DPDK git baseline: Repo:dpdk
  Branch: master
  CommitID:8c4861d00aabcf54ef9d6f1df2a4cfb37c06f6c2

158419 --> testing pass

Upstream job id: Generic-VM-Unit-Test-DPDK#32276

Test environment and result as below:

+-------------------------------+----------------+
|          Environment          | dpdk_unit_test |
+===============================+================+
| Fedora Linux 42               | PASS           |
+-------------------------------+----------------+
| Ubuntu 20.04                  | PASS           |
+-------------------------------+----------------+
| Fedora Linux 41               | PASS           |
+-------------------------------+----------------+
| Ubuntu 24.04                  | PASS           |
+-------------------------------+----------------+
| Fedora Linux 40               | PASS           |
+-------------------------------+----------------+
| Red Hat Enterprise Linux 8.10 | PASS           |
+-------------------------------+----------------+
| CentOS Stream 9               | PASS           |
+-------------------------------+----------------+
| Red Hat Enterprise Linux 9.5  | PASS           |
+-------------------------------+----------------+
| Ubuntu 22.04                  | PASS           |
+-------------------------------+----------------+
| Debian GNU/Linux 12           | PASS           |
+-------------------------------+----------------+
| CentOS Stream 10              | PASS           |
+-------------------------------+----------------+
| Windows Server 2022           | PASS           |
+-------------------------------+----------------+


Fedora Linux 42
	Kernel: 5.15
	Compiler: clang gcc (GCC) 15.2.1 20250808 (Red Hat 15.2.1-1)

Ubuntu 20.04
	Kernel: 5.15
	Compiler: gcc gcc (Ubuntu 9.4.0-1ubuntu1~20.04.2) 9.4.0

Fedora Linux 41
	Kernel: 5.15
	Compiler: clang gcc (GCC) 14.3.1 20250523 (Red Hat 14.3.1-1)

Ubuntu 24.04
	Kernel: 5.15
	Compiler: gcc gcc (Ubuntu 13.3.0-6ubuntu2~24.04) 13.3.0

Fedora Linux 40
	Kernel: 5.15
	Compiler: gcc gcc (GCC) 14.2.1 20240912 (Red Hat 14.2.1-3)

Red Hat Enterprise Linux 8.10
	Kernel: 5.15
	Compiler: gcc gcc (GCC) 8.5.0 20210514 (Red Hat 8.5.0-22)

CentOS Stream 9
	Kernel: 5.15
	Compiler: gcc gcc (GCC) 11.5.0 20240719 (Red Hat 11.5.0-11)

Red Hat Enterprise Linux 9.5
	Kernel: 5.15
	Compiler: gcc gcc (GCC) 11.5.0 20240719 (Red Hat 11.5.0-2)

Ubuntu 22.04
	Kernel: 5.15
	Compiler: gcc gcc (Ubuntu 11.4.0-1ubuntu1~22.04) 11.4.0

Debian GNU/Linux 12
	Kernel: 5.15
	Compiler: gcc gcc (Debian 12.2.0-14+deb12u1) 12.2.0

CentOS Stream 10
	Kernel: 5.15
	Compiler: gcc gcc (GCC) 14.2.1 20250110 (Red Hat 14.2.1-8)

Windows Server 2022
	Kernel: 10.0.20348.2031
	Compiler: clang 15.0.7, gcc 14.1.0 (MinGW), and MSVC VS 19.39.33521

To view detailed results, visit:
https://lab.dpdk.org/results/dashboard/patchsets/34456/

UNH-IOL DPDK Community Lab

To manage your email subscriptions, visit: 
https://lab.dpdk.org/results/dashboard/preferences/subscriptions/

^ permalink raw reply	[flat|nested] 21+ messages in thread

* |SUCCESS| pw158419 [PATCH] [v2] mbuf: dump Tx offload metadata
       [not found] <20251104100214.1818660-1-david.marchand@redhat.com>
                   ` (16 preceding siblings ...)
  2025-11-04 12:39 ` dpdklab
@ 2025-11-04 13:01 ` dpdklab
  2025-11-04 13:08 ` dpdklab
                   ` (2 subsequent siblings)
  20 siblings, 0 replies; 21+ messages in thread
From: dpdklab @ 2025-11-04 13:01 UTC (permalink / raw)
  To: Test Report; +Cc: dpdk-test-reports

Test-Label: iol-intel-Functional
Test-Status: SUCCESS
http://dpdk.org/patch/158419

_Functional Testing PASS_

Submitter: David Marchand <david.marchand@redhat.com>
Date: Tuesday, November 04 2025 10:02:14 
DPDK git baseline: Repo:dpdk
  Branch: master
  CommitID:8c4861d00aabcf54ef9d6f1df2a4cfb37c06f6c2

158419 --> functional testing pass

Upstream job id: Template-DTS-Pipeline#252789

Test environment and result as below:

Ubuntu 24.04
Kernel: 6.8
Compiler: gcc gcc (Ubuntu 13.3.0-6ubuntu2~24.04) 13.3.0
NIC: Intel E810 (Arm Grace Server) 100000 Mbps

Aggregate Results by Test Suite
+------------+--------+
| Test Suite | Result |
+============+========+
| blocklist  |  PASS  |
+------------+--------+
| uni_pkt    |  PASS  |
+------------+--------+


Ubuntu 24.04 LTS
Kernel: 6.8.0-44-generic
Compiler: gcc 13.2.0
NIC: Intel Corporation Ethernet Controller XL710 for 40GbE QSFP+ 40 Mbps

Aggregate Results by Test Suite
+--------------------+--------+
|     Test Suite     | Result |
+====================+========+
| blocklist          |  PASS  |
+--------------------+--------+
| uni_pkt            |  PASS  |
+--------------------+--------+
| promisc_support    |  PASS  |
+--------------------+--------+
| dynamic_queue_conf |  PASS  |
+--------------------+--------+
| hello_world        |  PASS  |
+--------------------+--------+
| l2fwd              |  PASS  |
+--------------------+--------+
| softnic            |  PASS  |
+--------------------+--------+


Ubuntu 20.04
Kernel: 5.4
Compiler: gcc gcc (Ubuntu 9.4.0-1ubuntu1~20.04.1) 9.4.0
NIC: Intel Corporation Ethernet Converged Network Adapter XL710-QDA2 40000 Mbps

Aggregate Results by Test Suite
+-----------------------------+--------+
|         Test Suite          | Result |
+=============================+========+
| unit_tests_mbuf             |  PASS  |
+-----------------------------+--------+
| vhost_virtio_user_interrupt |  PASS  |
+-----------------------------+--------+
| virtio_smoke                |  PASS  |
+-----------------------------+--------+


Ubuntu 24.04
Kernel: 6.8
Compiler: gcc gcc (Ubuntu 13.3.0-6ubuntu2~24.04) 13.3.0
NIC: Intel Corporation 4xxx Series QAT 0 Mbps

Aggregate Results by Test Suite
+----------------------------+--------+
|         Test Suite         | Result |
+============================+========+
| crypto_perf_cryptodev_perf |  PASS  |
+----------------------------+--------+


Ubuntu 22.04
Kernel: 5.15
Compiler: gcc gcc (Ubuntu 11.4.0-1ubuntu1~22.04.2) 11.4.0
NIC: Intel Corporation QAT 8970 0 Mbps

Aggregate Results by Test Suite
+----------------------------+--------+
|         Test Suite         | Result |
+============================+========+
| crypto_perf_cryptodev_perf |  PASS  |
+----------------------------+--------+


To view detailed results, visit:
https://lab.dpdk.org/results/dashboard/patchsets/34456/

UNH-IOL DPDK Community Lab

To manage your email subscriptions, visit: 
https://lab.dpdk.org/results/dashboard/preferences/subscriptions/

^ permalink raw reply	[flat|nested] 21+ messages in thread

* |SUCCESS| pw158419 [PATCH] [v2] mbuf: dump Tx offload metadata
       [not found] <20251104100214.1818660-1-david.marchand@redhat.com>
                   ` (17 preceding siblings ...)
  2025-11-04 13:01 ` dpdklab
@ 2025-11-04 13:08 ` dpdklab
  2025-11-04 15:09 ` dpdklab
  2025-11-04 19:24 ` dpdklab
  20 siblings, 0 replies; 21+ messages in thread
From: dpdklab @ 2025-11-04 13:08 UTC (permalink / raw)
  To: Test Report; +Cc: dpdk-test-reports

Test-Label: iol-broadcom-Performance
Test-Status: SUCCESS
http://dpdk.org/patch/158419

_Performance Testing PASS_

Submitter: David Marchand <david.marchand@redhat.com>
Date: Tuesday, November 04 2025 10:02:14 
DPDK git baseline: Repo:dpdk
  Branch: master
  CommitID:8c4861d00aabcf54ef9d6f1df2a4cfb37c06f6c2

158419 --> performance testing pass

Upstream job id: Template-DTS-Pipeline#252785

Test environment and result as below:

Ubuntu 22.04
Kernel: 5.15
Compiler: gcc gcc (Ubuntu 11.4.0-1ubuntu1~22.04.2) 11.4.0
NIC: Arm Broadcom Inc. brcm_57414 25000 Mbps
Fail/Total: 0/2

Detail performance results: 
+------------+---------+----------+-------------+------------------------------+
| frame_size | txd/rxd | num_cpus | num_threads |  throughput difference from  |
|            |         |          |             |           expected           |
+============+=========+==========+=============+==============================+
| 64         | 512     | 1        | 1           | 0.6%                         |
+------------+---------+----------+-------------+------------------------------+
| 64         | 2048    | 1        | 1           | 0.6%                         |
+------------+---------+----------+-------------+------------------------------+

Ubuntu 22.04
Kernel: 5.15
Compiler: gcc gcc (Ubuntu 11.4.0-1ubuntu1~22.04) 11.4.0
NIC: Broadcom Inc. and subsidiaries BCM57414 NetXtreme-E 10Gb/25Gb RDMA Ethernet Controller 16d7 25 Mbps
Fail/Total: 0/3

Detail performance results: 
+------------+---------+----------+-------------+------------------------------+
| frame_size | txd/rxd | num_cpus | num_threads |  throughput difference from  |
|            |         |          |             |           expected           |
+============+=========+==========+=============+==============================+
| 64         | 128     | 1        | 1           | -0.1%                        |
+------------+---------+----------+-------------+------------------------------+
| 64         | 512     | 1        | 1           | -0.2%                        |
+------------+---------+----------+-------------+------------------------------+
| 64         | 2048    | 1        | 1           | -1.0%                        |
+------------+---------+----------+-------------+------------------------------+

To view detailed results, visit:
https://lab.dpdk.org/results/dashboard/patchsets/34456/

UNH-IOL DPDK Community Lab

To manage your email subscriptions, visit: 
https://lab.dpdk.org/results/dashboard/preferences/subscriptions/

^ permalink raw reply	[flat|nested] 21+ messages in thread

* |SUCCESS| pw158419 [PATCH] [v2] mbuf: dump Tx offload metadata
       [not found] <20251104100214.1818660-1-david.marchand@redhat.com>
                   ` (18 preceding siblings ...)
  2025-11-04 13:08 ` dpdklab
@ 2025-11-04 15:09 ` dpdklab
  2025-11-04 19:24 ` dpdklab
  20 siblings, 0 replies; 21+ messages in thread
From: dpdklab @ 2025-11-04 15:09 UTC (permalink / raw)
  To: Test Report; +Cc: dpdk-test-reports

Test-Label: iol-compile-arm64-testing
Test-Status: SUCCESS
http://dpdk.org/patch/158419

_Testing PASS_

Submitter: David Marchand <david.marchand@redhat.com>
Date: Tuesday, November 04 2025 10:02:14 
DPDK git baseline: Repo:dpdk
  Branch: master
  CommitID:8c4861d00aabcf54ef9d6f1df2a4cfb37c06f6c2

158419 --> testing pass

Upstream job id: Generic-DPDK-Compile-Meson#440568

Test environment and result as below:

+------------------------------+--------------------+
|         Environment          | dpdk_meson_compile |
+==============================+====================+
| Ubuntu 20.04                 | PASS               |
+------------------------------+--------------------+
| Ubuntu 24.04                 | PASS               |
+------------------------------+--------------------+
| Red Hat Enterprise Linux 9.5 | PASS               |
+------------------------------+--------------------+
| Fedora Linux 42              | PASS               |
+------------------------------+--------------------+
| CentOS Stream 10             | PASS               |
+------------------------------+--------------------+
| CentOS Stream 9              | PASS               |
+------------------------------+--------------------+
| Ubuntu 22.04                 | PASS               |
+------------------------------+--------------------+
| Debian GNU/Linux 12          | PASS               |
+------------------------------+--------------------+


Ubuntu 20.04
	Kernel: 5.15
	Compiler: aarch64-linux-gnu-gcc gcc (Ubuntu 9.4.0-1ubuntu1~20.04.2) 9.4.0

Ubuntu 24.04
	Kernel: 5.4
	Compiler: gcc gcc (Ubuntu 13.3.0-6ubuntu2~24.04) 13.3.0

Red Hat Enterprise Linux 9.5
	Kernel: 5.4
	Compiler: gcc gcc (GCC) 11.5.0 20240719 (Red Hat 11.5.0-2)

Fedora Linux 42
	Kernel: 5.4
	Compiler: clang gcc (GCC) 15.2.1 20250808 (Red Hat 15.2.1-1)

CentOS Stream 10
	Kernel: 5.4
	Compiler: gcc gcc (GCC) 14.2.1 20250110 (Red Hat 14.2.1-8)

CentOS Stream 9
	Kernel: 5.4
	Compiler: gcc gcc (GCC) 11.5.0 20240719 (Red Hat 11.5.0-11)

Ubuntu 22.04
	Kernel: 5.4
	Compiler: gcc gcc (Ubuntu 11.4.0-1ubuntu1~22.04) 11.4.0

Debian GNU/Linux 12
	Kernel: 5.4
	Compiler: gcc gcc (Debian 12.2.0-14+deb12u1) 12.2.0

To view detailed results, visit:
https://lab.dpdk.org/results/dashboard/patchsets/34456/

UNH-IOL DPDK Community Lab

To manage your email subscriptions, visit: 
https://lab.dpdk.org/results/dashboard/preferences/subscriptions/

^ permalink raw reply	[flat|nested] 21+ messages in thread

* |SUCCESS| pw158419 [PATCH] [v2] mbuf: dump Tx offload metadata
       [not found] <20251104100214.1818660-1-david.marchand@redhat.com>
                   ` (19 preceding siblings ...)
  2025-11-04 15:09 ` dpdklab
@ 2025-11-04 19:24 ` dpdklab
  20 siblings, 0 replies; 21+ messages in thread
From: dpdklab @ 2025-11-04 19:24 UTC (permalink / raw)
  To: Test Report; +Cc: dpdk-test-reports

Test-Label: iol-unit-arm64-testing
Test-Status: SUCCESS
http://dpdk.org/patch/158419

_Testing PASS_

Submitter: David Marchand <david.marchand@redhat.com>
Date: Tuesday, November 04 2025 10:02:14 
DPDK git baseline: Repo:dpdk
  Branch: master
  CommitID:8c4861d00aabcf54ef9d6f1df2a4cfb37c06f6c2

158419 --> testing pass

Upstream job id: Generic-Unit-Test-DPDK#388359

Test environment and result as below:

+------------------------------+----------------+---------------------------+--------------+------------------------------+
|         Environment          | dpdk_unit_test | cryptodev_sw_zuc_autotest | lpm_autotest | cryptodev_sw_snow3g_autotest |
+==============================+================+===========================+==============+==============================+
| Fedora Linux 41              | PASS           | SKIPPED                   | SKIPPED      | SKIPPED                      |
+------------------------------+----------------+---------------------------+--------------+------------------------------+
| Ubuntu 22.04                 | PASS           | SKIPPED                   | SKIPPED      | SKIPPED                      |
+------------------------------+----------------+---------------------------+--------------+------------------------------+
| CentOS Stream 9              | PASS           | SKIPPED                   | SKIPPED      | SKIPPED                      |
+------------------------------+----------------+---------------------------+--------------+------------------------------+
| CentOS Stream 10             | PASS           | SKIPPED                   | SKIPPED      | SKIPPED                      |
+------------------------------+----------------+---------------------------+--------------+------------------------------+
| Ubuntu 20.04                 | PASS           | SKIPPED                   | PASS         | SKIPPED                      |
+------------------------------+----------------+---------------------------+--------------+------------------------------+
| Ubuntu 24.04                 | PASS           | SKIPPED                   | SKIPPED      | SKIPPED                      |
+------------------------------+----------------+---------------------------+--------------+------------------------------+
| Fedora Linux 42              | PASS           | SKIPPED                   | SKIPPED      | SKIPPED                      |
+------------------------------+----------------+---------------------------+--------------+------------------------------+
| Fedora Linux 40              | PASS           | SKIPPED                   | SKIPPED      | SKIPPED                      |
+------------------------------+----------------+---------------------------+--------------+------------------------------+
| Debian GNU/Linux 12          | PASS           | SKIPPED                   | SKIPPED      | SKIPPED                      |
+------------------------------+----------------+---------------------------+--------------+------------------------------+
| Red Hat Enterprise Linux 9.5 | PASS           | SKIPPED                   | SKIPPED      | SKIPPED                      |
+------------------------------+----------------+---------------------------+--------------+------------------------------+
| Debian 12 (arm)              | SKIPPED        | PASS                      | SKIPPED      | PASS                         |
+------------------------------+----------------+---------------------------+--------------+------------------------------+


Fedora Linux 41
	Kernel: 5.4
	Compiler: gcc gcc (GCC) 14.3.1 20250523 (Red Hat 14.3.1-1)

Ubuntu 22.04
	Kernel: 5.15
	Compiler: gcc gcc (Ubuntu 11.4.0-1ubuntu1~22.04.2) 11.4.0

CentOS Stream 9
	Kernel: 5.4
	Compiler: gcc gcc (GCC) 11.5.0 20240719 (Red Hat 11.5.0-11)

CentOS Stream 10
	Kernel: 5.4
	Compiler: gcc gcc (GCC) 14.2.1 20250110 (Red Hat 14.2.1-8)

Ubuntu 20.04
	Kernel: 5.4
	Compiler: gcc gcc (Ubuntu 9.4.0-1ubuntu1~20.04.2) 9.4.0

Ubuntu 24.04
	Kernel: 5.4
	Compiler: gcc gcc (Ubuntu 13.3.0-6ubuntu2~24.04) 13.3.0

Fedora Linux 42
	Kernel: 5.4
	Compiler: gcc gcc (GCC) 15.2.1 20250808 (Red Hat 15.2.1-1)

Fedora Linux 40
	Kernel: 5.4
	Compiler: clang gcc (GCC) 14.2.1 20240912 (Red Hat 14.2.1-3)

Debian GNU/Linux 12
	Kernel: 5.4
	Compiler: gcc gcc (Debian 12.2.0-14+deb12u1) 12.2.0

Red Hat Enterprise Linux 9.5
	Kernel: 5.4
	Compiler: gcc gcc (GCC) 11.5.0 20240719 (Red Hat 11.5.0-2)

Debian 12 (arm)
	Kernel: Depends on container host
	Compiler: gcc (Debian 12.2.0-14) 12.2.0

To view detailed results, visit:
https://lab.dpdk.org/results/dashboard/patchsets/34456/

UNH-IOL DPDK Community Lab

To manage your email subscriptions, visit: 
https://lab.dpdk.org/results/dashboard/preferences/subscriptions/

^ permalink raw reply	[flat|nested] 21+ messages in thread

end of thread, other threads:[~2025-11-04 19:24 UTC | newest]

Thread overview: 21+ messages (download: mbox.gz / follow: Atom feed)
-- links below jump to the message on this page --
     [not found] <20251104100214.1818660-1-david.marchand@redhat.com>
2025-11-04  9:27 ` |SUCCESS| pw158419 [PATCH v2] mbuf: dump Tx offload metadata qemudev
2025-11-04  9:32 ` qemudev
2025-11-04 10:02 ` checkpatch
2025-11-04 10:44 ` |PENDING| pw158419 [PATCH] [v2] " dpdklab
2025-11-04 10:45 ` dpdklab
2025-11-04 10:46 ` |SUCCESS| " dpdklab
2025-11-04 10:49 ` dpdklab
2025-11-04 10:52 ` dpdklab
2025-11-04 11:07 ` |FAILURE| " dpdklab
2025-11-04 11:19 ` |SUCCESS| " dpdklab
2025-11-04 11:21 ` |FAILURE| " dpdklab
2025-11-04 11:25 ` |FAILURE| pw158419 [PATCH v2] " 0-day Robot
2025-11-04 11:53 ` |FAILURE| pw158419 [PATCH] [v2] " dpdklab
2025-11-04 11:58 ` |SUCCESS| " dpdklab
2025-11-04 12:27 ` |FAILURE| " dpdklab
2025-11-04 12:34 ` |SUCCESS| " dpdklab
2025-11-04 12:39 ` dpdklab
2025-11-04 13:01 ` dpdklab
2025-11-04 13:08 ` dpdklab
2025-11-04 15:09 ` dpdklab
2025-11-04 19:24 ` dpdklab

This is a public inbox, see mirroring instructions
for how to clone and mirror all data and code used for this inbox;
as well as URLs for NNTP newsgroup(s).