From mboxrd@z Thu Jan 1 00:00:00 1970 Return-Path: Received: from mails.dpdk.org (mails.dpdk.org [217.70.189.124]) by inbox.dpdk.org (Postfix) with ESMTP id 4B13C48AA3 for ; Tue, 4 Nov 2025 12:07:49 +0100 (CET) Received: from mails.dpdk.org (localhost [127.0.0.1]) by mails.dpdk.org (Postfix) with ESMTP id 4183E40285; Tue, 4 Nov 2025 12:07:49 +0100 (CET) Received: from mail-il1-f227.google.com (mail-il1-f227.google.com [209.85.166.227]) by mails.dpdk.org (Postfix) with ESMTP id 1B48A40285 for ; Tue, 4 Nov 2025 12:07:48 +0100 (CET) Received: by mail-il1-f227.google.com with SMTP id e9e14a558f8ab-43326c74911so11157775ab.2 for ; Tue, 04 Nov 2025 03:07:48 -0800 (PST) DKIM-Signature: v=1; a=rsa-sha256; c=relaxed/relaxed; d=iol.unh.edu; s=unh-iol; t=1762254467; x=1762859267; darn=dpdk.org; h=references:in-reply-to:cc:to:from:subject:message-id:date:from:to :cc:subject:date:message-id:reply-to; bh=Nqw8d2PIfpcTdRMjy3C9yn8wsN69SYFe7L5aZ9Z3gxY=; b=L7GKNwK+ig14U7WoHwLnfxnhzyhyJ1JGgyjO3XbUAm3ZTM/S1BuAlngJmwgBsej7y/ VuL5K0r8yWW0tC9fKbWWAoWWpdqqMqmpxVlajaptyrx01tLGJ/KhF9zRSRYwCadv9XXS HzuROe+kYa3gyOt5T0v8WmW6Xflthr2vH/k0A= X-Google-DKIM-Signature: v=1; a=rsa-sha256; c=relaxed/relaxed; d=1e100.net; s=20230601; t=1762254467; x=1762859267; h=references:in-reply-to:cc:to:from:subject:message-id:date :x-gm-message-state:from:to:cc:subject:date:message-id:reply-to; bh=Nqw8d2PIfpcTdRMjy3C9yn8wsN69SYFe7L5aZ9Z3gxY=; b=gB3U1cZDWo9vyxTdYo3enxkxMoJhiKH9gqZVOfSlE6wnSsran6ef/+eIRr1fq3lwqC g43L3pmhmjIK5kyyW9C3TdwewdAe8TMoiR5LhJrAkvHLJ5likyC9e6nEhQ3kKG6hrzaS BpFXFmmr79C6+TILGP90ApYjuWci2kl80RXLzz4Jm8OcMZUqewBe7XBAy1WXbZ8zoIAk TbbeSbZiL9DzGy7ZKWv4CAD7VAgmeDWFCNkKxH/aylZhhj31prRORiAm5QsWJ/S0TD96 DwXYZ5OoFA7pbfCOoUWAlFfcVEBBPq9CEqpKZhDe9Nu2Rm7ChaiG/SC/Ij0TrgI+/Wny oSNg== X-Gm-Message-State: AOJu0YzruEz/Xciyk1ufqUUYoJzKLxITAl5/v1y4eAKvNrb83FHsXPGJ NEDpjam5ChG4/TZJAzlxQfYlW78pvcQWgvJUppcYWepcDrFtEwdxXmkjE+dfN3UxAyf4f7Z6NwP kYQoMk/zDm4ll7oH8fkwOL1xUEvQBQ2EDJ6FwiAbAOZWFu0gEGzbyb8+Y6Gnz X-Gm-Gg: ASbGnctitD92BnhYB28Gcvn8xxaoP46i22QH9WgvkiStxdjezy2VUOTz5qv3GpXzVaq KAS5i3RcWHrYSqqbA29JteO/1bx1d2YkACe0pDkxKYwIcR6ooPn3T8C9/I66/8KICJkFYvpsGBd GaM3Dje0tdh08mc2t9In8Lll4/jLUKYFyjOW8GXkvhnU4sNt87nCWLAKBgdZVZRTL7//+LDjL/W wHUt8AQDTGsdMAFJgTy6ki1NCl1lyemoHifW/UkWHBlO3BK70jlyFu8E89edpuwI2+QrqqXEGYu a11xSs3kMr8ENKJXBCbmXjHwJrzj4GwnVZTIP7vPF6STyGv8PTkhfQrN/mgvfM6OfePhJ7v5JMi RxAHNX3ZO X-Google-Smtp-Source: AGHT+IFwgaEArl0q37fUuqRcKTcH8mRe9U+P0RTQhXSFTmnWhH0i0cbQjF4Ol38yOMduxmDppw5lMM8XsDvq X-Received: by 2002:a05:6e02:174d:b0:433:2812:8067 with SMTP id e9e14a558f8ab-4332812812dmr100295885ab.27.1762254467396; Tue, 04 Nov 2025 03:07:47 -0800 (PST) Received: from postal.iol.unh.edu (postal.iol.unh.edu. [2606:4100:3880:1234::84]) by smtp-relay.gmail.com with ESMTPS id e9e14a558f8ab-43335b5ac86sm2527465ab.34.2025.11.04.03.07.47 (version=TLS1_2 cipher=ECDHE-ECDSA-AES128-GCM-SHA256 bits=128/128); Tue, 04 Nov 2025 03:07:47 -0800 (PST) X-Relaying-Domain: iol.unh.edu Date: Tue, 04 Nov 2025 03:07:47 -0800 (PST) Message-ID: <6909de83.050a0220.8c84e.e564SMTPIN_ADDED_MISSING@mx.google.com> Received: from [172.21.0.2] (unknown [172.18.0.240]) by postal.iol.unh.edu (Postfix) with ESMTP id D44496051830; Tue, 4 Nov 2025 06:07:46 -0500 (EST) Subject: |FAILURE| pw158419 [PATCH] [v2] mbuf: dump Tx offload metadata From: dpdklab@iol.unh.edu To: Test Report Cc: dpdk-test-reports@iol.unh.edu, David Marchand In-Reply-To: <20251104100214.1818660-1-david.marchand@redhat.com> References: <20251104100214.1818660-1-david.marchand@redhat.com> Content-Type: text/plain X-BeenThere: test-report@dpdk.org X-Mailman-Version: 2.1.29 Precedence: list List-Id: automatic DPDK test reports List-Unsubscribe: , List-Archive: List-Post: List-Help: List-Subscribe: , Errors-To: test-report-bounces@dpdk.org Test-Label: iol-compile-amd64-testing Test-Status: FAILURE http://dpdk.org/patch/158419 _Testing issues_ Submitter: David Marchand Date: Tuesday, November 04 2025 10:02:14 DPDK git baseline: Repo:dpdk Branch: master CommitID:8c4861d00aabcf54ef9d6f1df2a4cfb37c06f6c2 158419 --> testing issues Upstream job id: Windows-Compile-DPDK-VS#7414 Test environment and result as below: +-------------------------------+--------------------+------------------+-------------------+ | Environment | dpdk_meson_compile | dpdk_compile_ovs | dpdk_msvc_compile | +===============================+====================+==================+===================+ | FreeBSD 14.2 | PASS | SKIPPED | SKIPPED | +-------------------------------+--------------------+------------------+-------------------+ | Ubuntu 20.04 | PASS | SKIPPED | SKIPPED | +-------------------------------+--------------------+------------------+-------------------+ | CentOS Stream 10 | PASS | SKIPPED | SKIPPED | +-------------------------------+--------------------+------------------+-------------------+ | openSUSE Leap 15.6 | PASS | SKIPPED | SKIPPED | +-------------------------------+--------------------+------------------+-------------------+ | Fedora Linux 42 | PASS | PASS | SKIPPED | +-------------------------------+--------------------+------------------+-------------------+ | Ubuntu 22.04 | PEND | SKIPPED | SKIPPED | +-------------------------------+--------------------+------------------+-------------------+ | Red Hat Enterprise Linux 9.5 | PEND | SKIPPED | SKIPPED | +-------------------------------+--------------------+------------------+-------------------+ | Debian GNU/Linux 12 | PASS | SKIPPED | SKIPPED | +-------------------------------+--------------------+------------------+-------------------+ | Red Hat Enterprise Linux 8.10 | PASS | SKIPPED | SKIPPED | +-------------------------------+--------------------+------------------+-------------------+ | Ubuntu 24.04 | PASS | PASS | SKIPPED | +-------------------------------+--------------------+------------------+-------------------+ | CentOS Stream 9 | PASS | SKIPPED | SKIPPED | +-------------------------------+--------------------+------------------+-------------------+ | Alpine Linux 3.22.0 | PASS | SKIPPED | SKIPPED | +-------------------------------+--------------------+------------------+-------------------+ | Windows Server 2022 | SKIPPED | SKIPPED | FAIL | +-------------------------------+--------------------+------------------+-------------------+ ==== 20 line log output for Windows Server 2022 (dpdk_msvc_compile): ==== ../lib/mbuf/rte_mbuf.c(776): note: consider using '%Iu' in the format string ../lib/mbuf/rte_mbuf.c(776): note: consider using '%I64u' in the format string ../lib/mbuf/rte_mbuf.c(780): warning C4477: 'fprintf' : format string '%u' requires an argument of type 'unsigned int', but variadic argument 2 has type 'const uint64_t' ../lib/mbuf/rte_mbuf.c(780): note: consider using '%llu' in the format string ../lib/mbuf/rte_mbuf.c(780): note: consider using '%Iu' in the format string ../lib/mbuf/rte_mbuf.c(780): note: consider using '%I64u' in the format string [343/877] Compiling C object lib/librte_mbuf.a.p/mbuf_rte_mbuf_dyn.c.obj [344/877] Linking static target drivers/librte_net_iavf.a [345/877] Compiling C object lib/librte_net.a.p/net_net_crc_sse.c.obj [346/877] Linking target lib/rte_eal-26.dll Creating library lib\rte_eal.lib and object lib\rte_eal.exp [347/877] Compiling C object lib/librte_net.a.p/net_rte_net_crc.c.obj [348/877] Compiling C object lib/librte_net.a.p/net_rte_ether.c.obj [349/877] Compiling C object lib/librte_net.a.p/net_rte_net.c.obj [350/877] Compiling C object lib/librte_net.a.p/net_rte_arp.c.obj [351/877] Compiling C object drivers/librte_net_iavf_base_lib.a.p/net_intel_ice_base_ice_fdir.c.obj ninja: build stopped: subcommand failed. INFO: autodetecting backend as ninja INFO: calculating backend command to run: "C:\Program Files\Meson\ninja.EXE" -C C:/Users/builder/jenkins/workspace/Windows-Compile-DPDK-VS/dpdk/build ==== End log output ==== FreeBSD 14.2 Kernel: 14.2-RELEASE Compiler: clang 18.1.6 Ubuntu 20.04 Kernel: 4.19 Compiler: gcc gcc (Ubuntu 9.4.0-1ubuntu1~20.04.2) 9.4.0 CentOS Stream 10 Kernel: 5.15 Compiler: gcc gcc (GCC) 14.2.1 20250110 (Red Hat 14.2.1-8) openSUSE Leap 15.6 Kernel: 5.15 Compiler: gcc gcc (SUSE Linux) 7.5.0 Fedora Linux 42 Kernel: 5.15 Compiler: clang gcc (GCC) 15.2.1 20250808 (Red Hat 15.2.1-1) Ubuntu 22.04 Kernel: 5.15 Compiler: gcc gcc (Ubuntu 11.4.0-1ubuntu1~22.04) 11.4.0 Red Hat Enterprise Linux 9.5 Kernel: 5.15 Compiler: gcc gcc (GCC) 11.5.0 20240719 (Red Hat 11.5.0-2) Debian GNU/Linux 12 Kernel: 5.15 Compiler: gcc gcc (Debian 12.2.0-14+deb12u1) 12.2.0 Red Hat Enterprise Linux 8.10 Kernel: 5.15 Compiler: gcc gcc (GCC) 8.5.0 20210514 (Red Hat 8.5.0-22) Ubuntu 24.04 Kernel: 5.15 Compiler: gcc gcc (Ubuntu 13.3.0-6ubuntu2~24.04) 13.3.0 CentOS Stream 9 Kernel: 5.15 Compiler: gcc gcc (GCC) 11.5.0 20240719 (Red Hat 11.5.0-11) Alpine Linux 3.22.0 Kernel: 5.15 Compiler: gcc gcc (Alpine 14.2.0) 14.2.0 Windows Server 2022 Kernel: 10.0.20348.2031 Compiler: clang 15.0.7, gcc 14.1.0 (MinGW), and MSVC VS 19.39.33521 To view detailed results, visit: https://lab.dpdk.org/results/dashboard/patchsets/34456/ UNH-IOL DPDK Community Lab To manage your email subscriptions, visit: https://lab.dpdk.org/results/dashboard/preferences/subscriptions/