From mboxrd@z Thu Jan 1 00:00:00 1970 Return-Path: Received: from mails.dpdk.org (mails.dpdk.org [217.70.189.124]) by inbox.dpdk.org (Postfix) with ESMTP id C964348AA5 for ; Tue, 4 Nov 2025 12:21:47 +0100 (CET) Received: from mails.dpdk.org (localhost [127.0.0.1]) by mails.dpdk.org (Postfix) with ESMTP id C4F0D40285; Tue, 4 Nov 2025 12:21:47 +0100 (CET) Received: from mail-pl1-f228.google.com (mail-pl1-f228.google.com [209.85.214.228]) by mails.dpdk.org (Postfix) with ESMTP id 9DDC640285 for ; Tue, 4 Nov 2025 12:21:46 +0100 (CET) Received: by mail-pl1-f228.google.com with SMTP id d9443c01a7336-295548467c7so28838275ad.2 for ; Tue, 04 Nov 2025 03:21:46 -0800 (PST) DKIM-Signature: v=1; a=rsa-sha256; c=relaxed/relaxed; d=iol.unh.edu; s=unh-iol; t=1762255306; x=1762860106; darn=dpdk.org; h=references:in-reply-to:cc:to:from:subject:message-id:date:from:to :cc:subject:date:message-id:reply-to; bh=dRTUupPpLFklF3O9QiBaFR+Q9aKDY/E2ql4/nkPLf6o=; b=cPKSnCmo6DKsihi3A74he34IuEn++zqKYHmGP6CV2rwt/7yrnRQ4ezNXcmvVjg5AMG lWpNdQ5w+X1KxabkyMSKpdsi7uShacjB6pIgSYgRRo6IsKP+e8paAx908OSyq+jyMWZ8 /ytjo7/GBGUj6sKS7i1F/WZthomPwDD6jC7Uw= X-Google-DKIM-Signature: v=1; a=rsa-sha256; c=relaxed/relaxed; d=1e100.net; s=20230601; t=1762255306; x=1762860106; h=references:in-reply-to:cc:to:from:subject:message-id:date :x-gm-message-state:from:to:cc:subject:date:message-id:reply-to; bh=dRTUupPpLFklF3O9QiBaFR+Q9aKDY/E2ql4/nkPLf6o=; b=gkA2rH0GxQTuZb2S9en1yYdX52i3DKawTTIFUsXxIqhnah2mmGHqwZe1pDPHWRUDxv MVmDOQxBv8/ex1YbuL2BgE5wPkGXLfqLG4Q9Fwg2Hun8bZeAWF3ZYIeOmDPUqcrj7IBG rEoZI/ZMQD58IM0py64uIVY5dOLtqaVnZAvPx2LYpRhG8VXZZ635qknNyPZAwo2MyVMd IZn22LubSS1ZSMnpA4TyVrFGe5htuoVT02r22dY4sgMKFG0xNs6w6cxL+UP9679h2nvW 5V//I0CzE+oPfRo+XU1fHC696lqTL+sZZFV2pLVSffk01asJJzHSXGdD0Ow61AYje9ru ckNg== X-Gm-Message-State: AOJu0YxNOwcwA88KhAOLhTMbxwmgnnCNRKPX5aSSJ26dcfoF54mRd2FM rWJDaZlWc/Numq/yeCbvs8w6fqutYY7L89Zj/yuSLmO4pWxgv5vwg7U5QEMgmph6vJhvrdvOGKd HTWEOWi02M7jrVN8svUovFZDN6a3u8w8d66gkz37ZC5Qa2XS00LceK46fKtqv X-Gm-Gg: ASbGncvPN2wap6zyPrgeJwaqRSOyng8YIaeBFrLND5UCy8Dsda4IDwIJ3Qz+Gegbg9+ yKoNrggpYNst66gckCVxpilqq6kqWhFjxDMi6fA28aAFydawCmV2u8NRuh4vznVrs2n/9mjWFCC QAskLcGesMMolWOHwNZpqX5pI86x8DcQ7djpQDLByxOhYMqHhzb4kybPGE/oTBdtyK9Dj8DhSL4 JZWqZu/QERgtuBjlND+0G/S9qU6aaqjur6pRsQcpHGkifgio2wFL5sY08dTwlxsL+JgOs4NiPI6 tYYOB9xjNUx9wOVRaKprgzwxHBrLqBxWSEPIQmNmOU7+8sbZ6Qdw8saWaS6oRLUPVtEmL82wm3m bAG7/6XDZ X-Google-Smtp-Source: AGHT+IGV1f3A7F/ZHZHq8aQjrieP24trLwk93nPY4Lohsm1iF9Rdu8WS3Qasyh0cVtPIrjUqn89fvSog5hmS X-Received: by 2002:a17:902:ea0e:b0:269:a23e:9fd7 with SMTP id d9443c01a7336-2951a3c0348mr208405945ad.26.1762255305768; Tue, 04 Nov 2025 03:21:45 -0800 (PST) Received: from postal.iol.unh.edu (postal.iol.unh.edu. [2606:4100:3880:1234::84]) by smtp-relay.gmail.com with ESMTPS id d9443c01a7336-29601a3ebabsm2099415ad.52.2025.11.04.03.21.45 (version=TLS1_2 cipher=ECDHE-ECDSA-AES128-GCM-SHA256 bits=128/128); Tue, 04 Nov 2025 03:21:45 -0800 (PST) X-Relaying-Domain: iol.unh.edu Date: Tue, 04 Nov 2025 03:21:45 -0800 (PST) Message-ID: <6909e1c9.170a0220.2cdf50.b99dSMTPIN_ADDED_MISSING@mx.google.com> Received: from [172.21.0.2] (unknown [172.18.0.240]) by postal.iol.unh.edu (Postfix) with ESMTP id 1ECD36051830; Tue, 4 Nov 2025 06:21:45 -0500 (EST) Subject: |FAILURE| pw158419 [PATCH] [v2] mbuf: dump Tx offload metadata From: dpdklab@iol.unh.edu To: Test Report Cc: dpdk-test-reports@iol.unh.edu, David Marchand In-Reply-To: <20251104100214.1818660-1-david.marchand@redhat.com> References: <20251104100214.1818660-1-david.marchand@redhat.com> Content-Type: text/plain X-BeenThere: test-report@dpdk.org X-Mailman-Version: 2.1.29 Precedence: list List-Id: automatic DPDK test reports List-Unsubscribe: , List-Archive: List-Post: List-Help: List-Subscribe: , Errors-To: test-report-bounces@dpdk.org Test-Label: iol-compile-amd64-testing Test-Status: FAILURE http://dpdk.org/patch/158419 _Testing issues_ Submitter: David Marchand Date: Tuesday, November 04 2025 10:02:14 DPDK git baseline: Repo:dpdk Branch: master CommitID:8c4861d00aabcf54ef9d6f1df2a4cfb37c06f6c2 158419 --> testing issues Upstream job id: Generic-DPDK-Compile-Meson#440553 Test environment and result as below: +-------------------------------+--------------------+------------------+-------------------+ | Environment | dpdk_meson_compile | dpdk_compile_ovs | dpdk_msvc_compile | +===============================+====================+==================+===================+ | FreeBSD 14.2 | PASS | SKIPPED | SKIPPED | +-------------------------------+--------------------+------------------+-------------------+ | Ubuntu 20.04 | PASS | SKIPPED | SKIPPED | +-------------------------------+--------------------+------------------+-------------------+ | CentOS Stream 10 | PASS | SKIPPED | SKIPPED | +-------------------------------+--------------------+------------------+-------------------+ | openSUSE Leap 15.6 | PASS | SKIPPED | SKIPPED | +-------------------------------+--------------------+------------------+-------------------+ | Fedora Linux 42 | PASS | PASS | SKIPPED | +-------------------------------+--------------------+------------------+-------------------+ | Ubuntu 22.04 | PASS | SKIPPED | SKIPPED | +-------------------------------+--------------------+------------------+-------------------+ | Red Hat Enterprise Linux 9.5 | PASS | SKIPPED | SKIPPED | +-------------------------------+--------------------+------------------+-------------------+ | Debian GNU/Linux 12 | PASS | SKIPPED | SKIPPED | +-------------------------------+--------------------+------------------+-------------------+ | Red Hat Enterprise Linux 8.10 | PASS | SKIPPED | SKIPPED | +-------------------------------+--------------------+------------------+-------------------+ | Ubuntu 24.04 | PASS | PASS | SKIPPED | +-------------------------------+--------------------+------------------+-------------------+ | CentOS Stream 9 | PASS | SKIPPED | SKIPPED | +-------------------------------+--------------------+------------------+-------------------+ | Alpine Linux 3.22.0 | PASS | SKIPPED | SKIPPED | +-------------------------------+--------------------+------------------+-------------------+ | Windows Server 2022 | SKIPPED | SKIPPED | FAIL | +-------------------------------+--------------------+------------------+-------------------+ ==== 20 line log output for Windows Server 2022 (dpdk_msvc_compile): ==== ../lib/mbuf/rte_mbuf.c(776): note: consider using '%Iu' in the format string ../lib/mbuf/rte_mbuf.c(776): note: consider using '%I64u' in the format string ../lib/mbuf/rte_mbuf.c(780): warning C4477: 'fprintf' : format string '%u' requires an argument of type 'unsigned int', but variadic argument 2 has type 'const uint64_t' ../lib/mbuf/rte_mbuf.c(780): note: consider using '%llu' in the format string ../lib/mbuf/rte_mbuf.c(780): note: consider using '%Iu' in the format string ../lib/mbuf/rte_mbuf.c(780): note: consider using '%I64u' in the format string [343/877] Compiling C object lib/librte_mbuf.a.p/mbuf_rte_mbuf_dyn.c.obj [344/877] Linking static target drivers/librte_net_iavf.a [345/877] Compiling C object lib/librte_net.a.p/net_net_crc_sse.c.obj [346/877] Linking target lib/rte_eal-26.dll Creating library lib\rte_eal.lib and object lib\rte_eal.exp [347/877] Compiling C object lib/librte_net.a.p/net_rte_net_crc.c.obj [348/877] Compiling C object lib/librte_net.a.p/net_rte_ether.c.obj [349/877] Compiling C object lib/librte_net.a.p/net_rte_net.c.obj [350/877] Compiling C object lib/librte_net.a.p/net_rte_arp.c.obj [351/877] Compiling C object drivers/librte_net_iavf_base_lib.a.p/net_intel_ice_base_ice_fdir.c.obj ninja: build stopped: subcommand failed. INFO: autodetecting backend as ninja INFO: calculating backend command to run: "C:\Program Files\Meson\ninja.EXE" -C C:/Users/builder/jenkins/workspace/Windows-Compile-DPDK-VS/dpdk/build ==== End log output ==== FreeBSD 14.2 Kernel: 14.2-RELEASE Compiler: clang 18.1.6 Ubuntu 20.04 Kernel: 4.19 Compiler: gcc gcc (Ubuntu 9.4.0-1ubuntu1~20.04.2) 9.4.0 CentOS Stream 10 Kernel: 5.15 Compiler: gcc gcc (GCC) 14.2.1 20250110 (Red Hat 14.2.1-8) openSUSE Leap 15.6 Kernel: 5.15 Compiler: gcc gcc (SUSE Linux) 7.5.0 Fedora Linux 42 Kernel: 5.15 Compiler: clang gcc (GCC) 15.2.1 20250808 (Red Hat 15.2.1-1) Ubuntu 22.04 Kernel: 5.15 Compiler: gcc gcc (Ubuntu 11.4.0-1ubuntu1~22.04) 11.4.0 Red Hat Enterprise Linux 9.5 Kernel: 5.15 Compiler: gcc gcc (GCC) 11.5.0 20240719 (Red Hat 11.5.0-2) Debian GNU/Linux 12 Kernel: 5.15 Compiler: gcc gcc (Debian 12.2.0-14+deb12u1) 12.2.0 Red Hat Enterprise Linux 8.10 Kernel: 5.15 Compiler: gcc gcc (GCC) 8.5.0 20210514 (Red Hat 8.5.0-22) Ubuntu 24.04 Kernel: 5.15 Compiler: gcc gcc (Ubuntu 13.3.0-6ubuntu2~24.04) 13.3.0 CentOS Stream 9 Kernel: 5.15 Compiler: gcc gcc (GCC) 11.5.0 20240719 (Red Hat 11.5.0-11) Alpine Linux 3.22.0 Kernel: 5.15 Compiler: gcc gcc (Alpine 14.2.0) 14.2.0 Windows Server 2022 Kernel: 10.0.20348.2031 Compiler: clang 15.0.7, gcc 14.1.0 (MinGW), and MSVC VS 19.39.33521 To view detailed results, visit: https://lab.dpdk.org/results/dashboard/patchsets/34456/ UNH-IOL DPDK Community Lab To manage your email subscriptions, visit: https://lab.dpdk.org/results/dashboard/preferences/subscriptions/