From mboxrd@z Thu Jan 1 00:00:00 1970 Return-Path: Received: from mails.dpdk.org (mails.dpdk.org [217.70.189.124]) by inbox.dpdk.org (Postfix) with ESMTP id D491448AA7 for ; Tue, 4 Nov 2025 13:27:09 +0100 (CET) Received: from mails.dpdk.org (localhost [127.0.0.1]) by mails.dpdk.org (Postfix) with ESMTP id B35DA40285; Tue, 4 Nov 2025 13:27:09 +0100 (CET) Received: from mail-pf1-f226.google.com (mail-pf1-f226.google.com [209.85.210.226]) by mails.dpdk.org (Postfix) with ESMTP id D46CE40285 for ; Tue, 4 Nov 2025 13:27:08 +0100 (CET) Received: by mail-pf1-f226.google.com with SMTP id d2e1a72fcca58-781206cce18so5830070b3a.0 for ; Tue, 04 Nov 2025 04:27:08 -0800 (PST) DKIM-Signature: v=1; a=rsa-sha256; c=relaxed/relaxed; d=iol.unh.edu; s=unh-iol; t=1762259228; x=1762864028; darn=dpdk.org; h=references:in-reply-to:cc:to:from:subject:message-id:date:from:to :cc:subject:date:message-id:reply-to; bh=VdeJSuLP3JBCIxz3XAdghBmdCB3QWaGEI/FSlwcO9x0=; b=ddMkwGYmDW0UfE8bSQNiZDeQBoHuAMZLiE2T8v6Fg8emuBgPXOHGMfTcAPpIinqNGY FUE2GeQYms945ZDy7yM7f4G7bZYhE3N66RPDwqsoVmnJO7e0Kwq/utHeAmCSdSdVN/JU u5ZfmlSB282FGv3bX31JPduZgrYXUOgwKG6qA= X-Google-DKIM-Signature: v=1; a=rsa-sha256; c=relaxed/relaxed; d=1e100.net; s=20230601; t=1762259228; x=1762864028; h=references:in-reply-to:cc:to:from:subject:message-id:date :x-gm-message-state:from:to:cc:subject:date:message-id:reply-to; bh=VdeJSuLP3JBCIxz3XAdghBmdCB3QWaGEI/FSlwcO9x0=; b=VSXZmRB4+6UmxuudnZN6mELN0y6mXmPhuOzqzd66wc/TQIRTWL7BIZQG+UQCLH6wJ3 BjJzsI/nrE+gLymeqVRaM4cw8dTTZAYEqDMkAkB1C+qSOE/v5XesbhEgG5ICu5jOddYR 64yokZFU+EVwhDpErQ9OmyIlx89SoYSsy7u8oZfrnbQkeRdFUPM7RuGurfDuEgG3qR7M bsSxavUrxsEdhj+zm2TQGUOYBm+DVAnT2fNyRjqzdwBAGrMOWV0fwhfBfRoT4666M52V spgZ0jf6EOB8kqRG2ppo5nt+v8iUmtPLIL6hn2lQzSPnRX37g+WmmeV+FM9kMj/tKaMO 8OCw== X-Gm-Message-State: AOJu0Yw/3e2u5ghIgFWqMMZrWUD8Rktcv80kfW7HRLvO3iQnGW94JyT8 WX8Iuah27KTjBLNV67ZHIgtZ2Hq9OH8I8MnAV3+K9OeYIKto2HWIlDI12bxh/YJnffhvWqKqbjk 76egrDq+xsyri6qeidpkUlHyhTOyd+dxq51l9nwhSO9xe X-Gm-Gg: ASbGncteXQlVvpPksX13N46h6v3hq6yRykf5scz8Os61BVucezrh8S/r1Flu6my5UNl 7cLL6qyXLf90E9NEyUGIW0bUBpsCOGJqL6F8JcDZs1WRQdO2dqrRzIV3tKLZMgOofMAgVfhhtY5 xOD6G5pGi8FDluyKmtJI8VoAPBVitO21t+mF1XbpiDkxmM6AswwP/5IkYQwwWyetsAZWmcqWyDh dDSmoxywjS7zsnLx8+gL9XLRR+PpbyxSyj1S4ruO09vWDmmLTi3WIvKffExkjcYxMAYtjtrY//0 T5IcSioe9Kwa+ScViSCB0NNgok50qXwMa5CQGC/bRE1vlxlHnBZ00w0gDsUS49NKgq/d3dQM3T1 3LYvcZNj9gYLDKka80cJdj+x60gMhr20= X-Google-Smtp-Source: AGHT+IHaMLpuUhGrkfbXtagBVx3i30YO2LTQsCG6RalxINpkn9wmIVMMIy94U7Co7v//xWjRmR3ZIkqIxiTI X-Received: by 2002:a05:6a00:1d9b:b0:783:44b9:cbc9 with SMTP id d2e1a72fcca58-7acc084f127mr3705685b3a.9.1762259227695; Tue, 04 Nov 2025 04:27:07 -0800 (PST) Received: from postal.iol.unh.edu (postal.iol.unh.edu. [132.177.123.84]) by smtp-relay.gmail.com with ESMTPS id d2e1a72fcca58-7acd2f60e5dsm184913b3a.4.2025.11.04.04.27.07 (version=TLS1_2 cipher=ECDHE-ECDSA-AES128-GCM-SHA256 bits=128/128); Tue, 04 Nov 2025 04:27:07 -0800 (PST) X-Relaying-Domain: iol.unh.edu Date: Tue, 04 Nov 2025 04:27:07 -0800 (PST) Message-ID: <6909f11b.050a0220.36bdc.a5bfSMTPIN_ADDED_MISSING@mx.google.com> Received: from [172.21.0.2] (unknown [172.18.0.240]) by postal.iol.unh.edu (Postfix) with ESMTP id C091E60003E8; Tue, 4 Nov 2025 07:27:06 -0500 (EST) Subject: |FAILURE| pw158419 [PATCH] [v2] mbuf: dump Tx offload metadata From: dpdklab@iol.unh.edu To: Test Report Cc: dpdk-test-reports@iol.unh.edu, David Marchand In-Reply-To: <20251104100214.1818660-1-david.marchand@redhat.com> References: <20251104100214.1818660-1-david.marchand@redhat.com> Content-Type: text/plain X-BeenThere: test-report@dpdk.org X-Mailman-Version: 2.1.29 Precedence: list List-Id: automatic DPDK test reports List-Unsubscribe: , List-Archive: List-Post: List-Help: List-Subscribe: , Errors-To: test-report-bounces@dpdk.org Test-Label: iol-compile-amd64-testing Test-Status: FAILURE http://dpdk.org/patch/158419 _Testing issues_ Submitter: David Marchand Date: Tuesday, November 04 2025 10:02:14 DPDK git baseline: Repo:dpdk Branch: master CommitID:8c4861d00aabcf54ef9d6f1df2a4cfb37c06f6c2 158419 --> testing issues Upstream job id: Windows-Compile-DPDK-Native#32102 Test environment and result as below: +-------------------------------+--------------------+------------------+-------------------+-------------------------+----------------------+ | Environment | dpdk_meson_compile | dpdk_compile_ovs | dpdk_msvc_compile | dpdk_llvm_clang_compile | dpdk_mingw64_compile | +===============================+====================+==================+===================+=========================+======================+ | FreeBSD 14.2 | PASS | SKIPPED | SKIPPED | SKIPPED | SKIPPED | +-------------------------------+--------------------+------------------+-------------------+-------------------------+----------------------+ | Ubuntu 20.04 | PASS | SKIPPED | SKIPPED | SKIPPED | SKIPPED | +-------------------------------+--------------------+------------------+-------------------+-------------------------+----------------------+ | CentOS Stream 10 | PASS | SKIPPED | SKIPPED | SKIPPED | SKIPPED | +-------------------------------+--------------------+------------------+-------------------+-------------------------+----------------------+ | openSUSE Leap 15.6 | PASS | SKIPPED | SKIPPED | SKIPPED | SKIPPED | +-------------------------------+--------------------+------------------+-------------------+-------------------------+----------------------+ | Fedora Linux 42 | PASS | PASS | SKIPPED | SKIPPED | SKIPPED | +-------------------------------+--------------------+------------------+-------------------+-------------------------+----------------------+ | Ubuntu 22.04 | PASS | SKIPPED | SKIPPED | SKIPPED | SKIPPED | +-------------------------------+--------------------+------------------+-------------------+-------------------------+----------------------+ | Red Hat Enterprise Linux 9.5 | PASS | SKIPPED | SKIPPED | SKIPPED | SKIPPED | +-------------------------------+--------------------+------------------+-------------------+-------------------------+----------------------+ | Debian GNU/Linux 12 | PASS | SKIPPED | SKIPPED | SKIPPED | SKIPPED | +-------------------------------+--------------------+------------------+-------------------+-------------------------+----------------------+ | Red Hat Enterprise Linux 8.10 | PASS | SKIPPED | SKIPPED | SKIPPED | SKIPPED | +-------------------------------+--------------------+------------------+-------------------+-------------------------+----------------------+ | Ubuntu 24.04 | PASS | PASS | SKIPPED | SKIPPED | SKIPPED | +-------------------------------+--------------------+------------------+-------------------+-------------------------+----------------------+ | CentOS Stream 9 | PASS | SKIPPED | SKIPPED | SKIPPED | SKIPPED | +-------------------------------+--------------------+------------------+-------------------+-------------------------+----------------------+ | Alpine Linux 3.22.0 | PASS | SKIPPED | SKIPPED | SKIPPED | SKIPPED | +-------------------------------+--------------------+------------------+-------------------+-------------------------+----------------------+ | Windows Server 2022 | SKIPPED | SKIPPED | FAIL | PASS | PASS | +-------------------------------+--------------------+------------------+-------------------+-------------------------+----------------------+ ==== 20 line log output for Windows Server 2022 (dpdk_msvc_compile): ==== ../lib/mbuf/rte_mbuf.c(776): note: consider using '%Iu' in the format string ../lib/mbuf/rte_mbuf.c(776): note: consider using '%I64u' in the format string ../lib/mbuf/rte_mbuf.c(780): warning C4477: 'fprintf' : format string '%u' requires an argument of type 'unsigned int', but variadic argument 2 has type 'const uint64_t' ../lib/mbuf/rte_mbuf.c(780): note: consider using '%llu' in the format string ../lib/mbuf/rte_mbuf.c(780): note: consider using '%Iu' in the format string ../lib/mbuf/rte_mbuf.c(780): note: consider using '%I64u' in the format string [343/877] Compiling C object lib/librte_mbuf.a.p/mbuf_rte_mbuf_dyn.c.obj [344/877] Linking static target drivers/librte_net_iavf.a [345/877] Compiling C object lib/librte_net.a.p/net_net_crc_sse.c.obj [346/877] Linking target lib/rte_eal-26.dll Creating library lib\rte_eal.lib and object lib\rte_eal.exp [347/877] Compiling C object lib/librte_net.a.p/net_rte_net_crc.c.obj [348/877] Compiling C object lib/librte_net.a.p/net_rte_ether.c.obj [349/877] Compiling C object lib/librte_net.a.p/net_rte_net.c.obj [350/877] Compiling C object lib/librte_net.a.p/net_rte_arp.c.obj [351/877] Compiling C object drivers/librte_net_iavf_base_lib.a.p/net_intel_ice_base_ice_fdir.c.obj ninja: build stopped: subcommand failed. INFO: autodetecting backend as ninja INFO: calculating backend command to run: "C:\Program Files\Meson\ninja.EXE" -C C:/Users/builder/jenkins/workspace/Windows-Compile-DPDK-VS/dpdk/build ==== End log output ==== FreeBSD 14.2 Kernel: 14.2-RELEASE Compiler: clang 18.1.6 Ubuntu 20.04 Kernel: 4.19 Compiler: gcc gcc (Ubuntu 9.4.0-1ubuntu1~20.04.2) 9.4.0 CentOS Stream 10 Kernel: 5.15 Compiler: gcc gcc (GCC) 14.2.1 20250110 (Red Hat 14.2.1-8) openSUSE Leap 15.6 Kernel: 5.15 Compiler: gcc gcc (SUSE Linux) 7.5.0 Fedora Linux 42 Kernel: 5.15 Compiler: clang gcc (GCC) 15.2.1 20250808 (Red Hat 15.2.1-1) Ubuntu 22.04 Kernel: 5.15 Compiler: gcc gcc (Ubuntu 11.4.0-1ubuntu1~22.04) 11.4.0 Red Hat Enterprise Linux 9.5 Kernel: 5.15 Compiler: gcc gcc (GCC) 11.5.0 20240719 (Red Hat 11.5.0-2) Debian GNU/Linux 12 Kernel: 5.15 Compiler: gcc gcc (Debian 12.2.0-14+deb12u1) 12.2.0 Red Hat Enterprise Linux 8.10 Kernel: 5.15 Compiler: gcc gcc (GCC) 8.5.0 20210514 (Red Hat 8.5.0-22) Ubuntu 24.04 Kernel: 5.15 Compiler: gcc gcc (Ubuntu 13.3.0-6ubuntu2~24.04) 13.3.0 CentOS Stream 9 Kernel: 5.15 Compiler: gcc gcc (GCC) 11.5.0 20240719 (Red Hat 11.5.0-11) Alpine Linux 3.22.0 Kernel: 5.15 Compiler: gcc gcc (Alpine 14.2.0) 14.2.0 Windows Server 2022 Kernel: 10.0.20348.2031 Compiler: clang 15.0.7, gcc 14.1.0 (MinGW), and MSVC VS 19.39.33521 To view detailed results, visit: https://lab.dpdk.org/results/dashboard/patchsets/34456/ UNH-IOL DPDK Community Lab To manage your email subscriptions, visit: https://lab.dpdk.org/results/dashboard/preferences/subscriptions/