From mboxrd@z Thu Jan 1 00:00:00 1970 Return-Path: Received: from mails.dpdk.org (mails.dpdk.org [217.70.189.124]) by inbox.dpdk.org (Postfix) with ESMTP id 776FC48A67 for ; Wed, 5 Nov 2025 06:22:11 +0100 (CET) Received: from mails.dpdk.org (localhost [127.0.0.1]) by mails.dpdk.org (Postfix) with ESMTP id 6035E40269; Wed, 5 Nov 2025 06:22:11 +0100 (CET) Received: from mail-yw1-f228.google.com (mail-yw1-f228.google.com [209.85.128.228]) by mails.dpdk.org (Postfix) with ESMTP id 2795540269 for ; Wed, 5 Nov 2025 06:22:10 +0100 (CET) Received: by mail-yw1-f228.google.com with SMTP id 00721157ae682-786572c14e3so45197197b3.2 for ; Tue, 04 Nov 2025 21:22:10 -0800 (PST) DKIM-Signature: v=1; a=rsa-sha256; c=relaxed/relaxed; d=iol.unh.edu; s=unh-iol; t=1762320129; x=1762924929; darn=dpdk.org; h=cc:to:from:subject:message-id:date:from:to:cc:subject:date :message-id:reply-to; bh=T8h45tXtooHXuwQKj5b6JBXmPcGvuWQqzhcKx1qkzUY=; b=IPWMf0ZNpmDy96i78G3hYHsUZKo7+OVOp8VVT074SZ2HpQKHjDouTzxDzydcbviFSj zxU5eafmKDexNrXMESNlmlzFxKWzY3oWdTZhRSfGiXmz72D/dlSx+CoWLK4O1kgwchqv T1j33gcL0ZwZ9wLGlHuID39A6nN51M5AHRlaU= X-Google-DKIM-Signature: v=1; a=rsa-sha256; c=relaxed/relaxed; d=1e100.net; s=20230601; t=1762320129; x=1762924929; h=cc:to:from:subject:message-id:date:x-gm-message-state:from:to:cc :subject:date:message-id:reply-to; bh=T8h45tXtooHXuwQKj5b6JBXmPcGvuWQqzhcKx1qkzUY=; b=jIa3dhvrO+QA9DFfAL6dM+DHMao65lF36JQO/9ZYvlHz2R0VoI3a93PTrsKxmek3zW 2Uh+j6c0iKIGWcv5Xd1WcVu1hc/pH8qIAelkr3v+W9KXgAiCBoYp9PL5kvFOkEmCaMYx m9RpmXuzgngUB8Sc7J5XnzG6LeG1iGcq77lJ9UnNYWkGbLoyG4uT+lY4UjhJO/cnyehJ KZqoLWSKohg4x5xUuWsNtPrzBvwg5ZVDP7VAgKymVujWGeReiXjzrb838DMp39eKETbw FolvHMtVrvOHelJzwneRxXnaX5tSa3AdD+mJhylUGPYO0gbUUuSB9OC41+B0bWIkXsGU GSuA== X-Gm-Message-State: AOJu0YxxW4v+w1BHoa7GD3q/69dN/HNXdMXn38SbAZYVezHxTq7LFQ/W GxDZa5bkiAl7ol1hR0zd9alwZHK2ieaEc5me8/saRK4yg8yu5vsjkdHFckOlmMKfcp4QOEUeXYj t+OhqMXQb3ftrXkk7QpNQl0PmGkm7jsoQd30G6kuFRDSS0ojmPDp1 X-Gm-Gg: ASbGncuybUA9lfk2FeGzukzLRyKeCV4U8SCqodfErMMxzosMgNrcGefLf+//9YhZCE0 ZC5L0IiIfHY/F8YMz675T0p9KTeTyaNlfSz/DQEKUeFtaSK69wn+fT3Zrq1NlWflLZt7CnxSI9Z h6nXd5keGyLHqx1tqu0iN1zn3emT/AjKxusKSlM7LTadVJj5fD8/nnav0vuwMGF8eQk0c0+Lexd NI9TE6N/U1kwcwcCtdru5PB0yONsD8AcDPtnPSZ6k/vxFmBLxgU1ZtCWmmbtrZNdjALEcC4veAO RSmzhVkRVYnIo8X/MxP1GG5lqR2o56Nd+eNr6tAgigOWUoqbmGo7tJcXOTJxt5u6fkBpynvyLWJ t97fis5Wj X-Google-Smtp-Source: AGHT+IGGZK37JPHMQhvPnYwW1Vj1e8hsF31f06WHaL3uJJW9URhiuF/gR6c6T2dlHQ6sioL6fHcIbLc6ojA1 X-Received: by 2002:a05:690c:4a83:b0:786:25e9:387c with SMTP id 00721157ae682-786a4122ff7mr16996287b3.20.1762320129515; Tue, 04 Nov 2025 21:22:09 -0800 (PST) Received: from postal.iol.unh.edu (postal.iol.unh.edu. [2606:4100:3880:1234::84]) by smtp-relay.gmail.com with ESMTPS id 00721157ae682-78691c82fd5sm2971027b3.8.2025.11.04.21.22.09 (version=TLS1_2 cipher=ECDHE-ECDSA-AES128-GCM-SHA256 bits=128/128); Tue, 04 Nov 2025 21:22:09 -0800 (PST) X-Relaying-Domain: iol.unh.edu Date: Tue, 04 Nov 2025 21:22:09 -0800 (PST) Message-ID: <690adf01.050a0220.f007d.236fSMTPIN_ADDED_MISSING@mx.google.com> Received: from [172.21.0.2] (unknown [172.18.0.240]) by postal.iol.unh.edu (Postfix) with ESMTP id 23A986051830; Wed, 5 Nov 2025 00:22:09 -0500 (EST) Subject: |FAILURE| [GIT MASTER] 9784db2c5af1eecd02fc21132b59b5b266039b87 From: dpdklab@iol.unh.edu To: Test Report Cc: dpdk-test-reports@iol.unh.edu, Xueming Li , Christian Ehrhardt , Kevin Traynor , Luca Boccassi Content-Type: text/plain X-BeenThere: test-report@dpdk.org X-Mailman-Version: 2.1.29 Precedence: list List-Id: automatic DPDK test reports List-Unsubscribe: , List-Archive: List-Post: List-Help: List-Subscribe: , Errors-To: test-report-bounces@dpdk.org _Testing issues_ Branch: tags/v22.11 9784db2c5af1eecd02fc21132b59b5b266039b87 --> testing issues Upstream job id: Generic-Unit-Test-DPDK#388622 Test environment and result as below: +-------------------------------+----------------+ | Environment | dpdk_unit_test | +===============================+================+ | Fedora Linux 42 | PEND | +-------------------------------+----------------+ | Red Hat Enterprise Linux 9.5 | FAIL | +-------------------------------+----------------+ | Ubuntu 24.04 | FAIL | +-------------------------------+----------------+ | Debian GNU/Linux 12 | PEND | +-------------------------------+----------------+ | Ubuntu 20.04 | PEND | +-------------------------------+----------------+ | Fedora Linux 41 | PEND | +-------------------------------+----------------+ | Fedora Linux 40 | PEND | +-------------------------------+----------------+ | Red Hat Enterprise Linux 8.10 | FAIL | +-------------------------------+----------------+ | CentOS Stream 9 | PEND | +-------------------------------+----------------+ | Ubuntu 22.04 | PEND | +-------------------------------+----------------+ | CentOS Stream 10 | PEND | +-------------------------------+----------------+ | Windows Server 2022 | PASS | +-------------------------------+----------------+ ==== Unit test summary for Red Hat Enterprise Linux 8.10 (dpdk_unit_test): ==== ninja: Entering directory `/root/workspace/Generic-Unit-Test-DPDK/dpdk/build' ninja: no work to do. 1/105 DPDK:fast-tests / acl_autotest OK 4.83 s 2/105 DPDK:fast-tests / atomic_autotest OK 0.66 s 3/105 DPDK:fast-tests / bitmap_autotest OK 0.17 s 4/105 DPDK:fast-tests / bitops_autotest OK 0.38 s 5/105 DPDK:fast-tests / byteorder_autotest OK 0.20 s 6/105 DPDK:fast-tests / cksum_autotest OK 0.22 s 7/105 DPDK:fast-tests / cmdline_autotest OK 0.28 s 8/105 DPDK:fast-tests / common_autotest OK 0.84 s 9/105 DPDK:fast-tests / cpuflags_autotest OK 0.22 s 10/105 DPDK:fast-tests / debug_autotest OK 1.37 s 11/105 DPDK:fast-tests / devargs_autotest OK 0.14 s 12/105 DPDK:fast-tests / eal_flags_c_opt_autotest OK 0.99 s 13/105 DPDK:fast-tests / eal_flags_main_opt_autotest OK 0.39 s 14/105 DPDK:fast-tests / eal_flags_n_opt_autotest OK 0.50 s 15/105 DPDK:fast-tests / eal_flags_hpet_autotest OK 0.23 s 16/105 DPDK:fast-tests / eal_flags_no_huge_autotest OK 0.65 s 17/105 DPDK:fast-tests / eal_flags_a_opt_autotest OK 0.51 s 18/105 DPDK:fast-tests / eal_flags_b_opt_autotest OK 0.58 s 19/105 DPDK:fast-tests / eal_flags_vdev_opt_autotest OK 0.74 s 20/105 DPDK:fast-tests / eal_flags_r_opt_autotest OK 0.56 s 21/105 DPDK:fast-tests / eal_flags_mem_autotest OK 1.15 s 22/105 DPDK:fast-tests / eal_flags_file_prefix_autotest OK 2.99 s 23/105 DPDK:fast-tests / eal_flags_misc_autotest OK 2.48 s 24/105 DPDK:fast-tests / eal_fs_autotest OK 0.26 s 25/105 DPDK:fast-tests / errno_autotest OK 0.29 s 26/105 DPDK:fast-tests / ethdev_link_status OK 0.30 s 27/105 DPDK:fast-tests / event_ring_autotest OK 0.24 s 28/105 DPDK:fast-tests / fib_autotest OK 1.25 s 29/105 DPDK:fast-tests / fib6_autotest OK 1.26 s 30/105 DPDK:fast-tests / func_reentrancy_autotest OK 1.19 s 31/105 DPDK:fast-tests / hash_autotest OK 0.41 s 32/105 DPDK:fast-tests / interrupt_autotest OK 1.57 s 33/105 DPDK:fast-tests / ipfrag_autotest OK 0.35 s 34/105 DPDK:fast-tests / lcores_autotest OK 2.65 s 35/105 DPDK:fast-tests / logs_autotest OK 0.28 s 36/105 DPDK:fast-tests / lpm_autotest OK 6.31 s 37/105 DPDK:fast-tests / lpm6_autotest OK 9.32 s 38/105 DPDK:fast-tests / malloc_autotest OK 1.01 s 39/105 DPDK:fast-tests / mbuf_autotest OK 0.22 s 40/105 DPDK:fast-tests / mcslock_autotest OK 0.80 s 41/105 DPDK:fast-tests / memcpy_autotest OK 4.21 s 42/105 DPDK:fast-tests / memory_autotest OK 0.27 s 43/105 DPDK:fast-tests / mempool_autotest OK 0.53 s 44/105 DPDK:fast-tests / memzone_autotest OK 0.29 s 45/105 DPDK:fast-tests / meter_autotest OK 0.17 s 46/105 DPDK:fast-tests / multiprocess_autotest OK 0.33 s 47/105 DPDK:fast-tests / node_list_dump OK 0.23 s 48/105 DPDK:fast-tests / per_lcore_autotest OK 0.49 s 49/105 DPDK:fast-tests / pflock_autotest OK 0.40 s 50/105 DPDK:fast-tests / prefetch_autotest OK 0.19 s 51/105 DPDK:fast-tests / rcu_qsbr_autotest OK 0.52 s 52/105 DPDK:fast-tests / pie_autotest OK 0.29 s 53/105 DPDK:fast-tests / rib_autotest OK 7.87 s 54/105 DPDK:fast-tests / rib6_autotest OK 8.44 s 55/105 DPDK:fast-tests / ring_autotest OK 0.20 s 56/105 DPDK:fast-tests / rwlock_test1_autotest OK 0.45 s 57/105 DPDK:fast-tests / rwlock_rda_autotest OK 5.39 s 58/105 DPDK:fast-tests / rwlock_rds_wrm_autotest OK 5.32 s 59/105 DPDK:fast-tests / rwlock_rde_wro_autotest OK 5.19 s 60/105 DPDK:fast-tests / sched_autotest OK 0.26 s 61/105 DPDK:fast-tests / security_autotest OK 0.34 s 62/105 DPDK:fast-tests / seqlock_autotest SKIP 0.31 s 63/105 DPDK:fast-tests / spinlock_autotest OK 0.31 s 64/105 DPDK:fast-tests / stack_autotest OK 0.32 s 65/105 DPDK:fast-tests / stack_lf_autotest OK 0.37 s 66/105 DPDK:fast-tests / string_autotest OK 0.35 s 67/105 DPDK:fast-tests / tailq_autotest OK 0.41 s 68/105 DPDK:fast-tests / ticketlock_autotest OK 0.26 s 69/105 DPDK:fast-tests / timer_autotest OK 2.80 s 70/105 DPDK:fast-tests / user_delay_us OK 0.17 s 71/105 DPDK:fast-tests / version_autotest OK 0.23 s 72/105 DPDK:fast-tests / crc_autotest OK 0.33 s 73/105 DPDK:fast-tests / distributor_autotest OK 1.56 s 74/105 DPDK:fast-tests / eventdev_common_autotest OK 0.24 s 75/105 DPDK:fast-tests / fbarray_autotest OK 0.36 s 76/105 DPDK:fast-tests / hash_readwrite_func_autotest SKIP 0.18 s 77/105 DPDK:fast-tests / ipsec_autotest SKIP 0.22 s 78/105 DPDK:fast-tests / kni_autotest SKIP 0.35 s 79/105 DPDK:fast-tests / kvargs_autotest OK 0.23 s 80/105 DPDK:fast-tests / member_autotest OK 1.80 s 81/105 DPDK:fast-tests / power_cpufreq_autotest SKIP 0.22 s 82/105 DPDK:fast-tests / power_autotest OK 0.32 s 83/105 DPDK:fast-tests / power_kvm_vm_autotest SKIP 0.20 s 84/105 DPDK:fast-tests / power_intel_uncore_autotest SKIP 0.19 s 85/105 DPDK:fast-tests / reorder_autotest OK 0.26 s 86/105 DPDK:fast-tests / service_autotest OK 1.70 s 87/105 DPDK:fast-tests / thash_autotest OK 0.18 s 88/105 DPDK:fast-tests / threads_autotest OK 0.78 s 89/105 DPDK:fast-tests / trace_autotest OK 0.17 s 90/105 DPDK:fast-tests / trace_autotest_with_traces OK 0.32 s 91/105 DPDK:fast-tests / graph_autotest OK 0.27 s 92/105 DPDK:fast-tests / metrics_autotest OK 0.21 s 93/105 DPDK:fast-tests / telemetry_json_autotest OK 0.38 s 94/105 DPDK:fast-tests / telemetry_data_autotest OK 0.30 s 95/105 DPDK:fast-tests / table_autotest FAIL 1.41 s (exit status 255 or signal 127 SIGinvalid) 96/105 DPDK:fast-tests / ring_pmd_autotest OK 0.25 s 97/105 DPDK:fast-tests / event_eth_tx_adapter_autotest OK 0.93 s 98/105 DPDK:fast-tests / bitratestats_autotest OK 0.22 s 99/105 DPDK:fast-tests / latencystats_autotest OK 0.33 s 100/105 DPDK:fast-tests / pdump_autotest OK 5.46 s 101/105 DPDK:fast-tests / vdev_autotest OK 0.30 s 102/105 DPDK:fast-tests / bpf_autotest OK 0.32 s 103/105 DPDK:fast-tests / bpf_convert_autotest OK 0.17 s 104/105 DPDK:fast-tests / compressdev_autotest SKIP 0.19 s 105/105 DPDK:fast-tests / telemetry_all SKIP 0.01 s Ok: 95 Expected Fail: 0 Fail: 1 Unexpected Pass: 0 Skipped: 9 Timeout: 0 Full log written to /root/workspace/Generic-Unit-Test-DPDK/dpdk/build/meson-logs/testlog.txt Test log output from the failed test table_autotest: Sorry, we were not able to find the logs for this test. Download the log output from the CI site for this test run. ==== End log output ==== Fedora Linux 42 Kernel: 5.15 Compiler: gcc gcc (GCC) 15.2.1 20250808 (Red Hat 15.2.1-1) Red Hat Enterprise Linux 9.5 Kernel: 5.15 Compiler: gcc gcc (GCC) 11.5.0 20240719 (Red Hat 11.5.0-2) Ubuntu 24.04 Kernel: 5.15 Compiler: gcc gcc (Ubuntu 13.3.0-6ubuntu2~24.04) 13.3.0 Debian GNU/Linux 12 Kernel: 5.15 Compiler: gcc gcc (Debian 12.2.0-14+deb12u1) 12.2.0 Ubuntu 20.04 Kernel: 5.15 Compiler: gcc gcc (Ubuntu 9.4.0-1ubuntu1~20.04.2) 9.4.0 Fedora Linux 41 Kernel: 5.15 Compiler: gcc gcc (GCC) 14.3.1 20250523 (Red Hat 14.3.1-1) Fedora Linux 40 Kernel: 5.15 Compiler: gcc gcc (GCC) 14.2.1 20240912 (Red Hat 14.2.1-3) Red Hat Enterprise Linux 8.10 Kernel: 5.15 Compiler: gcc gcc (GCC) 8.5.0 20210514 (Red Hat 8.5.0-22) CentOS Stream 9 Kernel: 5.15 Compiler: gcc gcc (GCC) 11.5.0 20240719 (Red Hat 11.5.0-11) Ubuntu 22.04 Kernel: 5.15 Compiler: gcc gcc (Ubuntu 11.4.0-1ubuntu1~22.04) 11.4.0 CentOS Stream 10 Kernel: 5.15 Compiler: gcc gcc (GCC) 14.2.1 20250110 (Red Hat 14.2.1-8) Windows Server 2022 Kernel: 10.0.20348.2031 Compiler: clang 15.0.7, gcc 14.1.0 (MinGW), and MSVC VS 19.39.33521 To view detailed results, visit: https://lab.dpdk.org/results/dashboard/tarballs/35456/ UNH-IOL DPDK Community Lab To manage your email subscriptions, visit: https://lab.dpdk.org/results/dashboard/preferences/subscriptions/