From mboxrd@z Thu Jan 1 00:00:00 1970 Return-Path: Received: from mails.dpdk.org (mails.dpdk.org [217.70.189.124]) by inbox.dpdk.org (Postfix) with ESMTP id DED3348A67 for ; Wed, 5 Nov 2025 06:26:29 +0100 (CET) Received: from mails.dpdk.org (localhost [127.0.0.1]) by mails.dpdk.org (Postfix) with ESMTP id BA39240269; Wed, 5 Nov 2025 06:26:29 +0100 (CET) Received: from mail-qv1-f97.google.com (mail-qv1-f97.google.com [209.85.219.97]) by mails.dpdk.org (Postfix) with ESMTP id C3F4340269 for ; Wed, 5 Nov 2025 06:26:27 +0100 (CET) Received: by mail-qv1-f97.google.com with SMTP id 6a1803df08f44-8804f840579so53686936d6.0 for ; Tue, 04 Nov 2025 21:26:27 -0800 (PST) DKIM-Signature: v=1; a=rsa-sha256; c=relaxed/relaxed; d=iol.unh.edu; s=unh-iol; t=1762320387; x=1762925187; darn=dpdk.org; h=cc:to:from:subject:message-id:date:from:to:cc:subject:date :message-id:reply-to; bh=rCAxEMY2KKQkh3/liyZ2nTsw0JiiLMp7HtP92uQg8Xk=; b=CH7duXUh2s9eh3rhDUnar+F4ChDPqsOxV8qyd6RydvFYeN3qqFtauy8y9EV3RpQeqW yrqw4ndQX5UWn+ZejmT4patX9p2NBw3qqv+s12bLqRG+UQsUk5nAEEUQ4oPjDy0yPKbX cvqlBbbAbYD8Hsoo28gb7sLQPYe9JylfqN9K0= X-Google-DKIM-Signature: v=1; a=rsa-sha256; c=relaxed/relaxed; d=1e100.net; s=20230601; t=1762320387; x=1762925187; h=cc:to:from:subject:message-id:date:x-gm-message-state:from:to:cc :subject:date:message-id:reply-to; bh=rCAxEMY2KKQkh3/liyZ2nTsw0JiiLMp7HtP92uQg8Xk=; b=D3RmapcDwLLTES3XbATL2TZcShy0ZYUDWQ7mWdbZF4LGzE/en58JxuFO2SuAkD7M56 ZZFBecANZgM4QW1JdHg3uTp8LtVxxIeLGchAkl5dGi/fhV1ZFtqLDoywJ0zFgxoj/G2V NW3Pu2TObE5D5+mQ+Hh4QTfCvxBA0VNbspVTqCUzD0Nn0t+hW3TR7QtziJInq15qRyQ0 q+a2Bg+bx8aoI3KmyPIBp7RUkjrfDgsoY93h4Kw/fDqWWQoyM6YiQnxq35uP64gfcYSo 1Xmbu/Z3vaientTF5qgDU71oW7YrYkuhHgr50oUO1dSEAxM7EW9J+C5TDrEI8iK8YTzN soZg== X-Gm-Message-State: AOJu0YwcFe7Rn7ollwjyiDSxFi22vCPrbXA7JpO8Ol6OsZv5OZzj/0Bs FW2T06yDidrMQwfUVlxshW0TyUWDXXcvZ52JX9aVHpULXSJjTvvtr/5hkwzFcnRVXfv7f83thkg dUj/6QfkhXFExpWpbCG+oZhS6vJCeYSRxGxdg3C1xF9OREIkQA10U X-Gm-Gg: ASbGncuB1eEqwGBg0jQLXJzhbrWNK2rGzZBQ0E/I+o4PhnqOZNkvVxiaRB+t9Mt5BfL kqOb/Sf5MUZhqxcEYuYxvcba82MGduc0mqTOs7tPQmQbjTBxhtCQkKKCa6zuZu0EmMGJ5kOzbML IhP2rgualr2AvH3ORhFPJdLC8LSPjRLxRwzZTYD8CWsvNH9XQKVm+AV7QTKZwE9MU3W2mJLDMGD zX2gXZoBtxbbx3khwd+DnZmIRLYRQAHNuRMkJ3sX2CSNXW1XmV51vXL5B0kcYdkogw6Q/TQZG6v /VhXl+H4NLQgFcGx9GrAc0hfRcVqUsrFjnAnCF+8NKu9C5JXPX6T9rPVucD80deJ3ddAo8nUNt2 wooSugQiu X-Google-Smtp-Source: AGHT+IESzjmKpM4+4KWVUbkHSkwx59vhGeWa8oUofY0HQe0NKoQsS6/Td8KxbkF9pqcDgBgJGBwIRvxZPIzR X-Received: by 2002:ad4:5ecb:0:b0:880:498e:a63e with SMTP id 6a1803df08f44-8807112a259mr27124406d6.2.1762320387107; Tue, 04 Nov 2025 21:26:27 -0800 (PST) Received: from postal.iol.unh.edu (postal.iol.unh.edu. [2606:4100:3880:1234::84]) by smtp-relay.gmail.com with ESMTPS id 6a1803df08f44-88060db8c16sm4296266d6.9.2025.11.04.21.26.27 (version=TLS1_2 cipher=ECDHE-ECDSA-AES128-GCM-SHA256 bits=128/128); Tue, 04 Nov 2025 21:26:27 -0800 (PST) X-Relaying-Domain: iol.unh.edu Date: Tue, 04 Nov 2025 21:26:27 -0800 (PST) Message-ID: <690ae003.050a0220.2e15fc.7a88SMTPIN_ADDED_MISSING@mx.google.com> Received: from [172.21.0.2] (unknown [172.18.0.240]) by postal.iol.unh.edu (Postfix) with ESMTP id C53356051830; Wed, 5 Nov 2025 00:26:26 -0500 (EST) Subject: |FAILURE| [GIT MASTER] 62f583c49bf67dd4d6733ece14e55fe6839e66d1 From: dpdklab@iol.unh.edu To: Test Report Cc: dpdk-test-reports@iol.unh.edu, Xueming Li , Christian Ehrhardt , Kevin Traynor , Luca Boccassi Content-Type: text/plain X-BeenThere: test-report@dpdk.org X-Mailman-Version: 2.1.29 Precedence: list List-Id: automatic DPDK test reports List-Unsubscribe: , List-Archive: List-Post: List-Help: List-Subscribe: , Errors-To: test-report-bounces@dpdk.org _Testing issues_ Branch: tags/v23.11 62f583c49bf67dd4d6733ece14e55fe6839e66d1 --> testing issues Upstream job id: Windows-Compile-DPDK-Native#32123 Test environment and result as below: +-------------------------------+--------------------+------------------+-------------------+-------------------------+ | Environment | dpdk_meson_compile | dpdk_compile_ovs | dpdk_msvc_compile | dpdk_llvm_clang_compile | +===============================+====================+==================+===================+=========================+ | CentOS Stream 9 | PEND | SKIPPED | SKIPPED | SKIPPED | +-------------------------------+--------------------+------------------+-------------------+-------------------------+ | Fedora Linux 42 | PEND | PEND | SKIPPED | SKIPPED | +-------------------------------+--------------------+------------------+-------------------+-------------------------+ | CentOS Stream 10 | PEND | SKIPPED | SKIPPED | SKIPPED | +-------------------------------+--------------------+------------------+-------------------+-------------------------+ | Debian GNU/Linux 12 | PEND | SKIPPED | SKIPPED | SKIPPED | +-------------------------------+--------------------+------------------+-------------------+-------------------------+ | Red Hat Enterprise Linux 8.10 | PEND | SKIPPED | SKIPPED | SKIPPED | +-------------------------------+--------------------+------------------+-------------------+-------------------------+ | openSUSE Leap 15.6 | PEND | SKIPPED | SKIPPED | SKIPPED | +-------------------------------+--------------------+------------------+-------------------+-------------------------+ | Red Hat Enterprise Linux 9.5 | PEND | SKIPPED | SKIPPED | SKIPPED | +-------------------------------+--------------------+------------------+-------------------+-------------------------+ | Ubuntu 20.04 | PASS | SKIPPED | SKIPPED | SKIPPED | +-------------------------------+--------------------+------------------+-------------------+-------------------------+ | Ubuntu 24.04 | PEND | PEND | SKIPPED | SKIPPED | +-------------------------------+--------------------+------------------+-------------------+-------------------------+ | Ubuntu 22.04 | PEND | SKIPPED | SKIPPED | SKIPPED | +-------------------------------+--------------------+------------------+-------------------+-------------------------+ | Alpine Linux 3.22.0 | PEND | SKIPPED | SKIPPED | SKIPPED | +-------------------------------+--------------------+------------------+-------------------+-------------------------+ | Windows Server 2022 | SKIPPED | SKIPPED | PASS | FAIL | +-------------------------------+--------------------+------------------+-------------------+-------------------------+ ==== 20 line log output for Windows Server 2022 (dpdk_llvm_clang_compile): ==== Compiler for C supports arguments -mavx512f: YES (cached) Compiler for C supports arguments -mavx512bw: YES (cached) Compiler for C supports arguments -mavx512dq: YES (cached) Compiler for C supports arguments -march=skylake-avx512: YES Message: drivers/common/idpf: Defining dependency "common_idpf" Message: drivers/bus/auxiliary: Defining dependency "bus_auxiliary" Compiler for C supports arguments -Wno-cast-qual: YES (cached) Compiler for C supports arguments -Wno-pointer-arith: YES (cached) Message: drivers/bus/pci: Defining dependency "bus_pci" Message: drivers/bus/vdev: Defining dependency "bus_vdev" Compiler for C supports arguments -std=c11: YES Compiler for C supports arguments -Wno-strict-prototypes: YES Compiler for C supports arguments -D_BSD_SOURCE: YES Compiler for C supports arguments -D_DEFAULT_SOURCE: YES Compiler for C supports arguments -D_XOPEN_SOURCE=600: YES Has header "mlx5devx.h" : YES drivers\common\mlx5\windows\meson.build:10:13: ERROR: C shared or static library 'mlx5devx' not found A full log can be found at C:\Users\builder\jenkins\workspace\Windows-Compile-DPDK-Native\dpdk\build\meson-logs\meson-log.txt ==== End log output ==== CentOS Stream 9 Kernel: 5.15 Compiler: gcc gcc (GCC) 11.5.0 20240719 (Red Hat 11.5.0-11) Fedora Linux 42 Kernel: 5.15 Compiler: clang gcc (GCC) 15.2.1 20250808 (Red Hat 15.2.1-1) CentOS Stream 10 Kernel: 5.15 Compiler: gcc gcc (GCC) 14.2.1 20250110 (Red Hat 14.2.1-8) Debian GNU/Linux 12 Kernel: 5.15 Compiler: gcc gcc (Debian 12.2.0-14+deb12u1) 12.2.0 Red Hat Enterprise Linux 8.10 Kernel: 5.15 Compiler: gcc gcc (GCC) 8.5.0 20210514 (Red Hat 8.5.0-22) openSUSE Leap 15.6 Kernel: 5.15 Compiler: gcc gcc (SUSE Linux) 7.5.0 Red Hat Enterprise Linux 9.5 Kernel: 5.15 Compiler: gcc gcc (GCC) 11.5.0 20240719 (Red Hat 11.5.0-2) Ubuntu 20.04 Kernel: 5.15 Compiler: gcc gcc (Ubuntu 9.4.0-1ubuntu1~20.04.2) 9.4.0 Ubuntu 24.04 Kernel: 5.15 Compiler: gcc gcc (Ubuntu 13.3.0-6ubuntu2~24.04) 13.3.0 Ubuntu 22.04 Kernel: 5.15 Compiler: gcc gcc (Ubuntu 11.4.0-1ubuntu1~22.04) 11.4.0 Alpine Linux 3.22.0 Kernel: 5.15 Compiler: gcc gcc (Alpine 14.2.0) 14.2.0 Windows Server 2022 Kernel: 10.0.20348.2031 Compiler: clang 15.0.7, gcc 14.1.0 (MinGW), and MSVC VS 19.39.33521 To view detailed results, visit: https://lab.dpdk.org/results/dashboard/tarballs/35458/ UNH-IOL DPDK Community Lab To manage your email subscriptions, visit: https://lab.dpdk.org/results/dashboard/preferences/subscriptions/