From mboxrd@z Thu Jan 1 00:00:00 1970 Return-Path: Received: from mails.dpdk.org (mails.dpdk.org [217.70.189.124]) by inbox.dpdk.org (Postfix) with ESMTP id CDB9748A67 for ; Wed, 5 Nov 2025 07:06:58 +0100 (CET) Received: from mails.dpdk.org (localhost [127.0.0.1]) by mails.dpdk.org (Postfix) with ESMTP id B034140269; Wed, 5 Nov 2025 07:06:58 +0100 (CET) Received: from mail-pl1-f227.google.com (mail-pl1-f227.google.com [209.85.214.227]) by mails.dpdk.org (Postfix) with ESMTP id A75A640269 for ; Wed, 5 Nov 2025 07:06:57 +0100 (CET) Received: by mail-pl1-f227.google.com with SMTP id d9443c01a7336-292fd52d527so64335195ad.2 for ; Tue, 04 Nov 2025 22:06:57 -0800 (PST) DKIM-Signature: v=1; a=rsa-sha256; c=relaxed/relaxed; d=iol.unh.edu; s=unh-iol; t=1762322817; x=1762927617; darn=dpdk.org; h=cc:to:from:subject:message-id:date:from:to:cc:subject:date :message-id:reply-to; bh=AYmxwh2pxI7HvtMtbDhc/+gwJ//HUEzriA+9reYxFPM=; b=OiqLZpvc27/xGThY8G4U1/HJ45ztSB89Vokb3Dy5THFLulWUSPMrVJUb/X6HgNhbRI pGiNCEhFJoUFuxDqPX58qkDrbVoQzpwEemTQzY9dZxToFGFoBCByEc+I3voBNkjwV0LC 7qFUcsWM1nqojvzee5a0M/e3A8WogtgtfqAnI= X-Google-DKIM-Signature: v=1; a=rsa-sha256; c=relaxed/relaxed; d=1e100.net; s=20230601; t=1762322817; x=1762927617; h=cc:to:from:subject:message-id:date:x-gm-message-state:from:to:cc :subject:date:message-id:reply-to; bh=AYmxwh2pxI7HvtMtbDhc/+gwJ//HUEzriA+9reYxFPM=; b=pSQ4yayXgogFAfdtNS8CY6wO3eeysf8BtdHndF2FMOsTtwUruTACHo4dqJGKgTZn7I hYCMNHXGlMzlDFtSh8FgvEuSjQBWoJ+2uyPleB2hT5n2D/RAYoSGHuWHXlXCTVUAu6FA wnnnQh5wP0YacQrTJRayUHZGv/sBFLH+CjmcYpcoDUejiVljpIYFFjmRTZnHrhLJVgjV I0i0wJIzrtPkePTvS1BzzQSDFkcFvGM5NPzDsDIeamaK/BpyMTJBhPYOJZilvZ6sycR8 5LbgOu9Ujl1d6Iz5oVkhvHOyNKriLVx7ST7EbbrzaPM8GtzW8ekiVxSUP7rF8qNKKRUa 3uKg== X-Gm-Message-State: AOJu0Yxl2yh5lcRcZqqoup1xY0cTnqTVB+8eWTAYJE3/deloOxtbQvJH zjZCiRoYIWot+G0SWTcfbZKBI8j38XkRPg412oJ4VkpCPHgSKOPeW8KFp7qrw06kyfgFUEz0zZa TQuj0X4oxybdloiDm2y41PA+SZIVHh7onsUB9 X-Gm-Gg: ASbGncuXPg1hYlb4//lQbv9TQBIbuekQ5Vvui8G7miLmPa9ZZlCQWfncgAe52O+Jhmi FvhDfErPlNUmEomETTeNTW9xHy5Bpzz6ISZtuZ0ps3QZMUf/plsHNNMJRr3kUo9kdFkEXPhbGoD /MGAFDcYY4PfUm83dD8hoDnSBwsRmqW53ec4vAG+TGC0IthbL4sVjUtsuDHDfRmFFBc0z3RucyU HKPrV0Nl0Vn4EKkFtIe4a4YNl7/KOB6TrKhvbGq2UK73dkyXs3q/zBdusxXM0GrBoPwPvmQvGk7 3ccWhrb3O0J0tcLXZkAonl79vqiTxLYyAX5eSwaDwRa7b9MCuusAEeLAcAmpQ5x8NAb6SAZBRRA 4ho47d466UM08w/R14KNNbt+j26YMt70= X-Google-Smtp-Source: AGHT+IH6t7QYlLi7PQPsIJXfKIAe+8pY49HzIrjTT7/WmWe+2lxw81H9FNHsEy4V14zcS8Bek608HEc/TGJk X-Received: by 2002:a17:903:4405:b0:267:a95d:7164 with SMTP id d9443c01a7336-2962ade23f0mr22706565ad.60.1762322816808; Tue, 04 Nov 2025 22:06:56 -0800 (PST) Received: from postal.iol.unh.edu (postal.iol.unh.edu. [132.177.123.84]) by smtp-relay.gmail.com with ESMTPS id d9443c01a7336-29601999523sm4342735ad.28.2025.11.04.22.06.56 (version=TLS1_2 cipher=ECDHE-ECDSA-AES128-GCM-SHA256 bits=128/128); Tue, 04 Nov 2025 22:06:56 -0800 (PST) X-Relaying-Domain: iol.unh.edu Date: Tue, 04 Nov 2025 22:06:56 -0800 (PST) Message-ID: <690ae980.170a0220.2196ff.7788SMTPIN_ADDED_MISSING@mx.google.com> Received: from [172.21.0.2] (unknown [172.18.0.240]) by postal.iol.unh.edu (Postfix) with ESMTP id DCD806051830; Wed, 5 Nov 2025 01:06:55 -0500 (EST) Subject: |FAILURE| [GIT MASTER] 62f583c49bf67dd4d6733ece14e55fe6839e66d1 From: dpdklab@iol.unh.edu To: Test Report Cc: dpdk-test-reports@iol.unh.edu, Xueming Li , Christian Ehrhardt , Kevin Traynor , Luca Boccassi Content-Type: text/plain X-BeenThere: test-report@dpdk.org X-Mailman-Version: 2.1.29 Precedence: list List-Id: automatic DPDK test reports List-Unsubscribe: , List-Archive: List-Post: List-Help: List-Subscribe: , Errors-To: test-report-bounces@dpdk.org _Testing issues_ Branch: tags/v23.11 62f583c49bf67dd4d6733ece14e55fe6839e66d1 --> testing issues Upstream job id: Generic-VM-DPDK-Compile-Meson#39489 Test environment and result as below: +-------------------------------+--------------------+------------------+-------------------+-------------------------+----------------------+ | Environment | dpdk_meson_compile | dpdk_compile_ovs | dpdk_msvc_compile | dpdk_llvm_clang_compile | dpdk_mingw64_compile | +===============================+====================+==================+===================+=========================+======================+ | CentOS Stream 9 | PASS | SKIPPED | SKIPPED | SKIPPED | SKIPPED | +-------------------------------+--------------------+------------------+-------------------+-------------------------+----------------------+ | Fedora Linux 42 | FAIL | WARN | SKIPPED | SKIPPED | SKIPPED | +-------------------------------+--------------------+------------------+-------------------+-------------------------+----------------------+ | CentOS Stream 10 | PASS | SKIPPED | SKIPPED | SKIPPED | SKIPPED | +-------------------------------+--------------------+------------------+-------------------+-------------------------+----------------------+ | Debian GNU/Linux 12 | PASS | SKIPPED | SKIPPED | SKIPPED | SKIPPED | +-------------------------------+--------------------+------------------+-------------------+-------------------------+----------------------+ | Red Hat Enterprise Linux 8.10 | PASS | SKIPPED | SKIPPED | SKIPPED | SKIPPED | +-------------------------------+--------------------+------------------+-------------------+-------------------------+----------------------+ | openSUSE Leap 15.6 | PASS | SKIPPED | SKIPPED | SKIPPED | SKIPPED | +-------------------------------+--------------------+------------------+-------------------+-------------------------+----------------------+ | Red Hat Enterprise Linux 9.5 | PASS | SKIPPED | SKIPPED | SKIPPED | SKIPPED | +-------------------------------+--------------------+------------------+-------------------+-------------------------+----------------------+ | Ubuntu 20.04 | PASS | SKIPPED | SKIPPED | SKIPPED | SKIPPED | +-------------------------------+--------------------+------------------+-------------------+-------------------------+----------------------+ | Ubuntu 24.04 | PASS | PASS | SKIPPED | SKIPPED | SKIPPED | +-------------------------------+--------------------+------------------+-------------------+-------------------------+----------------------+ | Ubuntu 22.04 | PASS | SKIPPED | SKIPPED | SKIPPED | SKIPPED | +-------------------------------+--------------------+------------------+-------------------+-------------------------+----------------------+ | Alpine Linux 3.22.0 | PASS | SKIPPED | SKIPPED | SKIPPED | SKIPPED | +-------------------------------+--------------------+------------------+-------------------+-------------------------+----------------------+ | FreeBSD 14.2 | PASS | SKIPPED | SKIPPED | SKIPPED | SKIPPED | +-------------------------------+--------------------+------------------+-------------------+-------------------------+----------------------+ | Windows Server 2022 | SKIPPED | SKIPPED | PASS | FAIL | PASS | +-------------------------------+--------------------+------------------+-------------------+-------------------------+----------------------+ ==== 20 line log output for Windows Server 2022 (dpdk_llvm_clang_compile): ==== Compiler for C supports arguments -mavx512f: YES (cached) Compiler for C supports arguments -mavx512bw: YES (cached) Compiler for C supports arguments -mavx512dq: YES (cached) Compiler for C supports arguments -march=skylake-avx512: YES Message: drivers/common/idpf: Defining dependency "common_idpf" Message: drivers/bus/auxiliary: Defining dependency "bus_auxiliary" Compiler for C supports arguments -Wno-cast-qual: YES (cached) Compiler for C supports arguments -Wno-pointer-arith: YES (cached) Message: drivers/bus/pci: Defining dependency "bus_pci" Message: drivers/bus/vdev: Defining dependency "bus_vdev" Compiler for C supports arguments -std=c11: YES Compiler for C supports arguments -Wno-strict-prototypes: YES Compiler for C supports arguments -D_BSD_SOURCE: YES Compiler for C supports arguments -D_DEFAULT_SOURCE: YES Compiler for C supports arguments -D_XOPEN_SOURCE=600: YES Has header "mlx5devx.h" : YES drivers\common\mlx5\windows\meson.build:10:13: ERROR: C shared or static library 'mlx5devx' not found A full log can be found at C:\Users\builder\jenkins\workspace\Windows-Compile-DPDK-Native\dpdk\build\meson-logs\meson-log.txt ==== End log output ==== CentOS Stream 9 Kernel: 5.15 Compiler: gcc gcc (GCC) 11.5.0 20240719 (Red Hat 11.5.0-11) Fedora Linux 42 Kernel: 5.15 Compiler: clang gcc (GCC) 15.2.1 20250808 (Red Hat 15.2.1-1) CentOS Stream 10 Kernel: 5.15 Compiler: gcc gcc (GCC) 14.2.1 20250110 (Red Hat 14.2.1-8) Debian GNU/Linux 12 Kernel: 5.15 Compiler: gcc gcc (Debian 12.2.0-14+deb12u1) 12.2.0 Red Hat Enterprise Linux 8.10 Kernel: 5.15 Compiler: gcc gcc (GCC) 8.5.0 20210514 (Red Hat 8.5.0-22) openSUSE Leap 15.6 Kernel: 5.15 Compiler: gcc gcc (SUSE Linux) 7.5.0 Red Hat Enterprise Linux 9.5 Kernel: 5.15 Compiler: gcc gcc (GCC) 11.5.0 20240719 (Red Hat 11.5.0-2) Ubuntu 20.04 Kernel: 5.15 Compiler: gcc gcc (Ubuntu 9.4.0-1ubuntu1~20.04.2) 9.4.0 Ubuntu 24.04 Kernel: 5.15 Compiler: gcc gcc (Ubuntu 13.3.0-6ubuntu2~24.04) 13.3.0 Ubuntu 22.04 Kernel: 5.15 Compiler: gcc gcc (Ubuntu 11.4.0-1ubuntu1~22.04) 11.4.0 Alpine Linux 3.22.0 Kernel: 5.15 Compiler: gcc gcc (Alpine 14.2.0) 14.2.0 FreeBSD 14.2 Kernel: 14.2-RELEASE Compiler: clang 18.1.6 Windows Server 2022 Kernel: 10.0.20348.2031 Compiler: clang 15.0.7, gcc 14.1.0 (MinGW), and MSVC VS 19.39.33521 To view detailed results, visit: https://lab.dpdk.org/results/dashboard/tarballs/35458/ UNH-IOL DPDK Community Lab To manage your email subscriptions, visit: https://lab.dpdk.org/results/dashboard/preferences/subscriptions/