From mboxrd@z Thu Jan 1 00:00:00 1970 Return-Path: Received: from mails.dpdk.org (mails.dpdk.org [217.70.189.124]) by inbox.dpdk.org (Postfix) with ESMTP id 3A16F48A67 for ; Wed, 5 Nov 2025 07:31:08 +0100 (CET) Received: from mails.dpdk.org (localhost [127.0.0.1]) by mails.dpdk.org (Postfix) with ESMTP id 334DA40269; Wed, 5 Nov 2025 07:31:08 +0100 (CET) Received: from mail-pj1-f100.google.com (mail-pj1-f100.google.com [209.85.216.100]) by mails.dpdk.org (Postfix) with ESMTP id DAA2A40269 for ; Wed, 5 Nov 2025 07:31:06 +0100 (CET) Received: by mail-pj1-f100.google.com with SMTP id 98e67ed59e1d1-339d7c4039aso6308477a91.0 for ; Tue, 04 Nov 2025 22:31:06 -0800 (PST) DKIM-Signature: v=1; a=rsa-sha256; c=relaxed/relaxed; d=iol.unh.edu; s=unh-iol; t=1762324266; x=1762929066; darn=dpdk.org; h=cc:to:from:subject:message-id:date:from:to:cc:subject:date :message-id:reply-to; bh=/b3H1hcMAldZjGaiuKJF6TtxePB1unghLkksx4iC0d4=; b=fZRVGf3SXLrOgl54YXp23njEslSa6Dthi3/BCvxWFDr77uL4M7XGbfKNai4AQlDh6m ehD8QWI+EzMcB2VIDwXUwotQWhPnQmheKXpzV0yDcyt9D2UJRB+TSz6Piof+ukXjyMlv 3H5+yZAny8cISWg0zj6yOQU6ooPfbqMZwD4xI= X-Google-DKIM-Signature: v=1; a=rsa-sha256; c=relaxed/relaxed; d=1e100.net; s=20230601; t=1762324266; x=1762929066; h=cc:to:from:subject:message-id:date:x-gm-message-state:from:to:cc :subject:date:message-id:reply-to; bh=/b3H1hcMAldZjGaiuKJF6TtxePB1unghLkksx4iC0d4=; b=CcnZtC0+fKc9+HFZYDn1X6qhiOvgtqcJA3To/+ieBAdN2tQC0HHXAbWy9YFfq0CSyK V/CXaSkXix+sVnuEDByKqjQZYsbpWfRtTsxsAhJ9JShuKL5wVvUHbc37LQfxW2GXKc/1 GN9qB29lT3/QpV+G0HaP9zbYOFyPLG3uzXjKP3lS1KT/MZHBFLpPUOV6Iz8BMTVpdhO1 cTQYBXYvc5toqHCmYmnilLvVNfcHtuJEv0H0gTQPkArnLP2u+88FEFwocV6yWp7dx6Oy rHimvcgBdPCe2rfBwYU+fwZ6j2auyrouv/XeAfw16oc1W3eChZ7yHPYEe9z+krHXUQpk zQRw== X-Gm-Message-State: AOJu0Yyg2jG2mxu5sG/qfC/+V6S7PfzvJG38pCB3+wPagKZBCHqY94VJ ZrFdpvmi+TyH9nvgGTZsL1IS8xkRVIydV25VCP6BSGOJUFotjF4pr8aNr4vLawH3jBG0IHuYknb xupxd1dstNFcvgClGiJ9PFhUo0WHPHQUXbkBgXCvhhk+jZK9XdfZW X-Gm-Gg: ASbGncsY3KAomVGGF+vs+Ip9xOqph7AxrDrjkOQcDaiOXGnnqt1MvpFZoQxpGp+jIOX Wmc06BrQrr7T/bmPfeI6CEdHBF5uJcGDS6xqRxbvIOdE2LE2t6lo3/KhkyuGE3yQU0TcCHRULyR hC50KSL2hdrTa59kNkc7jZsUYEaHUf/kHD5NSk4KQ5t1/kvCAg2Ib64vK3tF5gsFHBhx55X9EJ6 0WeXm8a0iRaTZRrIJvsJfTw0uPsELzfu2xqNiLcFeGAR/OGlqcsOg36Npmon40mI4xHS5vEcoj7 HJKKWzhheoNVSJTiBzVs+diOO/k4xKgua+eHa4IybO2HwehKKGfRxJYOwru0qb/NA6DXCTLdQyc wM2Dp6Tfi X-Google-Smtp-Source: AGHT+IFgaimfs6w1oBR3OgAXp6Nneq3xvIAsLZc7GuAFXf4v5jqixSY6s6Q+ClMTGajjfPdYXsb0Nn8qhzbc X-Received: by 2002:a17:903:94e:b0:28e:9427:68f6 with SMTP id d9443c01a7336-2962adf0129mr32338675ad.27.1762324265966; Tue, 04 Nov 2025 22:31:05 -0800 (PST) Received: from postal.iol.unh.edu (postal.iol.unh.edu. [2606:4100:3880:1234::84]) by smtp-relay.gmail.com with ESMTPS id d9443c01a7336-2960197742asm4506765ad.20.2025.11.04.22.31.05 (version=TLS1_2 cipher=ECDHE-ECDSA-AES128-GCM-SHA256 bits=128/128); Tue, 04 Nov 2025 22:31:05 -0800 (PST) X-Relaying-Domain: iol.unh.edu Date: Tue, 04 Nov 2025 22:31:05 -0800 (PST) Message-ID: <690aef29.170a0220.28af86.8cd4SMTPIN_ADDED_MISSING@mx.google.com> Received: from [172.21.0.2] (unknown [172.18.0.240]) by postal.iol.unh.edu (Postfix) with ESMTP id 31B916051830; Wed, 5 Nov 2025 01:31:05 -0500 (EST) Subject: |FAILURE| [GIT MASTER] 62f583c49bf67dd4d6733ece14e55fe6839e66d1 From: dpdklab@iol.unh.edu To: Test Report Cc: dpdk-test-reports@iol.unh.edu, Xueming Li , Christian Ehrhardt , Kevin Traynor , Luca Boccassi Content-Type: text/plain X-BeenThere: test-report@dpdk.org X-Mailman-Version: 2.1.29 Precedence: list List-Id: automatic DPDK test reports List-Unsubscribe: , List-Archive: List-Post: List-Help: List-Subscribe: , Errors-To: test-report-bounces@dpdk.org _Testing issues_ Branch: tags/v23.11 62f583c49bf67dd4d6733ece14e55fe6839e66d1 --> testing issues Upstream job id: Generic-Unit-Test-DPDK#388678 Test environment and result as below: +------------------------------+---------------------------+------------------------------+----------------+--------------+ | Environment | cryptodev_sw_zuc_autotest | cryptodev_sw_snow3g_autotest | dpdk_unit_test | lpm_autotest | +==============================+===========================+==============================+================+==============+ | Debian 12 (arm) | PASS | PASS | SKIPPED | SKIPPED | +------------------------------+---------------------------+------------------------------+----------------+--------------+ | CentOS Stream 9 | SKIPPED | SKIPPED | PASS | SKIPPED | +------------------------------+---------------------------+------------------------------+----------------+--------------+ | Debian GNU/Linux 12 | SKIPPED | SKIPPED | PASS | SKIPPED | +------------------------------+---------------------------+------------------------------+----------------+--------------+ | CentOS Stream 10 | SKIPPED | SKIPPED | PASS | SKIPPED | +------------------------------+---------------------------+------------------------------+----------------+--------------+ | Fedora Linux 40 | SKIPPED | SKIPPED | PEND | SKIPPED | +------------------------------+---------------------------+------------------------------+----------------+--------------+ | Fedora Linux 42 | SKIPPED | SKIPPED | PEND | SKIPPED | +------------------------------+---------------------------+------------------------------+----------------+--------------+ | Ubuntu 20.04 | SKIPPED | SKIPPED | PEND | PASS | +------------------------------+---------------------------+------------------------------+----------------+--------------+ | Ubuntu 22.04 | SKIPPED | SKIPPED | PASS | SKIPPED | +------------------------------+---------------------------+------------------------------+----------------+--------------+ | Fedora Linux 41 | SKIPPED | SKIPPED | PEND | SKIPPED | +------------------------------+---------------------------+------------------------------+----------------+--------------+ | Red Hat Enterprise Linux 9.5 | SKIPPED | SKIPPED | PEND | SKIPPED | +------------------------------+---------------------------+------------------------------+----------------+--------------+ | Ubuntu 24.04 | SKIPPED | SKIPPED | PEND | SKIPPED | +------------------------------+---------------------------+------------------------------+----------------+--------------+ Debian 12 (arm) Kernel: Depends on container host Compiler: gcc (Debian 12.2.0-14) 12.2.0 CentOS Stream 9 Kernel: 5.4 Compiler: gcc gcc (GCC) 11.5.0 20240719 (Red Hat 11.5.0-11) Debian GNU/Linux 12 Kernel: 5.4 Compiler: gcc gcc (Debian 12.2.0-14+deb12u1) 12.2.0 CentOS Stream 10 Kernel: 5.4 Compiler: gcc gcc (GCC) 14.2.1 20250110 (Red Hat 14.2.1-8) Fedora Linux 40 Kernel: 5.4 Compiler: clang gcc (GCC) 14.2.1 20240912 (Red Hat 14.2.1-3) Fedora Linux 42 Kernel: 5.4 Compiler: gcc gcc (GCC) 15.2.1 20250808 (Red Hat 15.2.1-1) Ubuntu 20.04 Kernel: 5.4 Compiler: gcc gcc (Ubuntu 9.4.0-1ubuntu1~20.04.2) 9.4.0 Ubuntu 22.04 Kernel: 5.4 Compiler: gcc gcc (Ubuntu 11.4.0-1ubuntu1~22.04) 11.4.0 Fedora Linux 41 Kernel: 5.4 Compiler: gcc gcc (GCC) 14.3.1 20250523 (Red Hat 14.3.1-1) Red Hat Enterprise Linux 9.5 Kernel: 5.4 Compiler: gcc gcc (GCC) 11.5.0 20240719 (Red Hat 11.5.0-2) Ubuntu 24.04 Kernel: 5.4 Compiler: gcc gcc (Ubuntu 13.3.0-6ubuntu2~24.04) 13.3.0 To view detailed results, visit: https://lab.dpdk.org/results/dashboard/tarballs/35458/ UNH-IOL DPDK Community Lab To manage your email subscriptions, visit: https://lab.dpdk.org/results/dashboard/preferences/subscriptions/