From mboxrd@z Thu Jan 1 00:00:00 1970 Return-Path: Received: from mails.dpdk.org (mails.dpdk.org [217.70.189.124]) by inbox.dpdk.org (Postfix) with ESMTP id 8E64948A67 for ; Wed, 5 Nov 2025 07:46:51 +0100 (CET) Received: from mails.dpdk.org (localhost [127.0.0.1]) by mails.dpdk.org (Postfix) with ESMTP id 6EE8940269; Wed, 5 Nov 2025 07:46:51 +0100 (CET) Received: from mail-yw1-f225.google.com (mail-yw1-f225.google.com [209.85.128.225]) by mails.dpdk.org (Postfix) with ESMTP id 335A440269 for ; Wed, 5 Nov 2025 07:46:50 +0100 (CET) Received: by mail-yw1-f225.google.com with SMTP id 00721157ae682-7869deffb47so12487237b3.1 for ; Tue, 04 Nov 2025 22:46:50 -0800 (PST) DKIM-Signature: v=1; a=rsa-sha256; c=relaxed/relaxed; d=iol.unh.edu; s=unh-iol; t=1762325209; x=1762930009; darn=dpdk.org; h=cc:to:from:subject:message-id:date:from:to:cc:subject:date :message-id:reply-to; bh=lpQBDLSTxeKBzKXbAuatuAPgu9WqAUjqPmdL29iti04=; b=GW+SuRXYM/eAntQ5a0dcG2BAZjuJco9cPp0LOdpubOabVhPbbQXK+PgVScgTW9A8+9 5+teRnmzf0EDaHRwe2RZjek0Jw9z/4qX5xVcGdCUFWtQs5oGy0si3tOoPi06w0GOARSb gb18SRtpypGTxTBwP580PsOL5c2VTlUY5MrCM= X-Google-DKIM-Signature: v=1; a=rsa-sha256; c=relaxed/relaxed; d=1e100.net; s=20230601; t=1762325209; x=1762930009; h=cc:to:from:subject:message-id:date:x-gm-message-state:from:to:cc :subject:date:message-id:reply-to; bh=lpQBDLSTxeKBzKXbAuatuAPgu9WqAUjqPmdL29iti04=; b=DR40I4XUoaO3KXFJkIjDZeqj+PhkPaZB2e7EBnVBGR3Zp7Srug3KXpQvdx2BGVRR6F iP7YtvEPMw6njdG3mSeWy+yxFzlRjtsGFQ3zspK7oHXA0bzlGCc4cw4xn+X4BGvOlFvl 4+zYbDLFnBQbT3mGuUCQEcL6SyW6HWj5aAM/xWXQBCD5Gx0IAAyjnd45rXUFybndS5zD TCRl5tk6o3cIEJkq/4HfniQKgUkYH6HjatDri9hFveLMx48hKa5JHP3VY7NELaC4235x B/TNwG7SdNbPwVKFwCW2IoDcypusNLm/DpmS+ppz1+uRCnWw1VMaxXnjIO93/0PBZwi9 XEjw== X-Gm-Message-State: AOJu0Yy3e0mZOb7uTVAAP9OCAjkzo7r3MzwgkV+xBtVHTAJkKxYH22b4 TZG2HFVCPbe9lEVvDSr1c2Y16i1oiwTJwef1cueSyDbzxirs34AcprNj57Dh/cIZkZ8LRh5MVl9 yADkZrMjdA0TOyFPEGtwrhAhYk/CAby0YX3SVAjCblpUokFckm+IR X-Gm-Gg: ASbGnculLCFiqMlV+G1t3Bq0ACs7eo8q2FSVyRNRBO9EMIEg7yW4keTEZbA54dcwIfN TMFzzkNg0QeYLYCK6rYkFsiCysfo22+lUseDQyTkHDuEM2Ze4KVBfYZb6zn30O9uRXW7RzhMa4t 3BqrU3x5bydw/b28dDeYTpz91dw23figyPNYvtFtSfu+IX5iDxMOoB1svmYFllNA1UuzyjBOI7e 2BGt3Vo99pReOJOQuhZwZPP9JVP9ro+UfrHnIOAx/PJ9v8FdMnaPp7YWLtH/IuCVqTaHvCAZcF3 9BsvVCcVR/AR8DiorZouWPg35ru3F9PcZ47mpfwyE+jNGhZMrWyMWrof/iVtScGrOhtRqvQKHdg yilv9wBIx X-Google-Smtp-Source: AGHT+IHjTO1H7SUG8dfATumbycfK4d3ZHEvx+1Naqq8E/22VXcJFPUX63W5/XUgRMSaSn9JoYZ68YQZxwz9S X-Received: by 2002:a05:690c:3702:b0:786:a967:5a8a with SMTP id 00721157ae682-786a9676163mr6299317b3.51.1762325209566; Tue, 04 Nov 2025 22:46:49 -0800 (PST) Received: from postal.iol.unh.edu (postal.iol.unh.edu. [2606:4100:3880:1234::84]) by smtp-relay.gmail.com with ESMTPS id 00721157ae682-786a40c10besm865797b3.14.2025.11.04.22.46.49 (version=TLS1_2 cipher=ECDHE-ECDSA-AES128-GCM-SHA256 bits=128/128); Tue, 04 Nov 2025 22:46:49 -0800 (PST) X-Relaying-Domain: iol.unh.edu Date: Tue, 04 Nov 2025 22:46:49 -0800 (PST) Message-ID: <690af2d9.050a0220.176870.4908SMTPIN_ADDED_MISSING@mx.google.com> Received: from [172.21.0.2] (unknown [172.18.0.240]) by postal.iol.unh.edu (Postfix) with ESMTP id 34C8A60003E8; Wed, 5 Nov 2025 01:46:49 -0500 (EST) Subject: |FAILURE| [GIT MASTER] 62f583c49bf67dd4d6733ece14e55fe6839e66d1 From: dpdklab@iol.unh.edu To: Test Report Cc: dpdk-test-reports@iol.unh.edu, Xueming Li , Christian Ehrhardt , Kevin Traynor , Luca Boccassi Content-Type: text/plain X-BeenThere: test-report@dpdk.org X-Mailman-Version: 2.1.29 Precedence: list List-Id: automatic DPDK test reports List-Unsubscribe: , List-Archive: List-Post: List-Help: List-Subscribe: , Errors-To: test-report-bounces@dpdk.org _Testing issues_ Branch: tags/v23.11 62f583c49bf67dd4d6733ece14e55fe6839e66d1 --> testing issues Upstream job id: Generic-Unit-Test-DPDK#388684 Test environment and result as below: +-------------------------------+----------------+ | Environment | dpdk_unit_test | +===============================+================+ | CentOS Stream 10 | PASS | +-------------------------------+----------------+ | CentOS Stream 9 | PASS | +-------------------------------+----------------+ | Fedora Linux 40 | PASS | +-------------------------------+----------------+ | Fedora Linux 42 | WARN | +-------------------------------+----------------+ | Debian GNU/Linux 12 | PASS | +-------------------------------+----------------+ | Fedora Linux 41 | PASS | +-------------------------------+----------------+ | Ubuntu 20.04 | PASS | +-------------------------------+----------------+ | Red Hat Enterprise Linux 9.5 | PASS | +-------------------------------+----------------+ | Ubuntu 24.04 | PASS | +-------------------------------+----------------+ | Red Hat Enterprise Linux 8.10 | PASS | +-------------------------------+----------------+ | Ubuntu 22.04 | PASS | +-------------------------------+----------------+ | Windows Server 2022 | FAIL | +-------------------------------+----------------+ ==== Unit test summary for Windows Server 2022 (dpdk_unit_test): ==== Failed to get the unit test results. Displaying the unit test results is not supported for some environments, such as our aarch32 testing, where meson is not used to run the tests. Download the logs available on our CI site. ==== End log output ==== CentOS Stream 10 Kernel: 5.15 Compiler: gcc gcc (GCC) 14.2.1 20250110 (Red Hat 14.2.1-8) CentOS Stream 9 Kernel: 5.15 Compiler: gcc gcc (GCC) 11.5.0 20240719 (Red Hat 11.5.0-11) Fedora Linux 40 Kernel: 5.15 Compiler: gcc gcc (GCC) 14.2.1 20240912 (Red Hat 14.2.1-3) Fedora Linux 42 Kernel: 5.15 Compiler: clang gcc (GCC) 15.2.1 20250808 (Red Hat 15.2.1-1) Debian GNU/Linux 12 Kernel: 5.15 Compiler: gcc gcc (Debian 12.2.0-14+deb12u1) 12.2.0 Fedora Linux 41 Kernel: 5.15 Compiler: clang gcc (GCC) 14.3.1 20250523 (Red Hat 14.3.1-1) Ubuntu 20.04 Kernel: 5.15 Compiler: gcc gcc (Ubuntu 9.4.0-1ubuntu1~20.04.2) 9.4.0 Red Hat Enterprise Linux 9.5 Kernel: 5.15 Compiler: gcc gcc (GCC) 11.5.0 20240719 (Red Hat 11.5.0-2) Ubuntu 24.04 Kernel: 5.15 Compiler: gcc gcc (Ubuntu 13.3.0-6ubuntu2~24.04) 13.3.0 Red Hat Enterprise Linux 8.10 Kernel: 5.15 Compiler: gcc gcc (GCC) 8.5.0 20210514 (Red Hat 8.5.0-22) Ubuntu 22.04 Kernel: 5.15 Compiler: gcc gcc (Ubuntu 11.4.0-1ubuntu1~22.04) 11.4.0 Windows Server 2022 Kernel: 10.0.20348.2031 Compiler: clang 15.0.7, gcc 14.1.0 (MinGW), and MSVC VS 19.39.33521 To view detailed results, visit: https://lab.dpdk.org/results/dashboard/tarballs/35458/ UNH-IOL DPDK Community Lab To manage your email subscriptions, visit: https://lab.dpdk.org/results/dashboard/preferences/subscriptions/