From mboxrd@z Thu Jan 1 00:00:00 1970 Return-Path: Received: from mails.dpdk.org (mails.dpdk.org [217.70.189.124]) by inbox.dpdk.org (Postfix) with ESMTP id 313ED48A6C for ; Wed, 5 Nov 2025 08:54:10 +0100 (CET) Received: from mails.dpdk.org (localhost [127.0.0.1]) by mails.dpdk.org (Postfix) with ESMTP id 1AEDF400D7; Wed, 5 Nov 2025 08:54:10 +0100 (CET) Received: from mail-yw1-f226.google.com (mail-yw1-f226.google.com [209.85.128.226]) by mails.dpdk.org (Postfix) with ESMTP id BDB70400D7 for ; Wed, 5 Nov 2025 08:54:08 +0100 (CET) Received: by mail-yw1-f226.google.com with SMTP id 00721157ae682-780fe76f457so67188207b3.0 for ; Tue, 04 Nov 2025 23:54:08 -0800 (PST) DKIM-Signature: v=1; a=rsa-sha256; c=relaxed/relaxed; d=iol.unh.edu; s=unh-iol; t=1762329248; x=1762934048; darn=dpdk.org; h=cc:to:from:subject:message-id:date:from:to:cc:subject:date :message-id:reply-to; bh=/UnXT3GnxIiOCIH1wmlLLdAdHHkGNRjRR3w98aZVgiU=; b=OB8i2jsF2fFTqhDSTjac1oyIEQmBXI4IksdvMF5aEhJRakqi+KBtifmiOwwAasMiwU TuZgNOaGblQ/O/EeyS0iFCyHLKCPFpTp1dNR3/1UuFy4SI4dDYRVwI3VRCbp0VYoHnwl KIFtwxt686Y785c00rH82h6JbrLWJtXjvzUBQ= X-Google-DKIM-Signature: v=1; a=rsa-sha256; c=relaxed/relaxed; d=1e100.net; s=20230601; t=1762329248; x=1762934048; h=cc:to:from:subject:message-id:date:x-gm-message-state:from:to:cc :subject:date:message-id:reply-to; bh=/UnXT3GnxIiOCIH1wmlLLdAdHHkGNRjRR3w98aZVgiU=; b=DQqZ/EG51OB3YsqMx/7/rHGh44+dG0qUBYV8YWSEcveSrWhiis1JLLtsBwKyi8hcz/ SO+O6b7ISrIUSsz5M3YX6tbFITKcOVLpTjaIlvsdXf8TIWRc3K9oF5tA8Ib/g6Wiy7qn AH78HPVdt4a4624ALNSfYTMQhdsFZdFwjMbKQq4zlQ3dshBgZyYeGg4Co7T6g/M5SlIV ffYRi4/oE3DqYJSSM+1SkXU/C4v1N5/JFqLc11Rdx1esAyvgkpxedy+t/0TYfUcVj/Bi +o5sYVL/vmNiyaNcluZ0lFiTpM8zv1zLNzkldzj2sheSXhIR1WGeWCGXsK4dFqUbX4Ho BFvg== X-Gm-Message-State: AOJu0YxWN+kA/V3Req0AyaGBg6W8u/GPWA2nMtdRWmSR5fn+eO6SJuYG Waz7KT3e+q1R8IPF2jHNxnrShE5YEzepQfhMZIHYRtl8JZTsxrWlvU8NWlAxvOCNZUbWUj4fjWg 0HBVT/x2hqSokGeTZ4hoRAOQhdDHTnrxuPrimUSHqL0IgagbFCG1j X-Gm-Gg: ASbGncslQWmphtfhmkBLFY3mDVy9Fi20CGHmpljD/0OzyCT+XIPBP9wH5wXbJ6ihCzu 4DVT3f1ARnvZNrHAeHKr0DPd4bGuK4Xgb/tMc5awY5rQzWvx3kMKVHiClIu4+oVv4Jy4EsJ0Frt /aYfqba2uC9gAQVL9BBPB0UAzP7G8U6rGsXq9VAxy1BXsOZ33J9V9NMS4hRMwMfO4HYbBxx/3Pb 1xp0FVmW6lcYYbf0CXkvfNK04nyklkx7xpczdLUhIfZjDQty0CUBI06zh+aJR/Jg0qu5cj8RuhA irtkuBuVD8K4cxIjZy91HQUl94QzJ/cTlEgryJQWxA8k8eODQ36ucFFCziR/ycaOPc/KhHR8ByX 8t5FDAfna X-Google-Smtp-Source: AGHT+IEmUzhX3+uMgGwXUGkBhAhVgG1B1zj78Sl/ijstwrXI7U/X39ekXPDc5nwMz+PDFQcdypVNvlEQya10 X-Received: by 2002:a05:690c:6e11:b0:786:62bb:f6f5 with SMTP id 00721157ae682-786a4126567mr39528637b3.17.1762329248035; Tue, 04 Nov 2025 23:54:08 -0800 (PST) Received: from postal.iol.unh.edu (postal.iol.unh.edu. [2606:4100:3880:1234::84]) by smtp-relay.gmail.com with ESMTPS id 00721157ae682-78691dcfab1sm2656807b3.18.2025.11.04.23.54.07 (version=TLS1_2 cipher=ECDHE-ECDSA-AES128-GCM-SHA256 bits=128/128); Tue, 04 Nov 2025 23:54:08 -0800 (PST) X-Relaying-Domain: iol.unh.edu Date: Tue, 04 Nov 2025 23:54:08 -0800 (PST) Message-ID: <690b02a0.050a0220.226a24.f76fSMTPIN_ADDED_MISSING@mx.google.com> Received: from [172.21.0.2] (unknown [172.18.0.240]) by postal.iol.unh.edu (Postfix) with ESMTP id AF4A26051830; Wed, 5 Nov 2025 02:54:07 -0500 (EST) Subject: |FAILURE| [GIT MASTER] 62f583c49bf67dd4d6733ece14e55fe6839e66d1 From: dpdklab@iol.unh.edu To: Test Report Cc: dpdk-test-reports@iol.unh.edu, Xueming Li , Christian Ehrhardt , Kevin Traynor , Luca Boccassi Content-Type: text/plain X-BeenThere: test-report@dpdk.org X-Mailman-Version: 2.1.29 Precedence: list List-Id: automatic DPDK test reports List-Unsubscribe: , List-Archive: List-Post: List-Help: List-Subscribe: , Errors-To: test-report-bounces@dpdk.org _Testing issues_ Branch: tags/v23.11 62f583c49bf67dd4d6733ece14e55fe6839e66d1 --> testing issues Upstream job id: Generic-DPDK-Compile-Meson#440846 Test environment and result as below: +------------------------------+--------------------+ | Environment | dpdk_meson_compile | +==============================+====================+ | Ubuntu 20.04 | PASS | +------------------------------+--------------------+ | Debian GNU/Linux 12 | PASS | +------------------------------+--------------------+ | Fedora Linux 42 | PASS | +------------------------------+--------------------+ | CentOS Stream 9 | PASS | +------------------------------+--------------------+ | Red Hat Enterprise Linux 9.5 | PASS | +------------------------------+--------------------+ | Ubuntu 22.04 | PASS | +------------------------------+--------------------+ | CentOS Stream 10 | PASS | +------------------------------+--------------------+ | Ubuntu 24.04 | PASS | +------------------------------+--------------------+ Ubuntu 20.04 Kernel: 5.4 Compiler: gcc gcc (Ubuntu 9.4.0-1ubuntu1~20.04.2) 9.4.0 Debian GNU/Linux 12 Kernel: 5.4 Compiler: gcc gcc (Debian 12.2.0-14+deb12u1) 12.2.0 Fedora Linux 42 Kernel: 5.4 Compiler: gcc gcc (GCC) 15.2.1 20250808 (Red Hat 15.2.1-1) CentOS Stream 9 Kernel: 5.4 Compiler: gcc gcc (GCC) 11.5.0 20240719 (Red Hat 11.5.0-11) Red Hat Enterprise Linux 9.5 Kernel: 5.4 Compiler: gcc gcc (GCC) 11.5.0 20240719 (Red Hat 11.5.0-2) Ubuntu 22.04 Kernel: 5.4 Compiler: gcc gcc (Ubuntu 11.4.0-1ubuntu1~22.04) 11.4.0 CentOS Stream 10 Kernel: 5.4 Compiler: gcc gcc (GCC) 14.2.1 20250110 (Red Hat 14.2.1-8) Ubuntu 24.04 Kernel: 5.4 Compiler: gcc gcc (Ubuntu 13.3.0-6ubuntu2~24.04) 13.3.0 To view detailed results, visit: https://lab.dpdk.org/results/dashboard/tarballs/35458/ UNH-IOL DPDK Community Lab To manage your email subscriptions, visit: https://lab.dpdk.org/results/dashboard/preferences/subscriptions/