From mboxrd@z Thu Jan 1 00:00:00 1970 Return-Path: Received: from mails.dpdk.org (mails.dpdk.org [217.70.189.124]) by inbox.dpdk.org (Postfix) with ESMTP id 04BC848A79 for ; Thu, 6 Nov 2025 06:31:31 +0100 (CET) Received: from mails.dpdk.org (localhost [127.0.0.1]) by mails.dpdk.org (Postfix) with ESMTP id E28874013F; Thu, 6 Nov 2025 06:31:30 +0100 (CET) Received: from mail-il1-f227.google.com (mail-il1-f227.google.com [209.85.166.227]) by mails.dpdk.org (Postfix) with ESMTP id 58A404013F for ; Thu, 6 Nov 2025 06:31:30 +0100 (CET) Received: by mail-il1-f227.google.com with SMTP id e9e14a558f8ab-4330ef18d8aso5098835ab.0 for ; Wed, 05 Nov 2025 21:31:30 -0800 (PST) DKIM-Signature: v=1; a=rsa-sha256; c=relaxed/relaxed; d=iol.unh.edu; s=unh-iol; t=1762407089; x=1763011889; darn=dpdk.org; h=cc:to:from:subject:message-id:date:from:to:cc:subject:date :message-id:reply-to; bh=ZbaaP8OtjIRKFas3JqGBnU3mglfEYuyGDVKp/s2H17c=; b=H3zb4U7wdqGaJktelijk73TSwcF9pkHwDRFZ1+4iTtbw7DNXVV5c+KEOkpNE/7okfK BxWO3yfOF0XX/64jpB4JdlrNZWsJZbVBl7tZSDdw78utu8rTml2snTuDKFtdhDGFs+uk EhuyD4Iv6klaACk7rHGjNZO21TUEUAbn4K7nk= X-Google-DKIM-Signature: v=1; a=rsa-sha256; c=relaxed/relaxed; d=1e100.net; s=20230601; t=1762407089; x=1763011889; h=cc:to:from:subject:message-id:date:x-gm-message-state:from:to:cc :subject:date:message-id:reply-to; bh=ZbaaP8OtjIRKFas3JqGBnU3mglfEYuyGDVKp/s2H17c=; b=Fd15FtFf+uNeWDeqMfrmTRwupjsGGXQxyYGHJLBPRuu92n+sWjykEaYhhT0DmmBBR8 Oha/uqG2gHp1wjiBamqkKJal/vsY23ZdBY0DjNj8ea+aeh3IrkcH0XGgQWND7WvDsEQm rxPjuhqBkUYWdNDJ0gcaxT7/tJqAX0dLNbRGAuSQF3btrSjXqbjYKdZAal49xAwD6fJM xjfrM/UQCvCZyDw/hppvBA6VEZW2bYyWQ4rPyvIvCrYAa8rMeLs4gxjM4CBEOTu3QAU4 sdm/Go8czDCiLtRuJ+LNYibHM4zSMNmAIJbHNxM3iEl+M71zEvhctg1PrGpQXheh4ngG ZFBA== X-Gm-Message-State: AOJu0YzQtIVhw+PIKkSExUYV8aL0/PQofuqFvZwLdGU1XBxo8u98BN7A JQyf6bmc1JZRXkg/VygoKiEHrcSdFRfuChuG7ou06Xj4pLIz5bYBHa/MDpmtcvJqqeqBpdLtKEs dEf1rAA6vIfTsBC85slHD1mB0V5zlD91wuwLIwQ4seHEZmJV838dA X-Gm-Gg: ASbGncsvzJ0sp2DnJ1jjc9RqICHGkDfZhs7NwnGTklyOswOwIp9ra311O+T83ubGQ2i YSn2enpM5sM96e7Cq7DSfqRXCX5NE9eeYKT83tXuiVvO3Wj6qeOVcuD/KXZaB37kx5fNFk7LvAH Eeq4FqiLZz0Kbo0CyjQ6w3+lbSFNkfIC0w2XKrTThbErbeaZQ4bS0w1ElZIIMWzKyInUbaqydNn wOXc2Nop61nZ462NEFd/GbimzVvtk928IJN7uqNGWnfDUWM6Y4nTIVBWBockG/opgglRLgZE5+M vs+qBzOlVsAxasc+Zgw8A2cdW2Ry49y/CFfOu7x+3GeE8WeG3Y+DrVYGG7l15tYBB6MovpK53HF ZmSTz7T5Q X-Google-Smtp-Source: AGHT+IHHr75ojqoh/iI0/U9+xx95sUqva/cV4qAhvdoLIfGkZUF4hQUv71Vww6KbHUs/AVUXKu8tiTOnbFB/ X-Received: by 2002:a05:6e02:144a:b0:433:2091:8a80 with SMTP id e9e14a558f8ab-433407535f9mr72440715ab.7.1762407089580; Wed, 05 Nov 2025 21:31:29 -0800 (PST) Received: from postal.iol.unh.edu (postal.iol.unh.edu. [2606:4100:3880:1234::84]) by smtp-relay.gmail.com with ESMTPS id 8926c6da1cb9f-5b746739b58sm151295173.1.2025.11.05.21.31.29 (version=TLS1_2 cipher=ECDHE-ECDSA-AES128-GCM-SHA256 bits=128/128); Wed, 05 Nov 2025 21:31:29 -0800 (PST) X-Relaying-Domain: iol.unh.edu Date: Wed, 05 Nov 2025 21:31:29 -0800 (PST) Message-ID: <690c32b1.050a0220.3a4b1d.7cc1SMTPIN_ADDED_MISSING@mx.google.com> Received: from [172.21.0.2] (unknown [172.18.0.240]) by postal.iol.unh.edu (Postfix) with ESMTP id 3DC286051830; Thu, 6 Nov 2025 00:31:29 -0500 (EST) Subject: |FAILURE| [GIT MASTER] 62f583c49bf67dd4d6733ece14e55fe6839e66d1 From: dpdklab@iol.unh.edu To: Test Report Cc: dpdk-test-reports@iol.unh.edu, Xueming Li , Christian Ehrhardt , Kevin Traynor , Luca Boccassi Content-Type: text/plain X-BeenThere: test-report@dpdk.org X-Mailman-Version: 2.1.29 Precedence: list List-Id: automatic DPDK test reports List-Unsubscribe: , List-Archive: List-Post: List-Help: List-Subscribe: , Errors-To: test-report-bounces@dpdk.org _Testing issues_ Branch: tags/v23.11 62f583c49bf67dd4d6733ece14e55fe6839e66d1 --> testing issues Upstream job id: Windows-Compile-DPDK-Native#32161 Test environment and result as below: +---------------------+--------------------+-------------------+-------------------------+ | Environment | dpdk_meson_compile | dpdk_msvc_compile | dpdk_llvm_clang_compile | +=====================+====================+===================+=========================+ | Ubuntu 20.04 | PASS | SKIPPED | SKIPPED | +---------------------+--------------------+-------------------+-------------------------+ | FreeBSD 14.2 | PASS | SKIPPED | SKIPPED | +---------------------+--------------------+-------------------+-------------------------+ | Windows Server 2022 | SKIPPED | PASS | FAIL | +---------------------+--------------------+-------------------+-------------------------+ ==== 20 line log output for Windows Server 2022 (dpdk_llvm_clang_compile): ==== Compiler for C supports arguments -mavx512f: YES (cached) Compiler for C supports arguments -mavx512bw: YES (cached) Compiler for C supports arguments -mavx512dq: YES (cached) Compiler for C supports arguments -march=skylake-avx512: YES Message: drivers/common/idpf: Defining dependency "common_idpf" Message: drivers/bus/auxiliary: Defining dependency "bus_auxiliary" Compiler for C supports arguments -Wno-cast-qual: YES (cached) Compiler for C supports arguments -Wno-pointer-arith: YES (cached) Message: drivers/bus/pci: Defining dependency "bus_pci" Message: drivers/bus/vdev: Defining dependency "bus_vdev" Compiler for C supports arguments -std=c11: YES Compiler for C supports arguments -Wno-strict-prototypes: YES Compiler for C supports arguments -D_BSD_SOURCE: YES Compiler for C supports arguments -D_DEFAULT_SOURCE: YES Compiler for C supports arguments -D_XOPEN_SOURCE=600: YES Has header "mlx5devx.h" : YES drivers\common\mlx5\windows\meson.build:10:13: ERROR: C shared or static library 'mlx5devx' not found A full log can be found at C:\Users\builder\jenkins\workspace\Windows-Compile-DPDK-Native\dpdk\build\meson-logs\meson-log.txt ==== End log output ==== Ubuntu 20.04 Kernel: 4.19 Compiler: gcc gcc (Ubuntu 9.4.0-1ubuntu1~20.04.2) 9.4.0 FreeBSD 14.2 Kernel: 14.2-RELEASE Compiler: clang 18.1.6 Windows Server 2022 Kernel: 10.0.20348.2031 Compiler: clang 15.0.7, gcc 14.1.0 (MinGW), and MSVC VS 19.39.33521 To view detailed results, visit: https://lab.dpdk.org/results/dashboard/tarballs/35477/ UNH-IOL DPDK Community Lab To manage your email subscriptions, visit: https://lab.dpdk.org/results/dashboard/preferences/subscriptions/