From mboxrd@z Thu Jan 1 00:00:00 1970 Return-Path: Received: from mails.dpdk.org (mails.dpdk.org [217.70.189.124]) by inbox.dpdk.org (Postfix) with ESMTP id 33D3448A79 for ; Thu, 6 Nov 2025 06:33:34 +0100 (CET) Received: from mails.dpdk.org (localhost [127.0.0.1]) by mails.dpdk.org (Postfix) with ESMTP id 27D464013F; Thu, 6 Nov 2025 06:33:34 +0100 (CET) Received: from mail-qk1-f225.google.com (mail-qk1-f225.google.com [209.85.222.225]) by mails.dpdk.org (Postfix) with ESMTP id 6E7BB4013F for ; Thu, 6 Nov 2025 06:33:33 +0100 (CET) Received: by mail-qk1-f225.google.com with SMTP id af79cd13be357-890521c116fso50452285a.3 for ; Wed, 05 Nov 2025 21:33:33 -0800 (PST) DKIM-Signature: v=1; a=rsa-sha256; c=relaxed/relaxed; d=iol.unh.edu; s=unh-iol; t=1762407213; x=1763012013; darn=dpdk.org; h=cc:to:from:subject:message-id:date:from:to:cc:subject:date :message-id:reply-to; bh=MCMg+JRCsPepHdGgoPamSIFt618wgjRKMST3wPopumA=; b=BvlbFo99i8deCyfraCyI7R4NZCEI5Vj1SWTRZj8DZUx2Ct+nDdab4q2poO/5IYnONE ccoczToaGUcMHVaWxwkEfL3/XRvWPXQYG7JzAUB9WxKPtTPNQuVlVXludJM2l5MkjL0s HSC3wuzL4nDJJQUNMGhbqAc/oNlhpxbzidUyU= X-Google-DKIM-Signature: v=1; a=rsa-sha256; c=relaxed/relaxed; d=1e100.net; s=20230601; t=1762407213; x=1763012013; h=cc:to:from:subject:message-id:date:x-gm-message-state:from:to:cc :subject:date:message-id:reply-to; bh=MCMg+JRCsPepHdGgoPamSIFt618wgjRKMST3wPopumA=; b=JA03GgQ6XMYIxFqrXpEA/R23eymRHcpNzaQgmlqKtKWefvDNrbEIjkSt16YTfoysvs Z5uWP4FBx19D7CDQSPzD95ls+WflMPCaDgbiko0GzgI1fiGal+qUdgYxX/yk/B3eMCp9 THFJlDJr1g3l3QT07ad48VYys1kaNAHVcUfC8Q1ZoKIbMY/fFaPBoq7apXqGjMV/1sM7 A6bVc3e5Jf8ULy9wPjiDvbW936WoG6CNiuIa8qpeFUDeeZcCbUiF1wAO2D6bSY4gM5uy nfxeLFRBKFiZaulIjN6I8rDMQzLl27mLl75uXk+2PoIqZj+XoFW/bkEEhmDxQLbah6Hp RpdA== X-Gm-Message-State: AOJu0YyDXFEWYjicXb19JEbvtqTU7alsY7FTEG0gu68KnVNegwhNyUdX yLWyYz59OCnUtnnRjOpApaE94PpqOo/Zgn+v/y7DIt7gVQBQVohs6umwb1MwhlQrjzJz+2W/QVB bElSIJcFs5ByLbt2a9FCdmh3FnUz47iNof0vyCanDYXRjiIWcC4+7 X-Gm-Gg: ASbGncunAKyiZpdniYCYBkPupwIGf/QcIkG1Suafkg/VAxl2PEarP9V/hEtcGcN9wxk 6ltuKkWcSL5f1MsLmDhesWpJNr7VFpD3qdtoivW/n+1XEVgckSjr05PzEZ4gMDwWoL1Ks2sEaPr KjjZjmn+66QLNm8hlPYehSkbIdmqodVXUwCHbyiL+BQwPPpKCPc42tgvFBE8RU1NY4hMp6TiRxS sFdS05boP2ACcaRFD8odubP16dcqDeyeP/P9PTGexgoh5PfLf2ZVVYyhn0NL74SWJ32GDwHx9Ds XCK02iMGuTnFIkUOG0I/FYAy3Plz5VDp1gmUpsGDgDEInTnLoMjxq3k51OL/t69npGifRa/j/Jm PN58Rm8kA X-Google-Smtp-Source: AGHT+IF9d722hbwnPozvj4sMm4mPPor2pOlSs45zpdx8Py64ohfk1/haPCuLwjWWpzmhBpJU02BF5mtOeukW X-Received: by 2002:a05:620a:450a:b0:864:48eb:34e with SMTP id af79cd13be357-8b220b52b04mr766567085a.55.1762407212788; Wed, 05 Nov 2025 21:33:32 -0800 (PST) Received: from postal.iol.unh.edu (postal.iol.unh.edu. [2606:4100:3880:1234::84]) by smtp-relay.gmail.com with ESMTPS id af79cd13be357-8b2354bd17esm13935585a.2.2025.11.05.21.33.32 (version=TLS1_2 cipher=ECDHE-ECDSA-AES128-GCM-SHA256 bits=128/128); Wed, 05 Nov 2025 21:33:32 -0800 (PST) X-Relaying-Domain: iol.unh.edu Date: Wed, 05 Nov 2025 21:33:32 -0800 (PST) Message-ID: <690c332c.050a0220.ac34f.7548SMTPIN_ADDED_MISSING@mx.google.com> Received: from [172.21.0.3] (unknown [172.18.0.240]) by postal.iol.unh.edu (Postfix) with ESMTP id 4B7906051830; Thu, 6 Nov 2025 00:33:32 -0500 (EST) Subject: |FAILURE| [GIT MASTER] 62f583c49bf67dd4d6733ece14e55fe6839e66d1 From: dpdklab@iol.unh.edu To: Test Report Cc: dpdk-test-reports@iol.unh.edu, Xueming Li , Christian Ehrhardt , Kevin Traynor , Luca Boccassi Content-Type: text/plain X-BeenThere: test-report@dpdk.org X-Mailman-Version: 2.1.29 Precedence: list List-Id: automatic DPDK test reports List-Unsubscribe: , List-Archive: List-Post: List-Help: List-Subscribe: , Errors-To: test-report-bounces@dpdk.org _Testing issues_ Branch: tags/v23.11 62f583c49bf67dd4d6733ece14e55fe6839e66d1 --> testing issues Upstream job id: Windows-Compile-DPDK-Native#32162 Test environment and result as below: +---------------------+--------------------+-------------------+-------------------------+----------------------+ | Environment | dpdk_meson_compile | dpdk_msvc_compile | dpdk_llvm_clang_compile | dpdk_mingw64_compile | +=====================+====================+===================+=========================+======================+ | Ubuntu 20.04 | PASS | SKIPPED | SKIPPED | SKIPPED | +---------------------+--------------------+-------------------+-------------------------+----------------------+ | FreeBSD 14.2 | PASS | SKIPPED | SKIPPED | SKIPPED | +---------------------+--------------------+-------------------+-------------------------+----------------------+ | Windows Server 2022 | SKIPPED | PASS | FAIL | PASS | +---------------------+--------------------+-------------------+-------------------------+----------------------+ ==== 20 line log output for Windows Server 2022 (dpdk_llvm_clang_compile): ==== Compiler for C supports arguments -mavx512f: YES (cached) Compiler for C supports arguments -mavx512bw: YES (cached) Compiler for C supports arguments -mavx512dq: YES (cached) Compiler for C supports arguments -march=skylake-avx512: YES Message: drivers/common/idpf: Defining dependency "common_idpf" Message: drivers/bus/auxiliary: Defining dependency "bus_auxiliary" Compiler for C supports arguments -Wno-cast-qual: YES (cached) Compiler for C supports arguments -Wno-pointer-arith: YES (cached) Message: drivers/bus/pci: Defining dependency "bus_pci" Message: drivers/bus/vdev: Defining dependency "bus_vdev" Compiler for C supports arguments -std=c11: YES Compiler for C supports arguments -Wno-strict-prototypes: YES Compiler for C supports arguments -D_BSD_SOURCE: YES Compiler for C supports arguments -D_DEFAULT_SOURCE: YES Compiler for C supports arguments -D_XOPEN_SOURCE=600: YES Has header "mlx5devx.h" : YES drivers\common\mlx5\windows\meson.build:10:13: ERROR: C shared or static library 'mlx5devx' not found A full log can be found at C:\Users\builder\jenkins\workspace\Windows-Compile-DPDK-Native\dpdk\build\meson-logs\meson-log.txt ==== End log output ==== Ubuntu 20.04 Kernel: 4.19 Compiler: gcc gcc (Ubuntu 9.4.0-1ubuntu1~20.04.2) 9.4.0 FreeBSD 14.2 Kernel: 14.2-RELEASE Compiler: clang 18.1.6 Windows Server 2022 Kernel: 10.0.20348.2031 Compiler: clang 15.0.7, gcc 14.1.0 (MinGW), and MSVC VS 19.39.33521 To view detailed results, visit: https://lab.dpdk.org/results/dashboard/tarballs/35477/ UNH-IOL DPDK Community Lab To manage your email subscriptions, visit: https://lab.dpdk.org/results/dashboard/preferences/subscriptions/