From mboxrd@z Thu Jan 1 00:00:00 1970 Return-Path: Received: from mails.dpdk.org (mails.dpdk.org [217.70.189.124]) by inbox.dpdk.org (Postfix) with ESMTP id BB85E48A7E for ; Thu, 6 Nov 2025 08:11:30 +0100 (CET) Received: from mails.dpdk.org (localhost [127.0.0.1]) by mails.dpdk.org (Postfix) with ESMTP id B39954013F; Thu, 6 Nov 2025 08:11:30 +0100 (CET) Received: from mail-il1-f228.google.com (mail-il1-f228.google.com [209.85.166.228]) by mails.dpdk.org (Postfix) with ESMTP id B4D874013F for ; Thu, 6 Nov 2025 08:11:29 +0100 (CET) Received: by mail-il1-f228.google.com with SMTP id e9e14a558f8ab-43326c74e19so2859235ab.1 for ; Wed, 05 Nov 2025 23:11:29 -0800 (PST) DKIM-Signature: v=1; a=rsa-sha256; c=relaxed/relaxed; d=iol.unh.edu; s=unh-iol; t=1762413089; x=1763017889; darn=dpdk.org; h=cc:to:from:subject:message-id:date:from:to:cc:subject:date :message-id:reply-to; bh=Ydphcd9LPRr3b3EZNnyBjedZWlyIrVIZ2q5iZNAIm/w=; b=KcDb4PExHZUhe/3SVTgf+zdKuxQJXOWvxxWJcvUhybmVwvSEYfHfZveXtEb2NF7AYl ljrbFgGjzQXqANJ2TSp50NJXdHF10osiP4rMStYG+HWQpXRAkpc7Eq6e1IlMVFxWuwrE lbpN5inGGgjTMZz1gn1xOxBrKNKzfFHoWfW/w= X-Google-DKIM-Signature: v=1; a=rsa-sha256; c=relaxed/relaxed; d=1e100.net; s=20230601; t=1762413089; x=1763017889; h=cc:to:from:subject:message-id:date:x-gm-message-state:from:to:cc :subject:date:message-id:reply-to; bh=Ydphcd9LPRr3b3EZNnyBjedZWlyIrVIZ2q5iZNAIm/w=; b=KuwyAOCFIxrem8tpuixCGonIJUPDdqsudQ4fIb3oHGwc5BJNZG8+DjnH8Kgu0PgzIM YKgBTvfmlLQfRQ+wEqfWmAQhlF8In9227jTWkPGRgB1cTWDWamokjTH8TmOAKOuidGCB ZWQUpynYFnObYhyS4h3mZIz4+l5XxLKg9qpIXSZ8e+ZwjODPfGKLf8Cbj2qryuGiMJ8q IYSOszjVSs3pyR5Fu1OqvK0Kv8/KhWDG1lGATu7e5u18AG5MYG0Cw3B6VU5/KnEGTvnH gzXO6lNYXKfrOdmt9rFElYSlbXdjwo6U5N/fbzCTeHp/LX41JXisdOyliJG5a4/UmWOb euAQ== X-Gm-Message-State: AOJu0YwSyqanoALTdKhMTiRlSydS0uTmmuK1pCWzZlr2mQ7siuax+q4/ +CtqrLVyOf9tbLYjUWB/z+TvquR+JKnb5v8h/HiEg77Rdn9U0ph6pnVgV//MJ3UDK0KD1UO7znP aY0835AlVEtNE4LTQh3E0/muFS0Y1Bx2tubsx X-Gm-Gg: ASbGnctnSpE6JXwZidDocs1FqzwLGV4OKifSqtBPIVUYwiVhEgHV/gBOAQ5Y7sjoRNN Vq4gap2tHa/f4+xhPew/9ny1We6qqJeMpoK9o5PfEaQvHUpLKpsAkqB7woe9PYxtLIVay/KddYP 8r4l75WH8e87et4cTtyKVV9J1aUc4kd4rToppMVZOftlOi3d++753WPcrmxNIXCY9wJoyaJLiuF N1Nq49MjhoJ8MTH3WYHaq99uNidXbSB0fuAJEmRH49d9SbpP8HmgEISIfyVM7bCURNMM39FtwjS n0kq+0Z/3c0MqdbAJw7RDFC6da8pyPdbAKtH4KKWM1ZiYJUybdZsYZ3QOBIex7SOZE5nMnPFGOA t9O7ALYVDx/DCJ1ltABkagPMjk2RoTU8= X-Google-Smtp-Source: AGHT+IENXsRlI3HbSxYqoFPDdluAeMFNLZ62ey4vhtcGCLTqUeT/longumM7kBh4C8AV/N/9ceLsTWU5tDgW X-Received: by 2002:a05:6e02:3712:b0:433:2b3f:6b6c with SMTP id e9e14a558f8ab-433407a31b1mr100092805ab.6.1762413089016; Wed, 05 Nov 2025 23:11:29 -0800 (PST) Received: from postal.iol.unh.edu (postal.iol.unh.edu. [132.177.123.84]) by smtp-relay.gmail.com with ESMTPS id 8926c6da1cb9f-5b74676a695sm192986173.9.2025.11.05.23.11.28 (version=TLS1_2 cipher=ECDHE-ECDSA-AES128-GCM-SHA256 bits=128/128); Wed, 05 Nov 2025 23:11:29 -0800 (PST) X-Relaying-Domain: iol.unh.edu Date: Wed, 05 Nov 2025 23:11:29 -0800 (PST) Message-ID: <690c4a21.050a0220.2dee7.9d25SMTPIN_ADDED_MISSING@mx.google.com> Received: from [172.21.0.2] (unknown [172.18.0.240]) by postal.iol.unh.edu (Postfix) with ESMTP id 8C4C26050A61; Thu, 6 Nov 2025 02:11:28 -0500 (EST) Subject: |FAILURE| [GIT MASTER] 62f583c49bf67dd4d6733ece14e55fe6839e66d1 From: dpdklab@iol.unh.edu To: Test Report Cc: dpdk-test-reports@iol.unh.edu, Xueming Li , Christian Ehrhardt , Kevin Traynor , Luca Boccassi Content-Type: text/plain X-BeenThere: test-report@dpdk.org X-Mailman-Version: 2.1.29 Precedence: list List-Id: automatic DPDK test reports List-Unsubscribe: , List-Archive: List-Post: List-Help: List-Subscribe: , Errors-To: test-report-bounces@dpdk.org _Testing issues_ Branch: tags/v23.11 62f583c49bf67dd4d6733ece14e55fe6839e66d1 --> testing issues Upstream job id: Generic-DPDK-Compile-Meson#441369 Test environment and result as below: +-------------------------------+--------------------+-------------------+-------------------------+----------------------+------------------+ | Environment | dpdk_meson_compile | dpdk_msvc_compile | dpdk_llvm_clang_compile | dpdk_mingw64_compile | dpdk_compile_ovs | +===============================+====================+===================+=========================+======================+==================+ | Ubuntu 20.04 | PASS | SKIPPED | SKIPPED | SKIPPED | SKIPPED | +-------------------------------+--------------------+-------------------+-------------------------+----------------------+------------------+ | FreeBSD 14.2 | PASS | SKIPPED | SKIPPED | SKIPPED | SKIPPED | +-------------------------------+--------------------+-------------------+-------------------------+----------------------+------------------+ | CentOS Stream 9 | PASS | SKIPPED | SKIPPED | SKIPPED | SKIPPED | +-------------------------------+--------------------+-------------------+-------------------------+----------------------+------------------+ | CentOS Stream 10 | PASS | SKIPPED | SKIPPED | SKIPPED | SKIPPED | +-------------------------------+--------------------+-------------------+-------------------------+----------------------+------------------+ | Debian GNU/Linux 12 | PASS | SKIPPED | SKIPPED | SKIPPED | SKIPPED | +-------------------------------+--------------------+-------------------+-------------------------+----------------------+------------------+ | Fedora Linux 42 | FAIL | SKIPPED | SKIPPED | SKIPPED | WARN | +-------------------------------+--------------------+-------------------+-------------------------+----------------------+------------------+ | openSUSE Leap 15.6 | PASS | SKIPPED | SKIPPED | SKIPPED | SKIPPED | +-------------------------------+--------------------+-------------------+-------------------------+----------------------+------------------+ | Red Hat Enterprise Linux 8.10 | PASS | SKIPPED | SKIPPED | SKIPPED | SKIPPED | +-------------------------------+--------------------+-------------------+-------------------------+----------------------+------------------+ | Red Hat Enterprise Linux 9.5 | PASS | SKIPPED | SKIPPED | SKIPPED | SKIPPED | +-------------------------------+--------------------+-------------------+-------------------------+----------------------+------------------+ | Ubuntu 22.04 | PASS | SKIPPED | SKIPPED | SKIPPED | SKIPPED | +-------------------------------+--------------------+-------------------+-------------------------+----------------------+------------------+ | Ubuntu 24.04 | PASS | SKIPPED | SKIPPED | SKIPPED | PASS | +-------------------------------+--------------------+-------------------+-------------------------+----------------------+------------------+ | Alpine Linux 3.22.0 | PASS | SKIPPED | SKIPPED | SKIPPED | SKIPPED | +-------------------------------+--------------------+-------------------+-------------------------+----------------------+------------------+ | Windows Server 2022 | SKIPPED | PASS | FAIL | PASS | SKIPPED | +-------------------------------+--------------------+-------------------+-------------------------+----------------------+------------------+ ==== 20 line log output for Windows Server 2022 (dpdk_llvm_clang_compile): ==== Compiler for C supports arguments -mavx512f: YES (cached) Compiler for C supports arguments -mavx512bw: YES (cached) Compiler for C supports arguments -mavx512dq: YES (cached) Compiler for C supports arguments -march=skylake-avx512: YES Message: drivers/common/idpf: Defining dependency "common_idpf" Message: drivers/bus/auxiliary: Defining dependency "bus_auxiliary" Compiler for C supports arguments -Wno-cast-qual: YES (cached) Compiler for C supports arguments -Wno-pointer-arith: YES (cached) Message: drivers/bus/pci: Defining dependency "bus_pci" Message: drivers/bus/vdev: Defining dependency "bus_vdev" Compiler for C supports arguments -std=c11: YES Compiler for C supports arguments -Wno-strict-prototypes: YES Compiler for C supports arguments -D_BSD_SOURCE: YES Compiler for C supports arguments -D_DEFAULT_SOURCE: YES Compiler for C supports arguments -D_XOPEN_SOURCE=600: YES Has header "mlx5devx.h" : YES drivers\common\mlx5\windows\meson.build:10:13: ERROR: C shared or static library 'mlx5devx' not found A full log can be found at C:\Users\builder\jenkins\workspace\Windows-Compile-DPDK-Native\dpdk\build\meson-logs\meson-log.txt ==== End log output ==== Ubuntu 20.04 Kernel: 4.19 Compiler: gcc gcc (Ubuntu 9.4.0-1ubuntu1~20.04.2) 9.4.0 FreeBSD 14.2 Kernel: 14.2-RELEASE Compiler: clang 18.1.6 CentOS Stream 9 Kernel: 5.15 Compiler: gcc gcc (GCC) 11.5.0 20240719 (Red Hat 11.5.0-11) CentOS Stream 10 Kernel: 5.15 Compiler: gcc gcc (GCC) 14.2.1 20250110 (Red Hat 14.2.1-8) Debian GNU/Linux 12 Kernel: 5.15 Compiler: gcc gcc (Debian 12.2.0-14+deb12u1) 12.2.0 Fedora Linux 42 Kernel: 5.15 Compiler: clang gcc (GCC) 15.2.1 20250808 (Red Hat 15.2.1-1) openSUSE Leap 15.6 Kernel: 5.15 Compiler: gcc gcc (SUSE Linux) 7.5.0 Red Hat Enterprise Linux 8.10 Kernel: 5.15 Compiler: gcc gcc (GCC) 8.5.0 20210514 (Red Hat 8.5.0-22) Red Hat Enterprise Linux 9.5 Kernel: 5.15 Compiler: gcc gcc (GCC) 11.5.0 20240719 (Red Hat 11.5.0-2) Ubuntu 22.04 Kernel: 5.15 Compiler: gcc gcc (Ubuntu 11.4.0-1ubuntu1~22.04) 11.4.0 Ubuntu 24.04 Kernel: 5.15 Compiler: gcc gcc (Ubuntu 13.3.0-6ubuntu2~24.04) 13.3.0 Alpine Linux 3.22.0 Kernel: 5.15 Compiler: gcc gcc (Alpine 14.2.0) 14.2.0 Windows Server 2022 Kernel: 10.0.20348.2031 Compiler: clang 15.0.7, gcc 14.1.0 (MinGW), and MSVC VS 19.39.33521 To view detailed results, visit: https://lab.dpdk.org/results/dashboard/tarballs/35477/ UNH-IOL DPDK Community Lab To manage your email subscriptions, visit: https://lab.dpdk.org/results/dashboard/preferences/subscriptions/