From mboxrd@z Thu Jan 1 00:00:00 1970 Return-Path: Received: from mails.dpdk.org (mails.dpdk.org [217.70.189.124]) by inbox.dpdk.org (Postfix) with ESMTP id 06AE648A7E for ; Thu, 6 Nov 2025 08:29:46 +0100 (CET) Received: from mails.dpdk.org (localhost [127.0.0.1]) by mails.dpdk.org (Postfix) with ESMTP id 010274013F; Thu, 6 Nov 2025 08:29:46 +0100 (CET) Received: from mail-ua1-f98.google.com (mail-ua1-f98.google.com [209.85.222.98]) by mails.dpdk.org (Postfix) with ESMTP id 4F2DF4013F for ; Thu, 6 Nov 2025 08:29:44 +0100 (CET) Received: by mail-ua1-f98.google.com with SMTP id a1e0cc1a2514c-89018e97232so178902241.0 for ; Wed, 05 Nov 2025 23:29:44 -0800 (PST) DKIM-Signature: v=1; a=rsa-sha256; c=relaxed/relaxed; d=iol.unh.edu; s=unh-iol; t=1762414183; x=1763018983; darn=dpdk.org; h=cc:to:from:subject:message-id:date:from:to:cc:subject:date :message-id:reply-to; bh=/Ok0xmjyOE4uT7ZBtcpx31bud5BP18peHEua/PlWeAg=; b=OmrE+tc57U9JLeUQBKGcEFDSGmKCLTbYoQMjEqsfaf7ByAaPKMXt4uT3Wx8hux9QPf JTVhHUvswXIgq3oiapcvJq+ua5ygKO6SgM4Ku3V1787Anh+tWT9hfBsmnc62FME5rYSj BTY+p9C9GLstQGQmLNBfVnklQQNyNLnUmNNa4= X-Google-DKIM-Signature: v=1; a=rsa-sha256; c=relaxed/relaxed; d=1e100.net; s=20230601; t=1762414183; x=1763018983; h=cc:to:from:subject:message-id:date:x-gm-message-state:from:to:cc :subject:date:message-id:reply-to; bh=/Ok0xmjyOE4uT7ZBtcpx31bud5BP18peHEua/PlWeAg=; b=di0udn7fyZlkEHAXeQy72uvhVIx0k2WXnqysnVWL1FT+x4cMMCLstDXXz+zLz9j215 k33QR5yltAlLNYQcnIPwEMTD3+7mP80+V01X8xvLKhfaH2WBJRCNoSJ8X6/OXwFCP2wx nammh71/H/nM97p+reOqHvwpGjQ/Zvmighv28GsFITYz1fBD3EktUPeOcDzoQvTW7pXa 0oNp/bu7IMYRYSrknWZpVFUSWZe7WFuKPifhoDJhPSXnOJ9qZHrTvBEQe8K57L5h51NL 7xeRukjNrXda6zY7iMRw1CEFrrl/dhBpMe1qI6PnI3N6M1nOUBV9rH0zb4G8TBRlVOAt P2Ew== X-Gm-Message-State: AOJu0YzkAJyLxkr3iesFKzK/rdcxQz9iPC6F7y1ZNrSOtqnNbKkoqs2N 0YbQ9CM/uYH3yp9RASRlCn1iKqrpwWgr8ubTtLgJHgkkw19jJrfp1V7H9nJ1kRlOgF582949JN5 xf8zrkYx0x104zUT1VUiVfNUV5jgl/53oNPuK X-Gm-Gg: ASbGnctVV0l+itoeXSvzGdtJ924IGRpn7pqMUGXsD5P9bP1/1yNxteidF1Od2VxyNLk TxhYN3em3hRDfVaRAxMHjRjc6yhjU4feh+v62Ty3DH6ZVZQXho66znA47P5z4WTMwsnQ+JjUJ9D 2OgLtuRdYN+Au/E+TbEbLTGqOvw1f5cqLczbf8LJkBHVaXM6QqbQSTTi10wH72dAXSgHDzyMx5X AhxClWHnWLHErpqEkDqq4MC68SxNEzLs+BXASnwckFvmUbdP7R22oerGZAZ2P1JmVPhnfG1TZlt u+VtZd0AWPDVkf5cOyhxKUwQa/4HUjtdFQVkBfCXOiW4SOjBlguy+fblDjhHwyO+dXDcfbCVoFc ns5Lz19bTlcUyp7dAeLXThuMpUT+pnGg= X-Google-Smtp-Source: AGHT+IHJ3zLoS4KLCGFoDfyAv6KGQKjjEoKt7n3tlirNN/jeCRVYW/44uQ6UVsTrVFa8r1wNSEj1zNd+0fGm X-Received: by 2002:a05:6102:38c8:b0:5db:ccd1:9f7f with SMTP id ada2fe7eead31-5dd8928616fmr2109798137.40.1762414183653; Wed, 05 Nov 2025 23:29:43 -0800 (PST) Received: from postal.iol.unh.edu (postal.iol.unh.edu. [132.177.123.84]) by smtp-relay.gmail.com with ESMTPS id ada2fe7eead31-5dda1d11997sm149346137.1.2025.11.05.23.29.43 (version=TLS1_2 cipher=ECDHE-ECDSA-AES128-GCM-SHA256 bits=128/128); Wed, 05 Nov 2025 23:29:43 -0800 (PST) X-Relaying-Domain: iol.unh.edu Date: Wed, 05 Nov 2025 23:29:43 -0800 (PST) Message-ID: <690c4e67.050a0220.25b8a3.79b9SMTPIN_ADDED_MISSING@mx.google.com> Received: from [172.21.0.2] (unknown [172.18.0.240]) by postal.iol.unh.edu (Postfix) with ESMTP id 510AE6050A61; Thu, 6 Nov 2025 02:29:43 -0500 (EST) Subject: |FAILURE| [GIT MASTER] 62f583c49bf67dd4d6733ece14e55fe6839e66d1 From: dpdklab@iol.unh.edu To: Test Report Cc: dpdk-test-reports@iol.unh.edu, Xueming Li , Christian Ehrhardt , Kevin Traynor , Luca Boccassi Content-Type: text/plain X-BeenThere: test-report@dpdk.org X-Mailman-Version: 2.1.29 Precedence: list List-Id: automatic DPDK test reports List-Unsubscribe: , List-Archive: List-Post: List-Help: List-Subscribe: , Errors-To: test-report-bounces@dpdk.org _Testing issues_ Branch: tags/v23.11 62f583c49bf67dd4d6733ece14e55fe6839e66d1 --> testing issues Upstream job id: Generic-Unit-Test-DPDK#389246 Test environment and result as below: +-------------------------------+----------------+ | Environment | dpdk_unit_test | +===============================+================+ | CentOS Stream 9 | PASS | +-------------------------------+----------------+ | Fedora Linux 40 | PASS | +-------------------------------+----------------+ | CentOS Stream 10 | PASS | +-------------------------------+----------------+ | Debian GNU/Linux 12 | PASS | +-------------------------------+----------------+ | Fedora Linux 41 | PASS | +-------------------------------+----------------+ | Fedora Linux 42 | WARN | +-------------------------------+----------------+ | Red Hat Enterprise Linux 8.10 | PASS | +-------------------------------+----------------+ | Red Hat Enterprise Linux 9.5 | PASS | +-------------------------------+----------------+ | Ubuntu 20.04 | PASS | +-------------------------------+----------------+ | Ubuntu 22.04 | PASS | +-------------------------------+----------------+ | Ubuntu 24.04 | PASS | +-------------------------------+----------------+ | Windows Server 2022 | FAIL | +-------------------------------+----------------+ ==== Unit test summary for Windows Server 2022 (dpdk_unit_test): ==== Failed to get the unit test results. Displaying the unit test results is not supported for some environments, such as our aarch32 testing, where meson is not used to run the tests. Download the logs available on our CI site. ==== End log output ==== CentOS Stream 9 Kernel: 5.15 Compiler: gcc gcc (GCC) 11.5.0 20240719 (Red Hat 11.5.0-11) Fedora Linux 40 Kernel: 5.15 Compiler: gcc gcc (GCC) 14.2.1 20240912 (Red Hat 14.2.1-3) CentOS Stream 10 Kernel: 5.15 Compiler: gcc gcc (GCC) 14.2.1 20250110 (Red Hat 14.2.1-8) Debian GNU/Linux 12 Kernel: 5.15 Compiler: gcc gcc (Debian 12.2.0-14+deb12u1) 12.2.0 Fedora Linux 41 Kernel: 5.15 Compiler: gcc gcc (GCC) 14.3.1 20250523 (Red Hat 14.3.1-1) Fedora Linux 42 Kernel: 5.15 Compiler: clang gcc (GCC) 15.2.1 20250808 (Red Hat 15.2.1-1) Red Hat Enterprise Linux 8.10 Kernel: 5.15 Compiler: gcc gcc (GCC) 8.5.0 20210514 (Red Hat 8.5.0-22) Red Hat Enterprise Linux 9.5 Kernel: 5.15 Compiler: gcc gcc (GCC) 11.5.0 20240719 (Red Hat 11.5.0-2) Ubuntu 20.04 Kernel: 5.15 Compiler: gcc gcc (Ubuntu 9.4.0-1ubuntu1~20.04.2) 9.4.0 Ubuntu 22.04 Kernel: 5.15 Compiler: gcc gcc (Ubuntu 11.4.0-1ubuntu1~22.04) 11.4.0 Ubuntu 24.04 Kernel: 5.15 Compiler: gcc gcc (Ubuntu 13.3.0-6ubuntu2~24.04) 13.3.0 Windows Server 2022 Kernel: 10.0.20348.2031 Compiler: clang 15.0.7, gcc 14.1.0 (MinGW), and MSVC VS 19.39.33521 To view detailed results, visit: https://lab.dpdk.org/results/dashboard/tarballs/35477/ UNH-IOL DPDK Community Lab To manage your email subscriptions, visit: https://lab.dpdk.org/results/dashboard/preferences/subscriptions/