From mboxrd@z Thu Jan 1 00:00:00 1970 Return-Path: Received: from mails.dpdk.org (mails.dpdk.org [217.70.189.124]) by inbox.dpdk.org (Postfix) with ESMTP id 72B40489DB for ; Thu, 6 Nov 2025 15:15:39 +0100 (CET) Received: from mails.dpdk.org (localhost [127.0.0.1]) by mails.dpdk.org (Postfix) with ESMTP id 6911F402B0; Thu, 6 Nov 2025 15:15:39 +0100 (CET) Received: from mail-il1-f228.google.com (mail-il1-f228.google.com [209.85.166.228]) by mails.dpdk.org (Postfix) with ESMTP id 56724402B0 for ; Thu, 6 Nov 2025 15:15:38 +0100 (CET) Received: by mail-il1-f228.google.com with SMTP id e9e14a558f8ab-4331d3eea61so8763925ab.2 for ; Thu, 06 Nov 2025 06:15:38 -0800 (PST) DKIM-Signature: v=1; a=rsa-sha256; c=relaxed/relaxed; d=iol.unh.edu; s=unh-iol; t=1762438537; x=1763043337; darn=dpdk.org; h=references:in-reply-to:cc:to:from:subject:message-id:date:from:to :cc:subject:date:message-id:reply-to; bh=YP4WFwpBmh4CJWywE8W6qm5A1cd/BkYlU1T7PGmw1kY=; b=h9+N8ocuUtP2vPzkxE9X5+/J1FoYHsF0w2ctXQUaGSKXwtOEAhIaPvsPnkJXKMSAbQ vmfJfGWo9LILUiCmaFdjq4oa5yZg0FGLfq6ql9+wg7Ho0aYTNNLJFR82+geQu5v4ysdc QeY7PWHvtTVHTLxZpGyYKt8Y/lr1iXMgYLiwE= X-Google-DKIM-Signature: v=1; a=rsa-sha256; c=relaxed/relaxed; d=1e100.net; s=20230601; t=1762438537; x=1763043337; h=references:in-reply-to:cc:to:from:subject:message-id:date :x-gm-message-state:from:to:cc:subject:date:message-id:reply-to; bh=YP4WFwpBmh4CJWywE8W6qm5A1cd/BkYlU1T7PGmw1kY=; b=ul7oKER48G6efxVtyjUzaASeBZRKL/aZ5T/yLrdrigOwPwfG+X9IEWOUYUCUOHCWgW 4feRhaBlXIoeDNxs8JCBXGCcc3LtxdsCSlyD4pG8MrS784lDmSycb+DfNnrpg26T5Pfk ee2UGoSvVhf6J0CbLulA9LAW2VnIglcw74nKu5o57/TA9h9su1C41xTbDVKl63LS80xN ofSEyx8nSoopvGTO9CD5fMr/gKwBGXmwwcJBtzLnjtFtk6cd7tNBYYemTex/dVHGeE1g CrSl933n+C9KNl0jmeItbC2kIR4pEgooi031SIOU3K331FTJZTkShrjeAy+2ga8pi/fA CtXg== X-Gm-Message-State: AOJu0YyRTC3N+VL5vSFuXt7L2EHZPeyYmOEmjfJuMHTv4cd+yiJEc9az hUNzB3a6wlkukCQsbwFTRj/+F6QFD5jtK86SKtNAh4NggnQo7Is18IwuiO/C5m1B0bqJbq6pGow I1glGrtf9SL9RJ1AsVxHjNUJfDCnZ0LWkG3nl3Pykekpe X-Gm-Gg: ASbGncsLJhzKdCJUE9I39LAO06s2U2kCwfb58mKWoeW8RLxx7bjE10bRaCt8rvbd+r3 9LbDGY/VBTNgvVB5Bsx1WFmTRsj/Epb/RnFmhh49BMjvbBN+O+r1E0SN6UlYAZzAlknnx6c26q+ yhFBfvPx/SPOeYnfiYBMSbREXfTzZp9wYvXJpdIFizNcBHBMLTxkXHVwGhzeqMcu0HHVCh2xobu ewjNbID1Bt6OjEM8stOOe64P/HYV/YkJyLuI6EtxRi8FNKuaLWlko6j1HhklukO03ifFy8QqjWj 09UsMchHyQbpoX3CRSJD7Us4gXU1RHObJ/Q0AfEZVMLcnE2+CpqoNb3eaxdqTRBWyVVVbJ6qZj/ E9nAM1NuaypqGyinfxgIOZgg9Z/+VzfM= X-Google-Smtp-Source: AGHT+IE/BMezrlEHDCIUtjPJ/Gx6i3x59a84OqHONhMPao+bkZRo6Y0qgzYZXFyiYEmaUOvf421x+Bhwr0Wl X-Received: by 2002:a92:50a:0:b0:433:4e9d:de98 with SMTP id e9e14a558f8ab-4334e9ddf52mr36167275ab.18.1762438537584; Thu, 06 Nov 2025 06:15:37 -0800 (PST) Received: from postal.iol.unh.edu (postal.iol.unh.edu. [132.177.123.84]) by smtp-relay.gmail.com with ESMTPS id e9e14a558f8ab-4334f45705fsm1986085ab.11.2025.11.06.06.15.37 (version=TLS1_2 cipher=ECDHE-ECDSA-AES128-GCM-SHA256 bits=128/128); Thu, 06 Nov 2025 06:15:37 -0800 (PST) X-Relaying-Domain: iol.unh.edu Date: Thu, 06 Nov 2025 06:15:37 -0800 (PST) Message-ID: <690cad89.050a0220.2bdfde.a2c1SMTPIN_ADDED_MISSING@mx.google.com> Received: from [172.21.0.2] (unknown [172.18.0.240]) by postal.iol.unh.edu (Postfix) with ESMTP id BEE24604D420; Thu, 6 Nov 2025 09:15:36 -0500 (EST) Subject: |FAILURE| pw158506 [PATCH] [v3] app/testpmd: support specify TCs whe From: dpdklab@iol.unh.edu To: Test Report Cc: dpdk-test-reports@iol.unh.edu, Stephen Hemminger , fengchengwen In-Reply-To: <20251106124959.2592-1-fengchengwen@huawei.com> References: <20251106124959.2592-1-fengchengwen@huawei.com> Content-Type: text/plain X-BeenThere: test-report@dpdk.org X-Mailman-Version: 2.1.29 Precedence: list List-Id: automatic DPDK test reports List-Unsubscribe: , List-Archive: List-Post: List-Help: List-Subscribe: , Errors-To: test-report-bounces@dpdk.org Test-Label: iol-compile-arm64-testing Test-Status: FAILURE http://dpdk.org/patch/158506 _Testing issues_ Submitter: fengchengwen Date: Thursday, November 06 2025 12:49:59 DPDK git baseline: Repo:dpdk-next-net Branch: master CommitID:af6456d0ef3f43b6f85c9bdf3818cbd2f2fee0f5 158506 --> testing issues Upstream job id: Generic-DPDK-Compile-Meson#441436 Test environment and result as below: +------------------------------+--------------------+ | Environment | dpdk_meson_compile | +==============================+====================+ | Red Hat Enterprise Linux 9.5 | PASS | +------------------------------+--------------------+ | Ubuntu 20.04 | PEND | +------------------------------+--------------------+ | Debian GNU/Linux 12 | PASS | +------------------------------+--------------------+ | Fedora Linux 42 | PEND | +------------------------------+--------------------+ | Ubuntu 22.04 | PEND | +------------------------------+--------------------+ | Ubuntu 24.04 | PEND | +------------------------------+--------------------+ | CentOS Stream 9 | PEND | +------------------------------+--------------------+ | CentOS Stream 10 | PASS | +------------------------------+--------------------+ Red Hat Enterprise Linux 9.5 Kernel: 5.4 Compiler: gcc gcc (GCC) 11.5.0 20240719 (Red Hat 11.5.0-2) Ubuntu 20.04 Kernel: 5.4 Compiler: gcc gcc (Ubuntu 9.4.0-1ubuntu1~20.04.2) 9.4.0 Debian GNU/Linux 12 Kernel: 5.4 Compiler: gcc gcc (Debian 12.2.0-14+deb12u1) 12.2.0 Fedora Linux 42 Kernel: 5.4 Compiler: gcc gcc (GCC) 15.2.1 20250808 (Red Hat 15.2.1-1) Ubuntu 22.04 Kernel: 5.4 Compiler: gcc gcc (Ubuntu 11.4.0-1ubuntu1~22.04) 11.4.0 Ubuntu 24.04 Kernel: 5.4 Compiler: gcc gcc (Ubuntu 13.3.0-6ubuntu2~24.04) 13.3.0 CentOS Stream 9 Kernel: 5.4 Compiler: gcc gcc (GCC) 11.5.0 20240719 (Red Hat 11.5.0-11) CentOS Stream 10 Kernel: 5.4 Compiler: gcc gcc (GCC) 14.2.1 20250110 (Red Hat 14.2.1-8) To view detailed results, visit: https://lab.dpdk.org/results/dashboard/patchsets/34485/ UNH-IOL DPDK Community Lab To manage your email subscriptions, visit: https://lab.dpdk.org/results/dashboard/preferences/subscriptions/