From mboxrd@z Thu Jan 1 00:00:00 1970 Return-Path: Received: from mails.dpdk.org (mails.dpdk.org [217.70.189.124]) by inbox.dpdk.org (Postfix) with ESMTP id 81E48489DB for ; Thu, 6 Nov 2025 15:17:05 +0100 (CET) Received: from mails.dpdk.org (localhost [127.0.0.1]) by mails.dpdk.org (Postfix) with ESMTP id 679B940656; Thu, 6 Nov 2025 15:17:05 +0100 (CET) Received: from mail-io1-f99.google.com (mail-io1-f99.google.com [209.85.166.99]) by mails.dpdk.org (Postfix) with ESMTP id E109D4060B for ; Thu, 6 Nov 2025 15:17:04 +0100 (CET) Received: by mail-io1-f99.google.com with SMTP id ca18e2360f4ac-94849c6e0bbso34767039f.1 for ; Thu, 06 Nov 2025 06:17:04 -0800 (PST) DKIM-Signature: v=1; a=rsa-sha256; c=relaxed/relaxed; d=iol.unh.edu; s=unh-iol; t=1762438624; x=1763043424; darn=dpdk.org; h=references:in-reply-to:cc:to:from:subject:message-id:date:from:to :cc:subject:date:message-id:reply-to; bh=/z3zrKKchHmZkbIc3ui/BttftGLHWgFPd6xJMguWgEI=; b=ENzNqxqrgAGCtFMIrly0akypai2k0LqDTRvjfCJ0brJykHudb/ryH+tdJDLAPgu3yW YO228YIMZzMK1aPIe/awAHYh4Ei+cuPPINJfOlRC4xOHLjSptofYpCpEVnlwpGVekOLT uaors3dWaKgFfAURJ3ZSGgpwRBgKK6zGh+zOk= X-Google-DKIM-Signature: v=1; a=rsa-sha256; c=relaxed/relaxed; d=1e100.net; s=20230601; t=1762438624; x=1763043424; h=references:in-reply-to:cc:to:from:subject:message-id:date :x-gm-message-state:from:to:cc:subject:date:message-id:reply-to; bh=/z3zrKKchHmZkbIc3ui/BttftGLHWgFPd6xJMguWgEI=; b=cY4AgyncPD1AYdE53vwokGuRL6TxNMK3+/XUnMkFPqorNeHyqGY/ZmfjCYEva/kg0o LFfSxgbOnbQldTlMtEbYnJ/jtSEEgpLrCjKZc6wwIXnSeFPG1zrPJHF+CK741lJwkI4z GpTpTnB/HHp6ZOjrP/1rJwuNMTSGusg7LCuZy0ftnR+x8NJEPd5m9lrqoFl0PocwnmWV JgNi0YBaUo/0azjtJmwlb0xj5rLRHaR3rk6SXKOa3UHre/sFAKR1DIIzLXo3ii6LPblK SfYAUzHskG3eGixKNMIhX0Cbi5Jmo3fQcLLTyqkXClzecXKfox1mmtgaoGHvUs4fqYQJ EU1g== X-Gm-Message-State: AOJu0YwXFfsMC1mZXaR6mRpHiry0pjC2bbDorfAyxYDYvuTpsl2XbX0/ JZWM+0xZ0O5cmKO3s2uDBf+mA5m+Ielt4S7LiEPRSD/2dJ2gOYTFYHrR8p/xANggry74ejah+cJ ALaj0/RhmyvENA7qoGh7ba+t3HmHM4tOQSS5ZElQNea8F X-Gm-Gg: ASbGnctPdtsmDLsLCJT2pmWv//4tlcdn/aX9pOMgffDS3MDJmOr803aArjzcVFtuHFc SMs0Y1TNGh7dJ9MwnIYav0q4jW/rqCwzYraFPUOv7VfQkktbFsgI2oj7kWCWmtU+OvEoYaBxe3i fL5J4pDwx3g+4j8GYFUNMcIVUrLu1BIY8tzZpmzXS+N9BQ2IY67gVBbBBbFvZZCpnLRPYIDCv7T fyb0Sc1DVHgfk4nlvV9CxMLBMXg+hEWNgPijzOhjAJtB5Yi/TwIREUz+bf03NiTzUzzY3gTo+ED JkN0lWkkfeaXD/ht7kroMTF/ZKsCdsOcGBgYTRO6Gm8PUIdtgAdFnpo0sqYVYH4OcE9DyXAYgPw FsDkbi6/WugtmzFcD8tZ7kNe231jwT88= X-Google-Smtp-Source: AGHT+IGBycPq6d+RduotiDe50MSIkh/IfUQUYWIZAA+Yb+8VdJFPXUFlEQCJzOxOzrPKLzCPjTP9KFeBrgds X-Received: by 2002:a05:6602:14d5:b0:948:86b2:4619 with SMTP id ca18e2360f4ac-94886b246c2mr29733739f.11.1762438624178; Thu, 06 Nov 2025 06:17:04 -0800 (PST) Received: from postal.iol.unh.edu (postal.iol.unh.edu. [132.177.123.84]) by smtp-relay.gmail.com with ESMTPS id 8926c6da1cb9f-5b74679bafbsm309101173.17.2025.11.06.06.17.04 (version=TLS1_2 cipher=ECDHE-ECDSA-AES128-GCM-SHA256 bits=128/128); Thu, 06 Nov 2025 06:17:04 -0800 (PST) X-Relaying-Domain: iol.unh.edu Date: Thu, 06 Nov 2025 06:17:04 -0800 (PST) Message-ID: <690cade0.050a0220.109112.fe68SMTPIN_ADDED_MISSING@mx.google.com> Received: from [172.21.0.7] (unknown [172.18.0.240]) by postal.iol.unh.edu (Postfix) with ESMTP id 6CC1D604D420; Thu, 6 Nov 2025 09:17:03 -0500 (EST) Subject: |FAILURE| pw158506 [PATCH] [v3] app/testpmd: support specify TCs whe From: dpdklab@iol.unh.edu To: Test Report Cc: dpdk-test-reports@iol.unh.edu, Stephen Hemminger , fengchengwen In-Reply-To: <20251106124959.2592-1-fengchengwen@huawei.com> References: <20251106124959.2592-1-fengchengwen@huawei.com> Content-Type: text/plain X-BeenThere: test-report@dpdk.org X-Mailman-Version: 2.1.29 Precedence: list List-Id: automatic DPDK test reports List-Unsubscribe: , List-Archive: List-Post: List-Help: List-Subscribe: , Errors-To: test-report-bounces@dpdk.org Test-Label: iol-unit-amd64-testing Test-Status: FAILURE http://dpdk.org/patch/158506 _Testing issues_ Submitter: fengchengwen Date: Thursday, November 06 2025 12:49:59 DPDK git baseline: Repo:dpdk-next-net Branch: master CommitID:af6456d0ef3f43b6f85c9bdf3818cbd2f2fee0f5 158506 --> testing issues Upstream job id: Generic-Unit-Test-DPDK#389333 Test environment and result as below: +-------------------------------+----------------+ | Environment | dpdk_unit_test | +===============================+================+ | Debian GNU/Linux 12 | PASS | +-------------------------------+----------------+ | CentOS Stream 9 | PASS | +-------------------------------+----------------+ | CentOS Stream 10 | PASS | +-------------------------------+----------------+ | Fedora Linux 40 | WARN | +-------------------------------+----------------+ | Fedora Linux 41 | WARN | +-------------------------------+----------------+ | Fedora Linux 42 | WARN | +-------------------------------+----------------+ | Red Hat Enterprise Linux 8.10 | PASS | +-------------------------------+----------------+ | Ubuntu 22.04 | PASS | +-------------------------------+----------------+ | Red Hat Enterprise Linux 9.5 | PASS | +-------------------------------+----------------+ | Ubuntu 24.04 | PASS | +-------------------------------+----------------+ | Ubuntu 20.04 | PASS | +-------------------------------+----------------+ | Windows Server 2022 | FAIL | +-------------------------------+----------------+ ==== Unit test summary for Windows Server 2022 (dpdk_unit_test): ==== Failed to get the unit test results. Displaying the unit test results is not supported for some environments, such as our aarch32 testing, where meson is not used to run the tests. Download the logs available on our CI site. ==== End log output ==== Debian GNU/Linux 12 Kernel: 5.15 Compiler: gcc gcc (Debian 12.2.0-14+deb12u1) 12.2.0 CentOS Stream 9 Kernel: 5.15 Compiler: gcc gcc (GCC) 11.5.0 20240719 (Red Hat 11.5.0-11) CentOS Stream 10 Kernel: 5.15 Compiler: gcc gcc (GCC) 14.2.1 20250110 (Red Hat 14.2.1-8) Fedora Linux 40 Kernel: 5.15 Compiler: gcc gcc (GCC) 14.2.1 20240912 (Red Hat 14.2.1-3) Fedora Linux 41 Kernel: 5.15 Compiler: gcc gcc (GCC) 14.3.1 20250523 (Red Hat 14.3.1-1) Fedora Linux 42 Kernel: 5.15 Compiler: gcc gcc (GCC) 15.2.1 20250808 (Red Hat 15.2.1-1) Red Hat Enterprise Linux 8.10 Kernel: 5.15 Compiler: gcc gcc (GCC) 8.5.0 20210514 (Red Hat 8.5.0-22) Ubuntu 22.04 Kernel: 5.15 Compiler: gcc gcc (Ubuntu 11.4.0-1ubuntu1~22.04) 11.4.0 Red Hat Enterprise Linux 9.5 Kernel: 5.15 Compiler: gcc gcc (GCC) 11.5.0 20240719 (Red Hat 11.5.0-2) Ubuntu 24.04 Kernel: 5.15 Compiler: gcc gcc (Ubuntu 13.3.0-6ubuntu2~24.04) 13.3.0 Ubuntu 20.04 Kernel: 5.15 Compiler: gcc gcc (Ubuntu 9.4.0-1ubuntu1~20.04.2) 9.4.0 Windows Server 2022 Kernel: 10.0.20348.2031 Compiler: clang 15.0.7, gcc 14.1.0 (MinGW), and MSVC VS 19.39.33521 To view detailed results, visit: https://lab.dpdk.org/results/dashboard/patchsets/34485/ UNH-IOL DPDK Community Lab To manage your email subscriptions, visit: https://lab.dpdk.org/results/dashboard/preferences/subscriptions/