automatic DPDK test reports
 help / color / mirror / Atom feed
From: dpdklab@iol.unh.edu
To: Test Report <test-report@dpdk.org>
Cc: dpdk-test-reports@iol.unh.edu,
	Stephen Hemminger <stephen@networkplumber.org>,
	fengchengwen <fengchengwen@huawei.com>
Subject: |FAILURE| pw158506 [PATCH] [v3] app/testpmd: support specify TCs whe
Date: Thu, 06 Nov 2025 06:40:10 -0800 (PST)	[thread overview]
Message-ID: <690cb34a.050a0220.37b74b.81eaSMTPIN_ADDED_MISSING@mx.google.com> (raw)
In-Reply-To: <20251106124959.2592-1-fengchengwen@huawei.com>

Test-Label: iol-compile-amd64-testing
Test-Status: FAILURE
http://dpdk.org/patch/158506

_Testing issues_

Submitter: fengchengwen <fengchengwen@huawei.com>
Date: Thursday, November 06 2025 12:49:59 
DPDK git baseline: Repo:dpdk-next-net
  Branch: master
  CommitID:af6456d0ef3f43b6f85c9bdf3818cbd2f2fee0f5

158506 --> testing issues

Upstream job id: Generic-DPDK-Compile-Meson#441439

Test environment and result as below:

+-------------------------------+--------------------+------------------+-------------------------+-------------------+----------------------+
|          Environment          | dpdk_meson_compile | dpdk_compile_ovs | dpdk_llvm_clang_compile | dpdk_msvc_compile | dpdk_mingw64_compile |
+===============================+====================+==================+=========================+===================+======================+
| CentOS Stream 9               | PASS               | SKIPPED          | SKIPPED                 | SKIPPED           | SKIPPED              |
+-------------------------------+--------------------+------------------+-------------------------+-------------------+----------------------+
| CentOS Stream 10              | PASS               | SKIPPED          | SKIPPED                 | SKIPPED           | SKIPPED              |
+-------------------------------+--------------------+------------------+-------------------------+-------------------+----------------------+
| Debian GNU/Linux 12           | PASS               | SKIPPED          | SKIPPED                 | SKIPPED           | SKIPPED              |
+-------------------------------+--------------------+------------------+-------------------------+-------------------+----------------------+
| Ubuntu 20.04                  | PASS               | SKIPPED          | SKIPPED                 | SKIPPED           | SKIPPED              |
+-------------------------------+--------------------+------------------+-------------------------+-------------------+----------------------+
| Fedora Linux 42               | PASS               | PASS             | SKIPPED                 | SKIPPED           | SKIPPED              |
+-------------------------------+--------------------+------------------+-------------------------+-------------------+----------------------+
| FreeBSD 14.2                  | FAIL               | SKIPPED          | SKIPPED                 | SKIPPED           | SKIPPED              |
+-------------------------------+--------------------+------------------+-------------------------+-------------------+----------------------+
| openSUSE Leap 15.6            | PASS               | SKIPPED          | SKIPPED                 | SKIPPED           | SKIPPED              |
+-------------------------------+--------------------+------------------+-------------------------+-------------------+----------------------+
| Red Hat Enterprise Linux 8.10 | PASS               | SKIPPED          | SKIPPED                 | SKIPPED           | SKIPPED              |
+-------------------------------+--------------------+------------------+-------------------------+-------------------+----------------------+
| Red Hat Enterprise Linux 9.5  | PASS               | SKIPPED          | SKIPPED                 | SKIPPED           | SKIPPED              |
+-------------------------------+--------------------+------------------+-------------------------+-------------------+----------------------+
| Ubuntu 22.04                  | PASS               | SKIPPED          | SKIPPED                 | SKIPPED           | SKIPPED              |
+-------------------------------+--------------------+------------------+-------------------------+-------------------+----------------------+
| Ubuntu 24.04                  | PASS               | PASS             | SKIPPED                 | SKIPPED           | SKIPPED              |
+-------------------------------+--------------------+------------------+-------------------------+-------------------+----------------------+
| Alpine Linux 3.22.0           | PASS               | SKIPPED          | SKIPPED                 | SKIPPED           | SKIPPED              |
+-------------------------------+--------------------+------------------+-------------------------+-------------------+----------------------+
| Windows Server 2022           | SKIPPED            | SKIPPED          | FAIL                    | PASS              | PASS                 |
+-------------------------------+--------------------+------------------+-------------------------+-------------------+----------------------+

==== 20 line log output for Windows Server 2022 (dpdk_llvm_clang_compile): ====
FAILED: app/dpdk-testpmd.exe.p/test-pmd_cmdline.c.obj
"clang" "-Iapp\dpdk-testpmd.exe.p" "-Iapp" "-I..\app" "-Iapp\test-pmd" "-I..\app\test-pmd" "-Ilib\ethdev" "-I..\lib\ethdev" "-Ilib\eal\common" "-I..\lib\eal\common" "-I." "-I.." "-Iconfig" "-I..\config" "-Ilib\eal\include" "-I..\lib\eal\include" "-Ilib\eal\windows\include" "-I..\lib\eal\windows\include" "-Ilib\eal\x86\include" "-I..\lib\eal\x86\include" "-Ilib\eal" "-I..\lib\eal" "-Ilib\argparse" "-I..\lib\argparse" "-Ilib\log" "-I..\lib\log" "-Ilib\kvargs" "-I..\lib\kvargs" "-Ilib\net" "-I..\lib\net" "-Ilib\mbuf" "-I..\lib\mbuf" "-Ilib\mempool" "-I..\lib\mempool" "-Ilib\ring" "-I..\lib\ring" "-Ilib\metrics" "-I..\lib\metrics" "-Ilib\telemetry" "-I..\lib\telemetry" "-Ilib\meter" "-I..\lib\meter" "-Ilib\cmdline" "-I..\lib\cmdline" "-Ilib\pci" "-I..\lib\pci" "-Ilib\bitratestats" "-I..\lib\bitratestats" "-Ilib\gro" "-I..\lib\gro" "-Ilib\gso" "-I..\lib\gso" "-Ilib\latencystats" "-I..\lib\latencystats" "-Idrivers\net\intel\i40e" "-I..\drivers\net\intel\i40e" "-Idrivers\net\intel\i40e\base
 " "-I..\drivers\net\intel\i40e\base" "-Idrivers\bus\pci" "-I..\drivers\bus\pci" "-I..\drivers\bus\pci\windows" "-Idrivers\bus\vdev" "-I..\drivers\bus\vdev" "-Ilib\hash" "-I..\lib\hash" "-Ilib\rcu" "-I..\lib\rcu" "-Idrivers\net\intel\ixgbe" "-I..\drivers\net\intel\ixgbe" "-Idrivers\net\intel\ixgbe\base" "-I..\drivers\net\intel\ixgbe\base" "-Ilib\security" "-I..\lib\security" "-Ilib\cryptodev" "-I..\lib\cryptodev" "-Idrivers\net\intel\iavf" "-I..\drivers\net\intel\iavf" "-I..\drivers\net\intel\iavf\base" "-Idrivers\net\intel\ice" "-I..\drivers\net\intel\ice" "-Idrivers\net\intel\ice\base" "-I..\drivers\net\intel\ice\base" "-IC:\Program Files\Mellanox\MLNX_WinOF2_DevX_SDK\inc" "-fdiagnostics-color=always" "-D_FILE_OFFSET_BITS=64" "-Wall" "-Winvalid-pch" "-Wextra" "-Werror" "-std=c11" "-O3" "-include" "rte_config.h" "-Wvla" "-Wcast-qual" "-Wcomma" "-Wdeprecated" "-Wformat" "-Wformat-nonliteral" "-Wformat-security" "-Wmissing-declarations" "-Wmissing-prototypes" "-Wnested-externs" "-Wold
 -style-definition" "-Wpointer-arith" "-Wsign-compare" "-Wstrict-prototypes" "-Wundef" "-Wwrite-strings" "-Wno-missing-field-initializers" "-D_GNU_SOURCE" "-D_WIN32_WINNT=0x0A00" "-D_CRT_SECURE_NO_WARNINGS" "-march=native" "-mrtm" "-DALLOW_EXPERIMENTAL_API" -MD -MQ app/dpdk-testpmd.exe.p/test-pmd_cmdline.c.obj -MF "app\dpdk-testpmd.exe.p\test-pmd_cmdline.c.obj.d" -o app/dpdk-testpmd.exe.p/test-pmd_cmdline.c.obj "-c" ../app/test-pmd/cmdline.c
../app/test-pmd/cmdline.c:6268:13: error: expression which evaluates to zero treated as a null pointer constant of type 'const char *' [-Werror,-Wnon-literal-null-conversion]
tc_mask, RTE_UINT8);
^~~~~~~~~
..\lib\cmdline\cmdline_parse_num.h:54:3: note: expanded from macro 'TOKEN_NUM_INITIALIZER'
numtype,                        /* type */          \
^~~~~~~
1 error generated.
[637/825] Linking static target drivers/librte_net_vmxnet3.a
[638/825] Generating drivers/rte_net_ring.pmd.c with a custom command (wrapped by meson to set PATH)
[639/825] Compiling C object app/dpdk-testpmd.exe.p/test-pmd_5tswap.c.obj
[640/825] Linking target drivers/rte_net_vmxnet3-26.dll
Creating library drivers\rte_net_vmxnet3.lib and object drivers\rte_net_vmxnet3.exp
[641/825] Compiling C object app/dpdk-test-flow-perf.exe.p/test-flow-perf_main.c.obj
[642/825] Compiling C object app/dpdk-test-gpudev.exe.p/test-gpudev_main.c.obj
[643/825] Compiling C object app/dpdk-testpmd.exe.p/test-pmd_cmdline_flow.c.obj
[644/825] Compiling C object app/dpdk-test-flow-perf.exe.p/test-flow-perf_flow_gen.c.obj
[645/825] Compiling C object app/dpdk-test-bbdev.exe.p/test-bbdev_test_bbdev_perf.c.obj
ninja: build stopped: subcommand failed.
==== End log output ====

CentOS Stream 9
	Kernel: 5.15
	Compiler: gcc gcc (GCC) 11.5.0 20240719 (Red Hat 11.5.0-11)

CentOS Stream 10
	Kernel: 5.15
	Compiler: gcc gcc (GCC) 14.2.1 20250110 (Red Hat 14.2.1-8)

Debian GNU/Linux 12
	Kernel: 5.15
	Compiler: gcc gcc (Debian 12.2.0-14+deb12u1) 12.2.0

Ubuntu 20.04
	Kernel: 4.19
	Compiler: gcc gcc (Ubuntu 9.4.0-1ubuntu1~20.04.2) 9.4.0

Fedora Linux 42
	Kernel: 5.15
	Compiler: clang gcc (GCC) 15.2.1 20250808 (Red Hat 15.2.1-1)

FreeBSD 14.2
	Kernel: 14.2-RELEASE
	Compiler: clang 18.1.6

openSUSE Leap 15.6
	Kernel: 5.15
	Compiler: gcc gcc (SUSE Linux) 7.5.0

Red Hat Enterprise Linux 8.10
	Kernel: 5.15
	Compiler: gcc gcc (GCC) 8.5.0 20210514 (Red Hat 8.5.0-22)

Red Hat Enterprise Linux 9.5
	Kernel: 5.15
	Compiler: gcc gcc (GCC) 11.5.0 20240719 (Red Hat 11.5.0-2)

Ubuntu 22.04
	Kernel: 5.15
	Compiler: gcc gcc (Ubuntu 11.4.0-1ubuntu1~22.04) 11.4.0

Ubuntu 24.04
	Kernel: 5.15
	Compiler: gcc gcc (Ubuntu 13.3.0-6ubuntu2~24.04) 13.3.0

Alpine Linux 3.22.0
	Kernel: 5.15
	Compiler: gcc gcc (Alpine 14.2.0) 14.2.0

Windows Server 2022
	Kernel: 10.0.20348.2031
	Compiler: clang 15.0.7, gcc 14.1.0 (MinGW), and MSVC VS 19.39.33521

To view detailed results, visit:
https://lab.dpdk.org/results/dashboard/patchsets/34485/

UNH-IOL DPDK Community Lab

To manage your email subscriptions, visit: 
https://lab.dpdk.org/results/dashboard/preferences/subscriptions/

  parent reply	other threads:[~2025-11-06 14:40 UTC|newest]

Thread overview: 25+ messages / expand[flat|nested]  mbox.gz  Atom feed  top
     [not found] <20251106124959.2592-1-fengchengwen@huawei.com>
2025-11-06 12:15 ` |SUCCESS| pw158506 [PATCH v3] app/testpmd: support specify TCs when DCB forward qemudev
2025-11-06 12:20 ` qemudev
2025-11-06 12:51 ` checkpatch
2025-11-06 13:24 ` |PENDING| pw158506 [PATCH] [v3] app/testpmd: support specify TCs whe dpdklab
2025-11-06 13:25 ` |FAILURE| " dpdklab
2025-11-06 13:28 ` |PENDING| " dpdklab
2025-11-06 13:29 ` |FAILURE| " dpdklab
2025-11-06 13:30 ` dpdklab
2025-11-06 13:30 ` dpdklab
2025-11-06 13:31 ` |SUCCESS| " dpdklab
2025-11-06 13:35 ` |PENDING| " dpdklab
2025-11-06 13:43 ` |SUCCESS| " dpdklab
2025-11-06 13:46 ` dpdklab
2025-11-06 13:49 ` dpdklab
2025-11-06 13:49 ` |PENDING| " dpdklab
2025-11-06 14:11 ` |SUCCESS| " dpdklab
2025-11-06 14:15 ` |FAILURE| " dpdklab
2025-11-06 14:16 ` |SUCCESS| " dpdklab
2025-11-06 14:16 ` dpdklab
2025-11-06 14:17 ` |FAILURE| " dpdklab
2025-11-06 14:31 ` |SUCCESS| " dpdklab
2025-11-06 14:40 ` dpdklab [this message]
2025-11-06 17:03 ` |FAILURE| " dpdklab
2025-11-06 17:03 ` dpdklab
2025-11-06 17:04 ` dpdklab

Reply instructions:

You may reply publicly to this message via plain-text email
using any one of the following methods:

* Save the following mbox file, import it into your mail client,
  and reply-to-all from there: mbox

  Avoid top-posting and favor interleaved quoting:
  https://en.wikipedia.org/wiki/Posting_style#Interleaved_style

* Reply using the --to, --cc, and --in-reply-to
  switches of git-send-email(1):

  git send-email \
    --in-reply-to=690cb34a.050a0220.37b74b.81eaSMTPIN_ADDED_MISSING@mx.google.com \
    --to=dpdklab@iol.unh.edu \
    --cc=dpdk-test-reports@iol.unh.edu \
    --cc=fengchengwen@huawei.com \
    --cc=stephen@networkplumber.org \
    --cc=test-report@dpdk.org \
    /path/to/YOUR_REPLY

  https://kernel.org/pub/software/scm/git/docs/git-send-email.html

* If your mail client supports setting the In-Reply-To header
  via mailto: links, try the mailto: link
Be sure your reply has a Subject: header at the top and a blank line before the message body.
This is a public inbox, see mirroring instructions
for how to clone and mirror all data and code used for this inbox;
as well as URLs for NNTP newsgroup(s).