From mboxrd@z Thu Jan 1 00:00:00 1970 Return-Path: Received: from mails.dpdk.org (mails.dpdk.org [217.70.189.124]) by inbox.dpdk.org (Postfix) with ESMTP id C3EEF48A5B for ; Thu, 6 Nov 2025 17:19:27 +0100 (CET) Received: from mails.dpdk.org (localhost [127.0.0.1]) by mails.dpdk.org (Postfix) with ESMTP id BE1004013F; Thu, 6 Nov 2025 17:19:27 +0100 (CET) Received: from mail-qv1-f99.google.com (mail-qv1-f99.google.com [209.85.219.99]) by mails.dpdk.org (Postfix) with ESMTP id 858724013F for ; Thu, 6 Nov 2025 17:19:26 +0100 (CET) Received: by mail-qv1-f99.google.com with SMTP id 6a1803df08f44-879b99b7ca8so12898376d6.0 for ; Thu, 06 Nov 2025 08:19:26 -0800 (PST) DKIM-Signature: v=1; a=rsa-sha256; c=relaxed/relaxed; d=iol.unh.edu; s=unh-iol; t=1762445966; x=1763050766; darn=dpdk.org; h=cc:to:from:subject:message-id:date:from:to:cc:subject:date :message-id:reply-to; bh=x9AiULRTGSQM4CiShT5DiILCgSMALMFzCTYas1NqFXE=; b=Jp6dDuCgewxxtAgrC/5h/Ulvrk2tJPOQblIPLun7pI05nlrTVZhIAxS7oMWxqp6haL AOsGlMAe6Qh/ZsqvWWJBDXkgL+3DWHeH+bnh/hkHwSc2uzYjCvK4nzjc6mVtUkPGr0oZ /llmM0gY0lVoeUDFEuOGzMO5GuHAA/uqmUlWc= X-Google-DKIM-Signature: v=1; a=rsa-sha256; c=relaxed/relaxed; d=1e100.net; s=20230601; t=1762445966; x=1763050766; h=cc:to:from:subject:message-id:date:x-gm-gg:x-gm-message-state:from :to:cc:subject:date:message-id:reply-to; bh=x9AiULRTGSQM4CiShT5DiILCgSMALMFzCTYas1NqFXE=; b=LnXn/a32hMwD13pkv+IYKZPWnGmeUL7cniInW/ZVxnRjOzwGYhEoEcu4mou22JjWqT A//R86vhXQodN9SpluFy000oCCC6RYv/j8vocmKvbjkV4rOIsj+tAv255o2+5bKlEl5V zEkD94JPOnBKk1aGSOohC0KwvctyoPnEpUeTFa5mKzYnp/HzqWYxVLY6mPD6B5H6Ht1A OatTXbfq9n/etTpStF2JOR5zsCFogYqy7fkRJjDSCyo+chMX97cLTwRS5KiTm09vyWL6 yRKG8lKdZbmmEnkieb4JBttSHQVIeCdSahUiiDfW+2MdLGivp39wvFEj9BuxJJgNVqZe JSnA== X-Gm-Message-State: AOJu0Yw7mszZtq/TKlcJremvhv6ht48bc2ltCjPk04ViuprVI/vSXi6y AXZT/v79Kv4hckCHMKmXJKZIfrxkqEDcYmz/sbno/JpNlysMx+gi/mNwPGm3ROrmaSi97wNZRtR HpNImEdbu3rPgknDQ0xPXlBDu7dF+rdsGnfnM X-Gm-Gg: ASbGncv7po894AjP6xkoyh+nL/BNPM9xlOwhQm63im3qOF4mAmeJ43PwN6L+BiNH/iA AnHjRMGE12yPYNmqDgMZHQX3qNVUT/6ur4SzCU525FGCVKa+y59YGxUiMk5WAqzbZz7faB4u5Ep kypLhVccr85Rrg0pTVY1zJX7sFoQCBASSCzokWWKFGn6Xrb9wQfbV3X3Nu+x6/HMCvy3BM9jewb +GQblU0MyMBG06D76m2/piKoTo3YzkYFll34xcizpa4EP8Vt1GqLiV5Lkba9vr7KGpjn0ahIRFs f0oPIg2nwXFSm7g9CebTJ0oq3q7pAj1IixhNh9KS+cAQwIENsLxUNk9H/QM+57o4gwu+ctWtXAb 2Jg8x8vwnfFwQ5ulRyhIWV6oZ6xrYWDo= X-Google-Smtp-Source: AGHT+IFFZE5A2qtVhrZnCEQ7GGeBT3wBrtWDjEGaAul+OxSQ/BKuOsvhSsvmOjt3B/U5BVBDlAKs6gfXzWtI X-Received: by 2002:a05:6214:76e:b0:880:4ae6:b8d9 with SMTP id 6a1803df08f44-88167b17f40mr1004036d6.23.1762445965741; Thu, 06 Nov 2025 08:19:25 -0800 (PST) Received: from postal.iol.unh.edu (postal.iol.unh.edu. [132.177.123.84]) by smtp-relay.gmail.com with ESMTPS id 6a1803df08f44-880829f91bfsm2668906d6.24.2025.11.06.08.19.25 (version=TLS1_2 cipher=ECDHE-ECDSA-AES128-GCM-SHA256 bits=128/128); Thu, 06 Nov 2025 08:19:25 -0800 (PST) X-Relaying-Domain: iol.unh.edu Date: Thu, 06 Nov 2025 08:19:25 -0800 (PST) Message-ID: <690cca8d.d40a0220.1d7c46.dba9SMTPIN_ADDED_MISSING@mx.google.com> Received: from [172.21.0.2] (unknown [172.18.0.240]) by postal.iol.unh.edu (Postfix) with ESMTP id 72F9D604D420; Thu, 6 Nov 2025 11:19:25 -0500 (EST) Subject: |FAILURE| [GIT MASTER] 62f583c49bf67dd4d6733ece14e55fe6839e66d1 From: dpdklab@iol.unh.edu To: Test Report Cc: dpdk-test-reports@iol.unh.edu, Xueming Li , Christian Ehrhardt , Kevin Traynor , Luca Boccassi Content-Type: text/plain X-BeenThere: test-report@dpdk.org X-Mailman-Version: 2.1.29 Precedence: list List-Id: automatic DPDK test reports List-Unsubscribe: , List-Archive: List-Post: List-Help: List-Subscribe: , Errors-To: test-report-bounces@dpdk.org _Testing issues_ Branch: tags/v23.11 62f583c49bf67dd4d6733ece14e55fe6839e66d1 --> testing issues Upstream job id: Generic-Unit-Test-DPDK#389236 Test environment and result as below: +------------------------------+----------------+--------------+------------------------------+---------------------------+ | Environment | dpdk_unit_test | lpm_autotest | cryptodev_sw_snow3g_autotest | cryptodev_sw_zuc_autotest | +==============================+================+==============+==============================+===========================+ | CentOS Stream 9 | PASS | SKIPPED | SKIPPED | SKIPPED | +------------------------------+----------------+--------------+------------------------------+---------------------------+ | Debian GNU/Linux 12 | PASS | SKIPPED | SKIPPED | SKIPPED | +------------------------------+----------------+--------------+------------------------------+---------------------------+ | CentOS Stream 10 | PASS | SKIPPED | SKIPPED | SKIPPED | +------------------------------+----------------+--------------+------------------------------+---------------------------+ | Fedora Linux 40 | PEND | SKIPPED | SKIPPED | SKIPPED | +------------------------------+----------------+--------------+------------------------------+---------------------------+ | Fedora Linux 41 | PEND | SKIPPED | SKIPPED | SKIPPED | +------------------------------+----------------+--------------+------------------------------+---------------------------+ | Ubuntu 20.04 | PEND | PASS | SKIPPED | SKIPPED | +------------------------------+----------------+--------------+------------------------------+---------------------------+ | Fedora Linux 42 | PEND | SKIPPED | SKIPPED | SKIPPED | +------------------------------+----------------+--------------+------------------------------+---------------------------+ | Ubuntu 22.04 | PASS | SKIPPED | SKIPPED | SKIPPED | +------------------------------+----------------+--------------+------------------------------+---------------------------+ | Red Hat Enterprise Linux 9.5 | PEND | SKIPPED | SKIPPED | SKIPPED | +------------------------------+----------------+--------------+------------------------------+---------------------------+ | Ubuntu 24.04 | PEND | SKIPPED | SKIPPED | SKIPPED | +------------------------------+----------------+--------------+------------------------------+---------------------------+ | Debian 12 (arm) | SKIPPED | SKIPPED | PASS | PASS | +------------------------------+----------------+--------------+------------------------------+---------------------------+ CentOS Stream 9 Kernel: 5.4 Compiler: gcc gcc (GCC) 11.5.0 20240719 (Red Hat 11.5.0-11) Debian GNU/Linux 12 Kernel: 5.4 Compiler: gcc gcc (Debian 12.2.0-14+deb12u1) 12.2.0 CentOS Stream 10 Kernel: 5.4 Compiler: gcc gcc (GCC) 14.2.1 20250110 (Red Hat 14.2.1-8) Fedora Linux 40 Kernel: 5.4 Compiler: gcc gcc (GCC) 14.2.1 20240912 (Red Hat 14.2.1-3) Fedora Linux 41 Kernel: 5.4 Compiler: gcc gcc (GCC) 14.3.1 20250523 (Red Hat 14.3.1-1) Ubuntu 20.04 Kernel: 5.4 Compiler: gcc gcc (Ubuntu 9.4.0-1ubuntu1~20.04.2) 9.4.0 Fedora Linux 42 Kernel: 5.4 Compiler: gcc gcc (GCC) 15.2.1 20250808 (Red Hat 15.2.1-1) Ubuntu 22.04 Kernel: 5.4 Compiler: gcc gcc (Ubuntu 11.4.0-1ubuntu1~22.04) 11.4.0 Red Hat Enterprise Linux 9.5 Kernel: 5.4 Compiler: gcc gcc (GCC) 11.5.0 20240719 (Red Hat 11.5.0-2) Ubuntu 24.04 Kernel: 5.4 Compiler: gcc gcc (Ubuntu 13.3.0-6ubuntu2~24.04) 13.3.0 Debian 12 (arm) Kernel: Depends on container host Compiler: gcc (Debian 12.2.0-14) 12.2.0 To view detailed results, visit: https://lab.dpdk.org/results/dashboard/tarballs/35477/ UNH-IOL DPDK Community Lab To manage your email subscriptions, visit: https://lab.dpdk.org/results/dashboard/preferences/subscriptions/