automatic DPDK test reports
 help / color / mirror / Atom feed
From: dpdklab@iol.unh.edu
To: Test Report <test-report@dpdk.org>
Cc: dpdk-test-reports@iol.unh.edu,
	Stephen Hemminger <stephen@networkplumber.org>,
	fengchengwen <fengchengwen@huawei.com>
Subject: |FAILURE| pw158506 [PATCH] [v3] app/testpmd: support specify TCs whe
Date: Thu, 06 Nov 2025 09:03:49 -0800 (PST)	[thread overview]
Message-ID: <690cd4f5.170a0220.3b409d.8b9fSMTPIN_ADDED_MISSING@mx.google.com> (raw)
In-Reply-To: <20251106124959.2592-1-fengchengwen@huawei.com>

Test-Label: iol-compile-arm64-testing
Test-Status: FAILURE
http://dpdk.org/patch/158506

_Testing issues_

Submitter: fengchengwen <fengchengwen@huawei.com>
Date: Thursday, November 06 2025 12:49:59 
DPDK git baseline: Repo:dpdk-next-net
  Branch: master
  CommitID:af6456d0ef3f43b6f85c9bdf3818cbd2f2fee0f5

158506 --> testing issues

Upstream job id: Generic-DPDK-Compile-Meson#441433

Test environment and result as below:

+------------------------------+--------------------+
|         Environment          | dpdk_meson_compile |
+==============================+====================+
| Red Hat Enterprise Linux 9.5 | PASS               |
+------------------------------+--------------------+
| Ubuntu 20.04                 | PASS               |
+------------------------------+--------------------+
| Debian GNU/Linux 12          | PASS               |
+------------------------------+--------------------+
| Fedora Linux 42              | FAIL               |
+------------------------------+--------------------+
| Ubuntu 22.04                 | PASS               |
+------------------------------+--------------------+
| Ubuntu 24.04                 | PASS               |
+------------------------------+--------------------+
| CentOS Stream 9              | PASS               |
+------------------------------+--------------------+
| CentOS Stream 10             | PASS               |
+------------------------------+--------------------+

==== 20 line log output for Fedora Linux 42 (dpdk_meson_compile): ====
[3491/3844] Compiling C object app/dpdk-test-pipeline.p/test-pipeline_init.c.o
[3492/3844] Compiling C object app/dpdk-test-pipeline.p/test-pipeline_main.c.o
[3493/3844] Compiling C object app/dpdk-test-pipeline.p/test-pipeline_pipeline_acl.c.o
[3494/3844] Compiling C object app/dpdk-test-pipeline.p/test-pipeline_pipeline_hash.c.o
[3495/3844] Compiling C object app/dpdk-test-pipeline.p/test-pipeline_pipeline_lpm.c.o
[3496/3844] Compiling C object app/dpdk-test-pipeline.p/test-pipeline_pipeline_lpm_ipv6.c.o
[3497/3844] Compiling C object app/dpdk-test-pipeline.p/test-pipeline_pipeline_stub.c.o
[3498/3844] Compiling C object app/dpdk-test-pipeline.p/test-pipeline_runtime.c.o
[3499/3844] Compiling C object app/dpdk-testpmd.p/test-pmd_5tswap.c.o
[3500/3844] Compiling C object app/dpdk-testpmd.p/test-pmd_cmdline.c.o
FAILED: [code=1] app/dpdk-testpmd.p/test-pmd_cmdline.c.o
clang -Iapp/dpdk-testpmd.p -Iapp -I../app -Iapp/test-pmd -I../app/test-pmd -Ilib/ethdev -I../lib/ethdev -Ilib/eal/common -I../lib/eal/common -I. -I.. -Iconfig -I../config -Ilib/eal/include -I../lib/eal/include -Ilib/eal/linux/include -I../lib/eal/linux/include -Ilib/eal/arm/include -I../lib/eal/arm/include -I../kernel/linux -Ilib/eal -I../lib/eal -Ilib/kvargs -I../lib/kvargs -Ilib/log -I../lib/log -Ilib/metrics -I../lib/metrics -Ilib/telemetry -I../lib/telemetry -Ilib/argparse -I../lib/argparse -Ilib/net -I../lib/net -Ilib/mbuf -I../lib/mbuf -Ilib/mempool -I../lib/mempool -Ilib/ring -I../lib/ring -Ilib/meter -I../lib/meter -Ilib/cmdline -I../lib/cmdline -Ilib/pci -I../lib/pci -Idrivers/crypto/scheduler -I../drivers/crypto/scheduler -Ilib/cryptodev -I../lib/cryptodev -Ilib/rcu -I../lib/rcu -Idrivers/bus/vdev -I../drivers/bus/vdev -Ilib/reorder -I../lib/reorder -Ilib/security -I../lib/security -Ilib/bitratestats -I../lib/bitratestats -Ilib/bpf -I../lib/bpf -Ilib/gro -I../lib/gro -Ilib/
 gso -I../lib/gso -Ilib/latencystats -I../lib/latencystats -Ilib/pdump -I../lib/pdump -Ilib/pcapng -I../lib/pcapng -Idrivers/net/bnxt -I../drivers/net/bnxt -Idrivers/net/bnxt/tf_ulp -I../drivers/net/bnxt/tf_ulp -Idrivers/net/bnxt/tf_ulp/generic_templates -I../drivers/net/bnxt/tf_ulp/generic_templates -Idrivers/net/bnxt/tf_core -I../drivers/net/bnxt/tf_core -Idrivers/net/bnxt/tf_core/v3 -I../drivers/net/bnxt/tf_core/v3 -Idrivers/net/bnxt/hcapi/cfa -I../drivers/net/bnxt/hcapi/cfa -Idrivers/net/bnxt/hcapi/cfa_v3 -I../drivers/net/bnxt/hcapi/cfa_v3 -I../drivers/net/bnxt/hcapi/cfa_v3/include -I../drivers/net/bnxt/hcapi/cfa_v3/include/platform/dpdk -I../drivers/net/bnxt/hcapi/cfa_v3/bld/p70 -I../drivers/net/bnxt/hcapi/cfa_v3/bld/p70/host -I../drivers/net/bnxt/hcapi/cfa_v3/bld/include -I../drivers/net/bnxt/hcapi/cfa_v3/bld/include/host -I../drivers/net/bnxt/hcapi/cfa_v3/bld/include/p70 -I../drivers/net/bnxt/hcapi/cfa_v3/mm/include -I../drivers/net/bnxt/hcapi/cfa_v3/tim/include -I../drivers/n
 et/bnxt/hcapi/cfa_v3/tpm/include -Idrivers/bus/pci -I../drivers/bus/pci -I../drivers/bus/pci/linux -Ilib/hash -I../lib/hash -Idrivers/net/intel/i40e -I../drivers/net/intel/i40e -Idrivers/net/intel/i40e/base -I../drivers/net/intel/i40e/base -Idrivers/net/intel/ixgbe -I../drivers/net/intel/ixgbe -Idrivers/net/intel/ixgbe/base -I../drivers/net/intel/ixgbe/base -Idrivers/bus/dpaa -I../drivers/bus/dpaa -I../drivers/bus/dpaa/base -I../drivers/bus/dpaa/include -I../drivers/bus/dpaa/base/qbman -Idrivers/common/dpaax -I../drivers/common/dpaax -I../drivers/common/dpaax/caamflib -Ilib/eventdev -I../lib/eventdev -Ilib/timer -I../lib/timer -Ilib/dmadev -I../lib/dmadev -Idrivers/mempool/dpaa -I../drivers/mempool/dpaa -Idrivers/net/dpaa -I../drivers/net/dpaa -Idrivers/net/bonding -I../drivers/net/bonding -Ilib/sched -I../lib/sched -Ilib/ip_frag -I../lib/ip_frag -Idrivers/net/intel/iavf -I../drivers/net/intel/iavf -I../drivers/net/intel/iavf/base -Idrivers/net/intel/ice -I../drivers/net/intel/ice -
 Idrivers/net/intel/ice/base -I../drivers/net/intel/ice/base -Idrivers/net/mlx5 -I../drivers/net/mlx5 -Idrivers/net/mlx5/linux -I../drivers/net/mlx5/linux -Idrivers/net/mlx5/hws -I../drivers/net/mlx5/hws -Idrivers/common/mlx5 -I../drivers/common/mlx5 -Idrivers/common/mlx5/linux -I../drivers/common/mlx5/linux -Idrivers/bus/auxiliary -I../drivers/bus/auxiliary -Xclang -fcolor-diagnostics -pipe -D_FILE_OFFSET_BITS=64 -Wall -Winvalid-pch -Wextra -Werror -std=c11 -O3 -include rte_config.h -Wvla -Wcast-qual -Wcomma -Wdeprecated -Wformat -Wformat-nonliteral -Wformat-security -Wmissing-declarations -Wmissing-prototypes -Wnested-externs -Wold-style-definition -Wpointer-arith -Wsign-compare -Wstrict-prototypes -Wundef -Wwrite-strings -Wno-missing-field-initializers -D_GNU_SOURCE -DWITH_GZFILEOP -march=armv8.1-a+crc+crypto -DALLOW_EXPERIMENTAL_API -MD -MQ app/dpdk-testpmd.p/test-pmd_cmdline.c.o -MF app/dpdk-testpmd.p/test-pmd_cmdline.c.o.d -o app/dpdk-testpmd.p/test-pmd_cmdline.c.o -c ../app/te
 st-pmd/cmdline.c
../app/test-pmd/cmdline.c:6268:13: error: expression which evaluates to zero treated as a null pointer constant of type 'const char *' [-Werror,-Wnon-literal-null-conversion]
6268 |                         tc_mask, RTE_UINT8);
|                                  ^~~~~~~~~
../lib/cmdline/cmdline_parse_num.h:54:3: note: expanded from macro 'TOKEN_NUM_INITIALIZER'
54 |                 numtype,                        /* type */          \
|                 ^~~~~~~
1 error generated.
ninja: build stopped: subcommand failed.
==== End log output ====

Red Hat Enterprise Linux 9.5
	Kernel: 5.4
	Compiler: gcc gcc (GCC) 11.5.0 20240719 (Red Hat 11.5.0-2)

Ubuntu 20.04
	Kernel: 5.4
	Compiler: gcc gcc (Ubuntu 9.4.0-1ubuntu1~20.04.2) 9.4.0

Debian GNU/Linux 12
	Kernel: 5.4
	Compiler: gcc gcc (Debian 12.2.0-14+deb12u1) 12.2.0

Fedora Linux 42
	Kernel: 5.4
	Compiler: gcc gcc (GCC) 15.2.1 20250808 (Red Hat 15.2.1-1)

Ubuntu 22.04
	Kernel: 5.4
	Compiler: gcc gcc (Ubuntu 11.4.0-1ubuntu1~22.04) 11.4.0

Ubuntu 24.04
	Kernel: 5.4
	Compiler: gcc gcc (Ubuntu 13.3.0-6ubuntu2~24.04) 13.3.0

CentOS Stream 9
	Kernel: 5.4
	Compiler: gcc gcc (GCC) 11.5.0 20240719 (Red Hat 11.5.0-11)

CentOS Stream 10
	Kernel: 5.4
	Compiler: gcc gcc (GCC) 14.2.1 20250110 (Red Hat 14.2.1-8)

To view detailed results, visit:
https://lab.dpdk.org/results/dashboard/patchsets/34485/

UNH-IOL DPDK Community Lab

To manage your email subscriptions, visit: 
https://lab.dpdk.org/results/dashboard/preferences/subscriptions/

  parent reply	other threads:[~2025-11-06 17:03 UTC|newest]

Thread overview: 25+ messages / expand[flat|nested]  mbox.gz  Atom feed  top
     [not found] <20251106124959.2592-1-fengchengwen@huawei.com>
2025-11-06 12:15 ` |SUCCESS| pw158506 [PATCH v3] app/testpmd: support specify TCs when DCB forward qemudev
2025-11-06 12:20 ` qemudev
2025-11-06 12:51 ` checkpatch
2025-11-06 13:24 ` |PENDING| pw158506 [PATCH] [v3] app/testpmd: support specify TCs whe dpdklab
2025-11-06 13:25 ` |FAILURE| " dpdklab
2025-11-06 13:28 ` |PENDING| " dpdklab
2025-11-06 13:29 ` |FAILURE| " dpdklab
2025-11-06 13:30 ` dpdklab
2025-11-06 13:30 ` dpdklab
2025-11-06 13:31 ` |SUCCESS| " dpdklab
2025-11-06 13:35 ` |PENDING| " dpdklab
2025-11-06 13:43 ` |SUCCESS| " dpdklab
2025-11-06 13:46 ` dpdklab
2025-11-06 13:49 ` dpdklab
2025-11-06 13:49 ` |PENDING| " dpdklab
2025-11-06 14:11 ` |SUCCESS| " dpdklab
2025-11-06 14:15 ` |FAILURE| " dpdklab
2025-11-06 14:16 ` |SUCCESS| " dpdklab
2025-11-06 14:16 ` dpdklab
2025-11-06 14:17 ` |FAILURE| " dpdklab
2025-11-06 14:31 ` |SUCCESS| " dpdklab
2025-11-06 14:40 ` |FAILURE| " dpdklab
2025-11-06 17:03 ` dpdklab
2025-11-06 17:03 ` dpdklab [this message]
2025-11-06 17:04 ` dpdklab

Reply instructions:

You may reply publicly to this message via plain-text email
using any one of the following methods:

* Save the following mbox file, import it into your mail client,
  and reply-to-all from there: mbox

  Avoid top-posting and favor interleaved quoting:
  https://en.wikipedia.org/wiki/Posting_style#Interleaved_style

* Reply using the --to, --cc, and --in-reply-to
  switches of git-send-email(1):

  git send-email \
    --in-reply-to=690cd4f5.170a0220.3b409d.8b9fSMTPIN_ADDED_MISSING@mx.google.com \
    --to=dpdklab@iol.unh.edu \
    --cc=dpdk-test-reports@iol.unh.edu \
    --cc=fengchengwen@huawei.com \
    --cc=stephen@networkplumber.org \
    --cc=test-report@dpdk.org \
    /path/to/YOUR_REPLY

  https://kernel.org/pub/software/scm/git/docs/git-send-email.html

* If your mail client supports setting the In-Reply-To header
  via mailto: links, try the mailto: link
Be sure your reply has a Subject: header at the top and a blank line before the message body.
This is a public inbox, see mirroring instructions
for how to clone and mirror all data and code used for this inbox;
as well as URLs for NNTP newsgroup(s).