From mboxrd@z Thu Jan 1 00:00:00 1970 Return-Path: Received: from mails.dpdk.org (mails.dpdk.org [217.70.189.124]) by inbox.dpdk.org (Postfix) with ESMTP id 111A048A5B for ; Thu, 6 Nov 2025 18:03:52 +0100 (CET) Received: from mails.dpdk.org (localhost [127.0.0.1]) by mails.dpdk.org (Postfix) with ESMTP id 0B5D04013F; Thu, 6 Nov 2025 18:03:52 +0100 (CET) Received: from mail-pl1-f227.google.com (mail-pl1-f227.google.com [209.85.214.227]) by mails.dpdk.org (Postfix) with ESMTP id AE8AA4013F for ; Thu, 6 Nov 2025 18:03:50 +0100 (CET) Received: by mail-pl1-f227.google.com with SMTP id d9443c01a7336-294fd2ca6acso18128335ad.0 for ; Thu, 06 Nov 2025 09:03:50 -0800 (PST) DKIM-Signature: v=1; a=rsa-sha256; c=relaxed/relaxed; d=iol.unh.edu; s=unh-iol; t=1762448630; x=1763053430; darn=dpdk.org; h=references:in-reply-to:cc:to:from:subject:message-id:date:from:to :cc:subject:date:message-id:reply-to; bh=YDxXbvgktuJOgMwM+imzbFQwzNcCVMTn6nM9IL8oARY=; b=M3mRMwL/B9vcmzS/3p5klXkZ8nUx/QfefD2ut7tIFSOboHgvO/18gn7FalJEgICrMa mUPuol/HGjOjFir/3J/J49Wfj4I+uiN5jCXuKSBvy+/f584MpcIVBuTv63wQ/yVIyTcD l8t4zhLnEEnIFkTh3WOQAgXOJadMPtob7c/6E= X-Google-DKIM-Signature: v=1; a=rsa-sha256; c=relaxed/relaxed; d=1e100.net; s=20230601; t=1762448630; x=1763053430; h=references:in-reply-to:cc:to:from:subject:message-id:date:x-gm-gg :x-gm-message-state:from:to:cc:subject:date:message-id:reply-to; bh=YDxXbvgktuJOgMwM+imzbFQwzNcCVMTn6nM9IL8oARY=; b=rHE3X6qsqRsFd/ED+ToCcyZBl/auHI2vNQlujcYVxMdgc7GY36rBnOFxhUSLMJ84vH tmt3LVl4B7vpqEYAvrk+8XnkrBQEXVuPU6JI4e4Pvdq1pzG04QNt8a+KkerJ1fFFSwV6 SIou3Yxv/E7fOmfxzmvGvo7sXMdIriTfdmmNrKWHkqaqUpZYF/ikqRxGr49TZnc3OpsO N2ahSAz0sn/haV/679DZCQfEQ1xLc1Zt5MBM3QIZgAdzuYNJKinaS5v18mudgbyv7tc/ 3y76yti+avfW9qMoxKXarKnNyuhf+PdhCz49AWq/fZ0POFRK6CMWVzJON8FcaoF32B7y m/ZA== X-Gm-Message-State: AOJu0YxWFFpD9x5qnoVT/GHKlL9feU8Qmvha1mJodNtTxV6tle/rJCZm QRIi9CMTfWmu82AiZWCGnLQ7TnRDB/O8YIhrkB+aWrUrP1gGNdJTmnsWfutaBO2MASXmIZqqZis CGSWoXWfMtxl8Scd+hn9sFjspDsbh0y076z4KRqMXD4ZM X-Gm-Gg: ASbGnctTrmgGcpXniiH/ithAYm+ICcgE5fZrkGVUZaDk8Z7Xaji1UOqfE/zX2P/gh2k jGs6mTMDhMc1VQLccKbbsp4oQ2apBE8hJK4/E8EBP6VtB6JcnYmf6aQCXcFfg9seCyrwW0HqJgA vIWJiIyZ4FOGU+avEdZYXCl3EAEwwGjcu9o/OiKmGMV79GfhicgKg3JOYdJGa4Ti8JrX76UBFJf CYDDowAn5O55ks5PurKB82RKjl3cxf1G0A7GaCigk/zrGdT89ptVXJRpweRuuVCfk2Ov/PrZMJV rRRLC+1LYHWdQMWiEzOUH7aJPxX9p8XIFVjeKE9vkBvkpPBckXySy/IeKlWn9O5YOzkH0YlNslb bwypTxkcrWY1fuSO9z2V56nGAlX15lg8= X-Google-Smtp-Source: AGHT+IH2jp0E5Fqf5R5LuyER1mn3oUM7+E946ziFBd5sqGEjN6FBKxr2U00O/q9y7XzveCibX3wsFkluFxP0 X-Received: by 2002:a17:903:2b03:b0:273:ef4c:60f3 with SMTP id d9443c01a7336-2965083ef0emr44212405ad.4.1762448629636; Thu, 06 Nov 2025 09:03:49 -0800 (PST) Received: from postal.iol.unh.edu (postal.iol.unh.edu. [132.177.123.84]) by smtp-relay.gmail.com with ESMTPS id 98e67ed59e1d1-341b1e46bdbsm476409a91.1.2025.11.06.09.03.49 (version=TLS1_2 cipher=ECDHE-ECDSA-AES128-GCM-SHA256 bits=128/128); Thu, 06 Nov 2025 09:03:49 -0800 (PST) X-Relaying-Domain: iol.unh.edu Date: Thu, 06 Nov 2025 09:03:49 -0800 (PST) Message-ID: <690cd4f5.170a0220.3b409d.8b9fSMTPIN_ADDED_MISSING@mx.google.com> Received: from [172.21.0.9] (unknown [172.18.0.240]) by postal.iol.unh.edu (Postfix) with ESMTP id 200E86051830; Thu, 6 Nov 2025 12:03:49 -0500 (EST) Subject: |FAILURE| pw158506 [PATCH] [v3] app/testpmd: support specify TCs whe From: dpdklab@iol.unh.edu To: Test Report Cc: dpdk-test-reports@iol.unh.edu, Stephen Hemminger , fengchengwen In-Reply-To: <20251106124959.2592-1-fengchengwen@huawei.com> References: <20251106124959.2592-1-fengchengwen@huawei.com> Content-Type: text/plain X-BeenThere: test-report@dpdk.org X-Mailman-Version: 2.1.29 Precedence: list List-Id: automatic DPDK test reports List-Unsubscribe: , List-Archive: List-Post: List-Help: List-Subscribe: , Errors-To: test-report-bounces@dpdk.org Test-Label: iol-compile-arm64-testing Test-Status: FAILURE http://dpdk.org/patch/158506 _Testing issues_ Submitter: fengchengwen Date: Thursday, November 06 2025 12:49:59 DPDK git baseline: Repo:dpdk-next-net Branch: master CommitID:af6456d0ef3f43b6f85c9bdf3818cbd2f2fee0f5 158506 --> testing issues Upstream job id: Generic-DPDK-Compile-Meson#441433 Test environment and result as below: +------------------------------+--------------------+ | Environment | dpdk_meson_compile | +==============================+====================+ | Red Hat Enterprise Linux 9.5 | PASS | +------------------------------+--------------------+ | Ubuntu 20.04 | PASS | +------------------------------+--------------------+ | Debian GNU/Linux 12 | PASS | +------------------------------+--------------------+ | Fedora Linux 42 | FAIL | +------------------------------+--------------------+ | Ubuntu 22.04 | PASS | +------------------------------+--------------------+ | Ubuntu 24.04 | PASS | +------------------------------+--------------------+ | CentOS Stream 9 | PASS | +------------------------------+--------------------+ | CentOS Stream 10 | PASS | +------------------------------+--------------------+ ==== 20 line log output for Fedora Linux 42 (dpdk_meson_compile): ==== [3491/3844] Compiling C object app/dpdk-test-pipeline.p/test-pipeline_init.c.o [3492/3844] Compiling C object app/dpdk-test-pipeline.p/test-pipeline_main.c.o [3493/3844] Compiling C object app/dpdk-test-pipeline.p/test-pipeline_pipeline_acl.c.o [3494/3844] Compiling C object app/dpdk-test-pipeline.p/test-pipeline_pipeline_hash.c.o [3495/3844] Compiling C object app/dpdk-test-pipeline.p/test-pipeline_pipeline_lpm.c.o [3496/3844] Compiling C object app/dpdk-test-pipeline.p/test-pipeline_pipeline_lpm_ipv6.c.o [3497/3844] Compiling C object app/dpdk-test-pipeline.p/test-pipeline_pipeline_stub.c.o [3498/3844] Compiling C object app/dpdk-test-pipeline.p/test-pipeline_runtime.c.o [3499/3844] Compiling C object app/dpdk-testpmd.p/test-pmd_5tswap.c.o [3500/3844] Compiling C object app/dpdk-testpmd.p/test-pmd_cmdline.c.o FAILED: [code=1] app/dpdk-testpmd.p/test-pmd_cmdline.c.o clang -Iapp/dpdk-testpmd.p -Iapp -I../app -Iapp/test-pmd -I../app/test-pmd -Ilib/ethdev -I../lib/ethdev -Ilib/eal/common -I../lib/eal/common -I. -I.. -Iconfig -I../config -Ilib/eal/include -I../lib/eal/include -Ilib/eal/linux/include -I../lib/eal/linux/include -Ilib/eal/arm/include -I../lib/eal/arm/include -I../kernel/linux -Ilib/eal -I../lib/eal -Ilib/kvargs -I../lib/kvargs -Ilib/log -I../lib/log -Ilib/metrics -I../lib/metrics -Ilib/telemetry -I../lib/telemetry -Ilib/argparse -I../lib/argparse -Ilib/net -I../lib/net -Ilib/mbuf -I../lib/mbuf -Ilib/mempool -I../lib/mempool -Ilib/ring -I../lib/ring -Ilib/meter -I../lib/meter -Ilib/cmdline -I../lib/cmdline -Ilib/pci -I../lib/pci -Idrivers/crypto/scheduler -I../drivers/crypto/scheduler -Ilib/cryptodev -I../lib/cryptodev -Ilib/rcu -I../lib/rcu -Idrivers/bus/vdev -I../drivers/bus/vdev -Ilib/reorder -I../lib/reorder -Ilib/security -I../lib/security -Ilib/bitratestats -I../lib/bitratestats -Ilib/bpf -I../lib/bpf -Ilib/gro -I../lib/gro -Ilib/ gso -I../lib/gso -Ilib/latencystats -I../lib/latencystats -Ilib/pdump -I../lib/pdump -Ilib/pcapng -I../lib/pcapng -Idrivers/net/bnxt -I../drivers/net/bnxt -Idrivers/net/bnxt/tf_ulp -I../drivers/net/bnxt/tf_ulp -Idrivers/net/bnxt/tf_ulp/generic_templates -I../drivers/net/bnxt/tf_ulp/generic_templates -Idrivers/net/bnxt/tf_core -I../drivers/net/bnxt/tf_core -Idrivers/net/bnxt/tf_core/v3 -I../drivers/net/bnxt/tf_core/v3 -Idrivers/net/bnxt/hcapi/cfa -I../drivers/net/bnxt/hcapi/cfa -Idrivers/net/bnxt/hcapi/cfa_v3 -I../drivers/net/bnxt/hcapi/cfa_v3 -I../drivers/net/bnxt/hcapi/cfa_v3/include -I../drivers/net/bnxt/hcapi/cfa_v3/include/platform/dpdk -I../drivers/net/bnxt/hcapi/cfa_v3/bld/p70 -I../drivers/net/bnxt/hcapi/cfa_v3/bld/p70/host -I../drivers/net/bnxt/hcapi/cfa_v3/bld/include -I../drivers/net/bnxt/hcapi/cfa_v3/bld/include/host -I../drivers/net/bnxt/hcapi/cfa_v3/bld/include/p70 -I../drivers/net/bnxt/hcapi/cfa_v3/mm/include -I../drivers/net/bnxt/hcapi/cfa_v3/tim/include -I../drivers/n et/bnxt/hcapi/cfa_v3/tpm/include -Idrivers/bus/pci -I../drivers/bus/pci -I../drivers/bus/pci/linux -Ilib/hash -I../lib/hash -Idrivers/net/intel/i40e -I../drivers/net/intel/i40e -Idrivers/net/intel/i40e/base -I../drivers/net/intel/i40e/base -Idrivers/net/intel/ixgbe -I../drivers/net/intel/ixgbe -Idrivers/net/intel/ixgbe/base -I../drivers/net/intel/ixgbe/base -Idrivers/bus/dpaa -I../drivers/bus/dpaa -I../drivers/bus/dpaa/base -I../drivers/bus/dpaa/include -I../drivers/bus/dpaa/base/qbman -Idrivers/common/dpaax -I../drivers/common/dpaax -I../drivers/common/dpaax/caamflib -Ilib/eventdev -I../lib/eventdev -Ilib/timer -I../lib/timer -Ilib/dmadev -I../lib/dmadev -Idrivers/mempool/dpaa -I../drivers/mempool/dpaa -Idrivers/net/dpaa -I../drivers/net/dpaa -Idrivers/net/bonding -I../drivers/net/bonding -Ilib/sched -I../lib/sched -Ilib/ip_frag -I../lib/ip_frag -Idrivers/net/intel/iavf -I../drivers/net/intel/iavf -I../drivers/net/intel/iavf/base -Idrivers/net/intel/ice -I../drivers/net/intel/ice - Idrivers/net/intel/ice/base -I../drivers/net/intel/ice/base -Idrivers/net/mlx5 -I../drivers/net/mlx5 -Idrivers/net/mlx5/linux -I../drivers/net/mlx5/linux -Idrivers/net/mlx5/hws -I../drivers/net/mlx5/hws -Idrivers/common/mlx5 -I../drivers/common/mlx5 -Idrivers/common/mlx5/linux -I../drivers/common/mlx5/linux -Idrivers/bus/auxiliary -I../drivers/bus/auxiliary -Xclang -fcolor-diagnostics -pipe -D_FILE_OFFSET_BITS=64 -Wall -Winvalid-pch -Wextra -Werror -std=c11 -O3 -include rte_config.h -Wvla -Wcast-qual -Wcomma -Wdeprecated -Wformat -Wformat-nonliteral -Wformat-security -Wmissing-declarations -Wmissing-prototypes -Wnested-externs -Wold-style-definition -Wpointer-arith -Wsign-compare -Wstrict-prototypes -Wundef -Wwrite-strings -Wno-missing-field-initializers -D_GNU_SOURCE -DWITH_GZFILEOP -march=armv8.1-a+crc+crypto -DALLOW_EXPERIMENTAL_API -MD -MQ app/dpdk-testpmd.p/test-pmd_cmdline.c.o -MF app/dpdk-testpmd.p/test-pmd_cmdline.c.o.d -o app/dpdk-testpmd.p/test-pmd_cmdline.c.o -c ../app/te st-pmd/cmdline.c ../app/test-pmd/cmdline.c:6268:13: error: expression which evaluates to zero treated as a null pointer constant of type 'const char *' [-Werror,-Wnon-literal-null-conversion] 6268 | tc_mask, RTE_UINT8); | ^~~~~~~~~ ../lib/cmdline/cmdline_parse_num.h:54:3: note: expanded from macro 'TOKEN_NUM_INITIALIZER' 54 | numtype, /* type */ \ | ^~~~~~~ 1 error generated. ninja: build stopped: subcommand failed. ==== End log output ==== Red Hat Enterprise Linux 9.5 Kernel: 5.4 Compiler: gcc gcc (GCC) 11.5.0 20240719 (Red Hat 11.5.0-2) Ubuntu 20.04 Kernel: 5.4 Compiler: gcc gcc (Ubuntu 9.4.0-1ubuntu1~20.04.2) 9.4.0 Debian GNU/Linux 12 Kernel: 5.4 Compiler: gcc gcc (Debian 12.2.0-14+deb12u1) 12.2.0 Fedora Linux 42 Kernel: 5.4 Compiler: gcc gcc (GCC) 15.2.1 20250808 (Red Hat 15.2.1-1) Ubuntu 22.04 Kernel: 5.4 Compiler: gcc gcc (Ubuntu 11.4.0-1ubuntu1~22.04) 11.4.0 Ubuntu 24.04 Kernel: 5.4 Compiler: gcc gcc (Ubuntu 13.3.0-6ubuntu2~24.04) 13.3.0 CentOS Stream 9 Kernel: 5.4 Compiler: gcc gcc (GCC) 11.5.0 20240719 (Red Hat 11.5.0-11) CentOS Stream 10 Kernel: 5.4 Compiler: gcc gcc (GCC) 14.2.1 20250110 (Red Hat 14.2.1-8) To view detailed results, visit: https://lab.dpdk.org/results/dashboard/patchsets/34485/ UNH-IOL DPDK Community Lab To manage your email subscriptions, visit: https://lab.dpdk.org/results/dashboard/preferences/subscriptions/