From mboxrd@z Thu Jan 1 00:00:00 1970 Return-Path: Received: from mails.dpdk.org (mails.dpdk.org [217.70.189.124]) by inbox.dpdk.org (Postfix) with ESMTP id 2760D48A5B for ; Thu, 6 Nov 2025 18:04:05 +0100 (CET) Received: from mails.dpdk.org (localhost [127.0.0.1]) by mails.dpdk.org (Postfix) with ESMTP id 244DF4013F; Thu, 6 Nov 2025 18:04:05 +0100 (CET) Received: from mail-il1-f225.google.com (mail-il1-f225.google.com [209.85.166.225]) by mails.dpdk.org (Postfix) with ESMTP id 970F74013F for ; Thu, 6 Nov 2025 18:04:04 +0100 (CET) Received: by mail-il1-f225.google.com with SMTP id e9e14a558f8ab-433258101ceso7485085ab.1 for ; Thu, 06 Nov 2025 09:04:04 -0800 (PST) DKIM-Signature: v=1; a=rsa-sha256; c=relaxed/relaxed; d=iol.unh.edu; s=unh-iol; t=1762448644; x=1763053444; darn=dpdk.org; h=references:in-reply-to:cc:to:from:subject:message-id:date:from:to :cc:subject:date:message-id:reply-to; bh=hrBwBekSzP1FY+p5rZNRv76gHUNAo9647cxG4Do9MNU=; b=J4N0Fg0yqkt397tnS/c1WVsPGexG8QW740SRVrJS4y+eU66Tky9x/l63T7hEVaQY4U ZdGVx8u4y1pZSzjY6EZyI7ibrqIMIcNjlVV0y9JUb0Nl1ujjsRreupZwlxCLgjR+lm1l tpGHD9OF/R8cfTD38O4UosFv8evbNSpnuXJ3c= X-Google-DKIM-Signature: v=1; a=rsa-sha256; c=relaxed/relaxed; d=1e100.net; s=20230601; t=1762448644; x=1763053444; h=references:in-reply-to:cc:to:from:subject:message-id:date:x-gm-gg :x-gm-message-state:from:to:cc:subject:date:message-id:reply-to; bh=hrBwBekSzP1FY+p5rZNRv76gHUNAo9647cxG4Do9MNU=; b=d7iwOEuwUTc0n4K+6z++dOLApct+aIWkOs30qQjZZbT/5mIRENioip4TP/b8vk2LKG S4FCQeg7C/Up/Dvzj0z8bmgxpLccAaIURAJ7K951gjm9Vju1ERilf2PFjRjIl8plItRO dCh47J9P7AzIJrtr7oh1aSCjDBCH9HSFuXC4Biiohol+DAbbitr97jgSg0PHioH1N19n 4ardQPZdeCXc0CqS7DElkgM1A7+GFdgS//mInqk32xqDKV/tbW5P1KhgzWSmgnSpnnrh 9jCY/lRYnnaAXpyv76bIxM7/hoYslxY70xHoxH+VewMmZueyic0jrctEUhKTWvQO21Gr FU/A== X-Gm-Message-State: AOJu0Yx1QX2vFQXxz1Hd2lZUanqDkBT0DLV4n/5DT0uqsWLOseezXdnH iFzpHOUkaIphE9pxCnBmBaYJi2cZVfiSG5x8rkoBP5Y9/F+QUCiRX/gTBgm2rmJo26um1QGXB41 qNtID/DSzthzpMeF/5YCAYM/rlrSl7hMHbzBda5IysJY5 X-Gm-Gg: ASbGncsXB8ZqTRknC0UudRLTyhPltLNQQrfIyAjJMFg6vCAtflpS23codqcNjo4zw3p xr0xCMYWvTpOhBaEwIqGcEyEPavXIPM2VtLF4R+7rU3bdwNy38HYowd1OTLAoNiZpss/K1eA4Vx DrVU+flXRUFEAhAu9etIxcmF41Y7cYAFboAI9CEHWb34hZ+GODIDvZXCwAxnNPJO42EOFcw4Xxh oBbG/8FznzAWhFYDzVsHrYGhd9iRaPej3qYtuwhllELLsuM1lsuwWaaJUvLofhOnyZvMpxCaIhP /80Nfd/Hr6f9jvhLLI9RiVBsZ+1nv/7Kb304+7IODHZHUKtec1fFjsFZQOY+VWhv3XJ3Ri82Bt5 lTXS+/dOWHSjC/RKFZLubJVGnB3K0h9k= X-Google-Smtp-Source: AGHT+IHOBZ2QSzchoL1/iJZ4HN2WMP/9Lw8RqoHkk+ZRYaOcrX57mIkbQm5Z374kpiu7w/jeU1FXH3P1aFQO X-Received: by 2002:a05:6e02:2148:b0:433:2b33:49ab with SMTP id e9e14a558f8ab-4335f4414famr1406515ab.16.1762448643744; Thu, 06 Nov 2025 09:04:03 -0800 (PST) Received: from postal.iol.unh.edu (postal.iol.unh.edu. [132.177.123.84]) by smtp-relay.gmail.com with ESMTPS id e9e14a558f8ab-4334f4b4719sm2173505ab.21.2025.11.06.09.04.03 (version=TLS1_2 cipher=ECDHE-ECDSA-AES128-GCM-SHA256 bits=128/128); Thu, 06 Nov 2025 09:04:03 -0800 (PST) X-Relaying-Domain: iol.unh.edu Date: Thu, 06 Nov 2025 09:04:03 -0800 (PST) Message-ID: <690cd503.050a0220.3ec69.b651SMTPIN_ADDED_MISSING@mx.google.com> Received: from [172.21.0.5] (unknown [172.18.0.240]) by postal.iol.unh.edu (Postfix) with ESMTP id 4E3056051830; Thu, 6 Nov 2025 12:04:03 -0500 (EST) Subject: |FAILURE| pw158506 [PATCH] [v3] app/testpmd: support specify TCs whe From: dpdklab@iol.unh.edu To: Test Report Cc: dpdk-test-reports@iol.unh.edu, Stephen Hemminger , fengchengwen In-Reply-To: <20251106124959.2592-1-fengchengwen@huawei.com> References: <20251106124959.2592-1-fengchengwen@huawei.com> Content-Type: text/plain X-BeenThere: test-report@dpdk.org X-Mailman-Version: 2.1.29 Precedence: list List-Id: automatic DPDK test reports List-Unsubscribe: , List-Archive: List-Post: List-Help: List-Subscribe: , Errors-To: test-report-bounces@dpdk.org Test-Label: iol-compile-arm64-testing Test-Status: FAILURE http://dpdk.org/patch/158506 _Testing issues_ Submitter: fengchengwen Date: Thursday, November 06 2025 12:49:59 DPDK git baseline: Repo:dpdk-next-net Branch: master CommitID:af6456d0ef3f43b6f85c9bdf3818cbd2f2fee0f5 158506 --> testing issues Upstream job id: Generic-DPDK-Compile-Meson#441431 Test environment and result as below: +------------------------------+--------------------+ | Environment | dpdk_meson_compile | +==============================+====================+ | Red Hat Enterprise Linux 9.5 | PASS | +------------------------------+--------------------+ | Ubuntu 20.04 | PASS | +------------------------------+--------------------+ | Debian GNU/Linux 12 | PASS | +------------------------------+--------------------+ | Fedora Linux 42 | FAIL | +------------------------------+--------------------+ | Ubuntu 22.04 | PASS | +------------------------------+--------------------+ | Ubuntu 24.04 | PASS | +------------------------------+--------------------+ | CentOS Stream 9 | PASS | +------------------------------+--------------------+ | CentOS Stream 10 | PASS | +------------------------------+--------------------+ ==== 20 line log output for Fedora Linux 42 (dpdk_meson_compile): ==== [3491/3844] Compiling C object app/dpdk-test-pipeline.p/test-pipeline_init.c.o [3492/3844] Compiling C object app/dpdk-test-pipeline.p/test-pipeline_main.c.o [3493/3844] Compiling C object app/dpdk-test-pipeline.p/test-pipeline_pipeline_acl.c.o [3494/3844] Compiling C object app/dpdk-test-pipeline.p/test-pipeline_pipeline_hash.c.o [3495/3844] Compiling C object app/dpdk-test-pipeline.p/test-pipeline_pipeline_lpm.c.o [3496/3844] Compiling C object app/dpdk-test-pipeline.p/test-pipeline_pipeline_lpm_ipv6.c.o [3497/3844] Compiling C object app/dpdk-test-pipeline.p/test-pipeline_pipeline_stub.c.o [3498/3844] Compiling C object app/dpdk-test-pipeline.p/test-pipeline_runtime.c.o [3499/3844] Compiling C object app/dpdk-testpmd.p/test-pmd_5tswap.c.o [3500/3844] Compiling C object app/dpdk-testpmd.p/test-pmd_cmdline.c.o FAILED: [code=1] app/dpdk-testpmd.p/test-pmd_cmdline.c.o clang -Iapp/dpdk-testpmd.p -Iapp -I../app -Iapp/test-pmd -I../app/test-pmd -Ilib/ethdev -I../lib/ethdev -Ilib/eal/common -I../lib/eal/common -I. -I.. -Iconfig -I../config -Ilib/eal/include -I../lib/eal/include -Ilib/eal/linux/include -I../lib/eal/linux/include -Ilib/eal/arm/include -I../lib/eal/arm/include -I../kernel/linux -Ilib/eal -I../lib/eal -Ilib/kvargs -I../lib/kvargs -Ilib/log -I../lib/log -Ilib/metrics -I../lib/metrics -Ilib/telemetry -I../lib/telemetry -Ilib/argparse -I../lib/argparse -Ilib/net -I../lib/net -Ilib/mbuf -I../lib/mbuf -Ilib/mempool -I../lib/mempool -Ilib/ring -I../lib/ring -Ilib/meter -I../lib/meter -Ilib/cmdline -I../lib/cmdline -Ilib/pci -I../lib/pci -Idrivers/crypto/scheduler -I../drivers/crypto/scheduler -Ilib/cryptodev -I../lib/cryptodev -Ilib/rcu -I../lib/rcu -Idrivers/bus/vdev -I../drivers/bus/vdev -Ilib/reorder -I../lib/reorder -Ilib/security -I../lib/security -Ilib/bitratestats -I../lib/bitratestats -Ilib/bpf -I../lib/bpf -Ilib/gro -I../lib/gro -Ilib/ gso -I../lib/gso -Ilib/latencystats -I../lib/latencystats -Ilib/pdump -I../lib/pdump -Ilib/pcapng -I../lib/pcapng -Idrivers/net/bnxt -I../drivers/net/bnxt -Idrivers/net/bnxt/tf_ulp -I../drivers/net/bnxt/tf_ulp -Idrivers/net/bnxt/tf_ulp/generic_templates -I../drivers/net/bnxt/tf_ulp/generic_templates -Idrivers/net/bnxt/tf_core -I../drivers/net/bnxt/tf_core -Idrivers/net/bnxt/tf_core/v3 -I../drivers/net/bnxt/tf_core/v3 -Idrivers/net/bnxt/hcapi/cfa -I../drivers/net/bnxt/hcapi/cfa -Idrivers/net/bnxt/hcapi/cfa_v3 -I../drivers/net/bnxt/hcapi/cfa_v3 -I../drivers/net/bnxt/hcapi/cfa_v3/include -I../drivers/net/bnxt/hcapi/cfa_v3/include/platform/dpdk -I../drivers/net/bnxt/hcapi/cfa_v3/bld/p70 -I../drivers/net/bnxt/hcapi/cfa_v3/bld/p70/host -I../drivers/net/bnxt/hcapi/cfa_v3/bld/include -I../drivers/net/bnxt/hcapi/cfa_v3/bld/include/host -I../drivers/net/bnxt/hcapi/cfa_v3/bld/include/p70 -I../drivers/net/bnxt/hcapi/cfa_v3/mm/include -I../drivers/net/bnxt/hcapi/cfa_v3/tim/include -I../drivers/n et/bnxt/hcapi/cfa_v3/tpm/include -Idrivers/bus/pci -I../drivers/bus/pci -I../drivers/bus/pci/linux -Ilib/hash -I../lib/hash -Idrivers/net/intel/i40e -I../drivers/net/intel/i40e -Idrivers/net/intel/i40e/base -I../drivers/net/intel/i40e/base -Idrivers/net/intel/ixgbe -I../drivers/net/intel/ixgbe -Idrivers/net/intel/ixgbe/base -I../drivers/net/intel/ixgbe/base -Idrivers/bus/dpaa -I../drivers/bus/dpaa -I../drivers/bus/dpaa/base -I../drivers/bus/dpaa/include -I../drivers/bus/dpaa/base/qbman -Idrivers/common/dpaax -I../drivers/common/dpaax -I../drivers/common/dpaax/caamflib -Ilib/eventdev -I../lib/eventdev -Ilib/timer -I../lib/timer -Ilib/dmadev -I../lib/dmadev -Idrivers/mempool/dpaa -I../drivers/mempool/dpaa -Idrivers/net/dpaa -I../drivers/net/dpaa -Idrivers/net/bonding -I../drivers/net/bonding -Ilib/sched -I../lib/sched -Ilib/ip_frag -I../lib/ip_frag -Idrivers/net/intel/iavf -I../drivers/net/intel/iavf -I../drivers/net/intel/iavf/base -Idrivers/net/intel/ice -I../drivers/net/intel/ice - Idrivers/net/intel/ice/base -I../drivers/net/intel/ice/base -Idrivers/net/mlx5 -I../drivers/net/mlx5 -Idrivers/net/mlx5/linux -I../drivers/net/mlx5/linux -Idrivers/net/mlx5/hws -I../drivers/net/mlx5/hws -Idrivers/common/mlx5 -I../drivers/common/mlx5 -Idrivers/common/mlx5/linux -I../drivers/common/mlx5/linux -Idrivers/bus/auxiliary -I../drivers/bus/auxiliary -Xclang -fcolor-diagnostics -pipe -D_FILE_OFFSET_BITS=64 -Wall -Winvalid-pch -Wextra -Werror -std=c11 -O3 -include rte_config.h -Wvla -Wcast-qual -Wcomma -Wdeprecated -Wformat -Wformat-nonliteral -Wformat-security -Wmissing-declarations -Wmissing-prototypes -Wnested-externs -Wold-style-definition -Wpointer-arith -Wsign-compare -Wstrict-prototypes -Wundef -Wwrite-strings -Wno-missing-field-initializers -D_GNU_SOURCE -DWITH_GZFILEOP -march=armv8.1-a+crc+crypto -DALLOW_EXPERIMENTAL_API -MD -MQ app/dpdk-testpmd.p/test-pmd_cmdline.c.o -MF app/dpdk-testpmd.p/test-pmd_cmdline.c.o.d -o app/dpdk-testpmd.p/test-pmd_cmdline.c.o -c ../app/te st-pmd/cmdline.c ../app/test-pmd/cmdline.c:6268:13: error: expression which evaluates to zero treated as a null pointer constant of type 'const char *' [-Werror,-Wnon-literal-null-conversion] 6268 | tc_mask, RTE_UINT8); | ^~~~~~~~~ ../lib/cmdline/cmdline_parse_num.h:54:3: note: expanded from macro 'TOKEN_NUM_INITIALIZER' 54 | numtype, /* type */ \ | ^~~~~~~ 1 error generated. ninja: build stopped: subcommand failed. ==== End log output ==== Red Hat Enterprise Linux 9.5 Kernel: 5.4 Compiler: gcc gcc (GCC) 11.5.0 20240719 (Red Hat 11.5.0-2) Ubuntu 20.04 Kernel: 5.4 Compiler: gcc gcc (Ubuntu 9.4.0-1ubuntu1~20.04.2) 9.4.0 Debian GNU/Linux 12 Kernel: 5.4 Compiler: gcc gcc (Debian 12.2.0-14+deb12u1) 12.2.0 Fedora Linux 42 Kernel: 5.4 Compiler: gcc gcc (GCC) 15.2.1 20250808 (Red Hat 15.2.1-1) Ubuntu 22.04 Kernel: 5.4 Compiler: gcc gcc (Ubuntu 11.4.0-1ubuntu1~22.04) 11.4.0 Ubuntu 24.04 Kernel: 5.4 Compiler: gcc gcc (Ubuntu 13.3.0-6ubuntu2~24.04) 13.3.0 CentOS Stream 9 Kernel: 5.4 Compiler: gcc gcc (GCC) 11.5.0 20240719 (Red Hat 11.5.0-11) CentOS Stream 10 Kernel: 5.4 Compiler: gcc gcc (GCC) 14.2.1 20250110 (Red Hat 14.2.1-8) To view detailed results, visit: https://lab.dpdk.org/results/dashboard/patchsets/34485/ UNH-IOL DPDK Community Lab To manage your email subscriptions, visit: https://lab.dpdk.org/results/dashboard/preferences/subscriptions/