automatic DPDK test reports
 help / color / mirror / Atom feed
From: dpdklab@iol.unh.edu
To: Test Report <test-report@dpdk.org>
Cc: dpdk-test-reports@iol.unh.edu
Subject: |SUCCESS| pw158487-158489 [PATCH] [v6,3/3] dts: add performance test
Date: Thu, 06 Nov 2025 16:14:24 -0800 (PST)	[thread overview]
Message-ID: <690d39e0.170a0220.2c9c76.3062SMTPIN_ADDED_MISSING@mx.google.com> (raw)
In-Reply-To: <20251105223628.1659390-4-probb@iol.unh.edu>

Test-Label: iol-sample-apps-testing
Test-Status: SUCCESS
http://dpdk.org/patch/158489

_Testing PASS_

Submitter: Patrick Robb <probb@iol.unh.edu>
Date: Wednesday, November 05 2025 22:36:28 
DPDK git baseline: Repo:dpdk-next-dts
  Branch: master
  CommitID:4f35a61a6a5a31f822c3d7519e8a1de1b7cbd9c4

158487-158489 --> testing pass

Upstream job id: Template-DTS-Pipeline#253422

Test environment and result as below:

+--------------+----------------------+
| Environment  | compressdev_zlib_pmd |
+==============+======================+
| Ubuntu 22.04 | PASS                 |
+--------------+----------------------+


Ubuntu 22.04
	Kernel: 5.15
	Compiler: gcc gcc (Ubuntu 11.4.0-1ubuntu1~22.04.2) 11.4.0

To view detailed results, visit:
https://lab.dpdk.org/results/dashboard/patchsets/34497/

UNH-IOL DPDK Community Lab

To manage your email subscriptions, visit: 
https://lab.dpdk.org/results/dashboard/preferences/subscriptions/

  parent reply	other threads:[~2025-11-07  0:14 UTC|newest]

Thread overview: 24+ messages / expand[flat|nested]  mbox.gz  Atom feed  top
     [not found] <20251105223628.1659390-4-probb@iol.unh.edu>
2025-11-05 22:05 ` |SUCCESS| pw158487-158489 [PATCH v6 3/3] dts: add performance test functions to test suite API qemudev
2025-11-05 22:10 ` qemudev
2025-11-05 22:38 ` |SUCCESS| pw158489 " checkpatch
2025-11-05 23:48 ` |FAILURE| " 0-day Robot
2025-11-06 23:59 ` |FAILURE| pw158487-158489 [PATCH] [v6,3/3] dts: add performance test dpdklab
2025-11-07  0:01 ` |PENDING| " dpdklab
2025-11-07  0:06 ` |SUCCESS| " dpdklab
2025-11-07  0:09 ` dpdklab
2025-11-07  0:14 ` dpdklab [this message]
2025-11-07  0:16 ` dpdklab
2025-11-07  0:26 ` dpdklab
2025-11-07  0:58 ` |PENDING| " dpdklab
2025-11-07  1:07 ` dpdklab
2025-11-07  1:38 ` |SUCCESS| " dpdklab
2025-11-07  1:50 ` dpdklab
2025-11-07  1:55 ` dpdklab
2025-11-07  1:56 ` dpdklab
2025-11-07  2:04 ` dpdklab
2025-11-07  2:35 ` dpdklab
2025-11-07  2:58 ` dpdklab
2025-11-07  3:05 ` dpdklab
2025-11-07  3:19 ` dpdklab
2025-11-07  4:01 ` dpdklab
2025-11-07  4:08 ` dpdklab

Reply instructions:

You may reply publicly to this message via plain-text email
using any one of the following methods:

* Save the following mbox file, import it into your mail client,
  and reply-to-all from there: mbox

  Avoid top-posting and favor interleaved quoting:
  https://en.wikipedia.org/wiki/Posting_style#Interleaved_style

* Reply using the --to, --cc, and --in-reply-to
  switches of git-send-email(1):

  git send-email \
    --in-reply-to=690d39e0.170a0220.2c9c76.3062SMTPIN_ADDED_MISSING@mx.google.com \
    --to=dpdklab@iol.unh.edu \
    --cc=dpdk-test-reports@iol.unh.edu \
    --cc=test-report@dpdk.org \
    /path/to/YOUR_REPLY

  https://kernel.org/pub/software/scm/git/docs/git-send-email.html

* If your mail client supports setting the In-Reply-To header
  via mailto: links, try the mailto: link
Be sure your reply has a Subject: header at the top and a blank line before the message body.
This is a public inbox, see mirroring instructions
for how to clone and mirror all data and code used for this inbox;
as well as URLs for NNTP newsgroup(s).