automatic DPDK test reports
 help / color / mirror / Atom feed
* |SUCCESS| pw158484-158485 [PATCH 2/2] test: add more tests for comments
       [not found] <20251105210657.871310-3-stephen@networkplumber.org>
@ 2025-11-05 20:33 ` qemudev
  2025-11-05 20:38 ` qemudev
                   ` (27 subsequent siblings)
  28 siblings, 0 replies; 29+ messages in thread
From: qemudev @ 2025-11-05 20:33 UTC (permalink / raw)
  To: test-report

Test-Label: loongarch-compilation
Test-Status: SUCCESS
http://dpdk.org/patch/158485

_Compilation OK_

Submitter: Stephen Hemminger <stephen@networkplumber.org>
Date: Wed,  5 Nov 2025 13:03:58 -0800
DPDK git baseline: Repo:dpdk
  Branch: main
  CommitID: a054de204b0b937dd976d0390fbb03353745e7cb

158484-158485 --> meson & ninja build successfully

Test environment and result as below:

+---------------------+----------------+
|     Environment     | compilation    |
+---------------------+----------------+
| Loongnix-Server 8.3 | PASS           |
+---------------------+----------------+

Loongnix-Server 8.3
    Kernel: 4.19.190+
    Compiler: gcc 8.3


^ permalink raw reply	[flat|nested] 29+ messages in thread

* |SUCCESS| pw158484-158485 [PATCH 2/2] test: add more tests for comments
       [not found] <20251105210657.871310-3-stephen@networkplumber.org>
  2025-11-05 20:33 ` |SUCCESS| pw158484-158485 [PATCH 2/2] test: add more tests for comments qemudev
@ 2025-11-05 20:38 ` qemudev
  2025-11-05 21:07 ` |SUCCESS| pw158485 " checkpatch
                   ` (26 subsequent siblings)
  28 siblings, 0 replies; 29+ messages in thread
From: qemudev @ 2025-11-05 20:38 UTC (permalink / raw)
  To: test-report

Test-Label: loongarch-unit-testing
Test-Status: SUCCESS
http://dpdk.org/patch/158485

_Unit Testing PASS_

Submitter: Stephen Hemminger <stephen@networkplumber.org>
Date: Wed,  5 Nov 2025 13:03:58 -0800
DPDK git baseline: Repo:dpdk
  Branch: main
  CommitID: a054de204b0b937dd976d0390fbb03353745e7cb

158484-158485 --> testing pass

Test environment and result as below:

+---------------------+----------------+
|     Environment     | dpdk_unit_test |
+---------------------+----------------+
| Loongnix-Server 8.3 | PASS           |
+---------------------+----------------+

Loongnix-Server 8.3
    Kernel: 4.19.190+
    Compiler: gcc 8.3


Test result details:
  1/120 DPDK:fast-tests / acl_autotest                            OK              3.21s
  2/120 DPDK:fast-tests / alarm_autotest                          OK              1.47s
  3/120 DPDK:fast-tests / argparse_autotest                       OK              0.45s
  4/120 DPDK:fast-tests / atomic_autotest                         OK              7.66s
  5/120 DPDK:fast-tests / bitcount_autotest                       OK              0.20s
  6/120 DPDK:fast-tests / bitmap_autotest                         OK              0.20s
  7/120 DPDK:fast-tests / bitops_autotest                         OK              1.70s
  8/120 DPDK:fast-tests / bitratestats_autotest                   OK              0.20s
  9/120 DPDK:fast-tests / bitset_autotest                         OK              2.94s
 10/120 DPDK:fast-tests / bpf_autotest                            OK              0.20s
 11/120 DPDK:fast-tests / bpf_convert_autotest                    OK              0.21s
 12/120 DPDK:fast-tests / byteorder_autotest                      OK              0.20s
 13/120 DPDK:fast-tests / cfgfile_autotest                        OK              0.20s
 14/120 DPDK:fast-tests / cksum_autotest                          OK              0.20s
 15/120 DPDK:fast-tests / cmdline_autotest                        OK              0.20s
 16/120 DPDK:fast-tests / common_autotest                         OK              1.08s
 17/120 DPDK:fast-tests / compressdev_autotest                    SKIP            0.06s   exit status 77
 18/120 DPDK:fast-tests / cpuflags_autotest                       OK              0.20s
 19/120 DPDK:fast-tests / crc_autotest                            OK              0.20s
 20/120 DPDK:fast-tests / user_delay_us                           OK              0.20s
 21/120 DPDK:fast-tests / debug_autotest                          OK             24.13s
 22/120 DPDK:fast-tests / devargs_autotest                        OK              0.20s
 23/120 DPDK:fast-tests / dispatcher_autotest                     OK              2.53s
 24/120 DPDK:fast-tests / distributor_autotest                    OK              1.20s
 25/120 DPDK:fast-tests / eal_flags_c_opt_autotest                OK              0.81s
 26/120 DPDK:fast-tests / eal_flags_main_opt_autotest             OK              0.22s
 27/120 DPDK:fast-tests / eal_flags_n_opt_autotest                OK              0.19s
 28/120 DPDK:fast-tests / eal_flags_hpet_autotest                 OK              0.13s
 29/120 DPDK:fast-tests / eal_flags_no_huge_autotest              OK              0.19s
 30/120 DPDK:fast-tests / eal_flags_a_opt_autotest                OK              0.31s
 31/120 DPDK:fast-tests / eal_flags_b_opt_autotest                OK              0.25s
 32/120 DPDK:fast-tests / eal_flags_vdev_opt_autotest             OK              0.20s
 33/120 DPDK:fast-tests / eal_flags_r_opt_autotest                OK              0.19s
 34/120 DPDK:fast-tests / eal_flags_mem_autotest                  OK              0.59s
 35/120 DPDK:fast-tests / eal_flags_file_prefix_autotest          OK             22.21s
 36/120 DPDK:fast-tests / eal_flags_misc_autotest                 OK              1.06s
 37/120 DPDK:fast-tests / eal_fs_autotest                         OK              0.20s
 38/120 DPDK:fast-tests / errno_autotest                          OK              0.20s
 39/120 DPDK:fast-tests / ethdev_link_status                      OK              0.20s
 40/120 DPDK:fast-tests / event_eth_tx_adapter_autotest           OK              1.68s
 41/120 DPDK:fast-tests / event_ring_autotest                     OK              0.21s
 42/120 DPDK:fast-tests / eventdev_common_autotest                OK              0.20s
 43/120 DPDK:fast-tests / eventdev_selftest_sw                    OK              7.25s
 44/120 DPDK:fast-tests / fbarray_autotest                        OK              0.21s
 45/120 DPDK:fast-tests / fib_autotest                            OK              1.21s
 46/120 DPDK:fast-tests / fib6_autotest                           OK              1.00s
 47/120 DPDK:fast-tests / func_reentrancy_autotest                OK              2.21s
 48/120 DPDK:fast-tests / graph_autotest                          OK              0.40s
 49/120 DPDK:fast-tests / node_list_dump                          OK              0.40s
 50/120 DPDK:fast-tests / graph_feature_arc_autotest              OK              0.40s
 51/120 DPDK:fast-tests / hash_autotest                           OK              1.02s
 52/120 DPDK:fast-tests / hash_readwrite_func_autotest            OK              0.11s
 53/120 DPDK:fast-tests / interrupt_autotest                      OK              1.70s
 54/120 DPDK:fast-tests / ipfrag_autotest                         OK              0.08s
 55/120 DPDK:fast-tests / ipsec_autotest                          SKIP            0.40s   exit status 77
 56/120 DPDK:fast-tests / kvargs_autotest                         OK              0.40s
 57/120 DPDK:fast-tests / latencystats_autotest                   OK              0.40s
 58/120 DPDK:fast-tests / lcore_var_autotest                      OK              0.54s
 59/120 DPDK:fast-tests / lcores_autotest                         OK              5.21s
 60/120 DPDK:fast-tests / logs_autotest                           OK              0.40s
 61/120 DPDK:fast-tests / lpm_autotest                            OK              2.44s
 62/120 DPDK:fast-tests / lpm6_autotest                           OK              5.56s
 63/120 DPDK:fast-tests / malloc_autotest                         OK             60.99s
 64/120 DPDK:fast-tests / mbuf_autotest                           OK              4.87s
 65/120 DPDK:fast-tests / mcslock_autotest                        OK              3.09s
 66/120 DPDK:fast-tests / member_autotest                         OK              1.60s
 67/120 DPDK:fast-tests / memcpy_autotest                         OK              7.03s
 68/120 DPDK:fast-tests / memory_autotest                         OK              0.08s
 69/120 DPDK:fast-tests / mempool_autotest                        OK              0.44s
 70/120 DPDK:fast-tests / memzone_autotest                        OK              0.14s
 71/120 DPDK:fast-tests / meter_autotest                          OK              0.39s
 72/120 DPDK:fast-tests / metrics_autotest                        OK              0.40s
 73/120 DPDK:fast-tests / multiprocess_autotest                   OK              0.19s
 74/120 DPDK:fast-tests / net_ether_autotest                      OK              1.06s
 75/120 DPDK:fast-tests / net_ipv6_autotest                       OK              0.40s
 76/120 DPDK:fast-tests / pcapng_autotest                         OK              6.41s
 77/120 DPDK:fast-tests / pdcp_autotest                           SKIP            0.07s   exit status 77
 78/120 DPDK:fast-tests / pdump_autotest                          OK              0.52s
 79/120 DPDK:fast-tests / per_lcore_autotest                      OK              0.50s
 80/120 DPDK:fast-tests / pflock_autotest                         OK              1.21s
 81/120 DPDK:fast-tests / pie_autotest                            OK              0.40s
 82/120 DPDK:fast-tests / ring_pmd_autotest                       OK              0.40s
 83/120 DPDK:fast-tests / power_autotest                          OK              0.40s
 84/120 DPDK:fast-tests / power_cpufreq_autotest                  SKIP            0.07s   exit status 77
 85/120 DPDK:fast-tests / power_intel_uncore_autotest             SKIP            0.39s   exit status 77
 86/120 DPDK:fast-tests / power_kvm_vm_autotest                   SKIP            0.07s   exit status 77
 87/120 DPDK:fast-tests / prefetch_autotest                       OK              0.39s
 88/120 DPDK:fast-tests / ptr_compress_autotest                   OK              0.40s
 89/120 DPDK:fast-tests / rawdev_autotest                         OK              0.40s
 90/120 DPDK:fast-tests / rcu_qsbr_autotest                       OK              0.92s
 91/120 DPDK:fast-tests / reorder_autotest                        OK              0.45s
 92/120 DPDK:fast-tests / rib_autotest                            OK              9.03s
 93/120 DPDK:fast-tests / rib6_autotest                           OK              9.04s
 94/120 DPDK:fast-tests / ring_autotest                           OK              0.43s
 95/120 DPDK:fast-tests / rwlock_test1_autotest                   OK              1.14s
 96/120 DPDK:fast-tests / rwlock_rda_autotest                     OK              5.40s
 97/120 DPDK:fast-tests / rwlock_rds_wrm_autotest                 OK              5.40s
 98/120 DPDK:fast-tests / rwlock_rde_wro_autotest                 OK              5.51s
 99/120 DPDK:fast-tests / sched_autotest                          OK              0.39s
100/120 DPDK:fast-tests / security_autotest                       OK              0.07s
101/120 DPDK:fast-tests / seqlock_autotest                        OK              2.40s
102/120 DPDK:fast-tests / service_autotest                        OK              3.10s
103/120 DPDK:fast-tests / soring_autotest                         OK              0.40s
104/120 DPDK:fast-tests / spinlock_autotest                       OK              0.48s
105/120 DPDK:fast-tests / stack_autotest                          OK              0.87s
106/120 DPDK:fast-tests / stack_lf_autotest                       SKIP            0.06s   exit status 77
107/120 DPDK:fast-tests / string_autotest                         OK              0.39s
108/120 DPDK:fast-tests / table_autotest                          OK              7.51s
109/120 DPDK:fast-tests / tailq_autotest                          OK              0.39s
110/120 DPDK:fast-tests / telemetry_data_autotest                 OK              0.40s
111/120 DPDK:fast-tests / telemetry_json_autotest                 OK              0.40s
112/120 DPDK:fast-tests / thash_autotest                          OK              0.41s
113/120 DPDK:fast-tests / threads_autotest                        OK              0.58s
114/120 DPDK:fast-tests / ticketlock_autotest                     OK              0.55s
115/120 DPDK:fast-tests / timer_autotest                          OK              3.88s
116/120 DPDK:fast-tests / trace_autotest                          OK              0.39s
117/120 DPDK:fast-tests / trace_autotest_with_traces              OK              0.52s
118/120 DPDK:fast-tests / vdev_autotest                           OK              0.39s
119/120 DPDK:fast-tests / version_autotest                        OK              0.40s
120/120 DPDK:fast-tests / telemetry_all                           OK             19.60s


Ok:                 113
Expected Fail:      0
Fail:               0
Unexpected Pass:    0
Skipped:            7
Timeout:            0


^ permalink raw reply	[flat|nested] 29+ messages in thread

* |SUCCESS| pw158485 [PATCH 2/2] test: add more tests for comments
       [not found] <20251105210657.871310-3-stephen@networkplumber.org>
  2025-11-05 20:33 ` |SUCCESS| pw158484-158485 [PATCH 2/2] test: add more tests for comments qemudev
  2025-11-05 20:38 ` qemudev
@ 2025-11-05 21:07 ` checkpatch
  2025-11-05 23:03 ` |FAILURE| " 0-day Robot
                   ` (25 subsequent siblings)
  28 siblings, 0 replies; 29+ messages in thread
From: checkpatch @ 2025-11-05 21:07 UTC (permalink / raw)
  To: test-report

Test-Label: checkpatch
Test-Status: SUCCESS
http://dpdk.org/patch/158485

_coding style OK_



^ permalink raw reply	[flat|nested] 29+ messages in thread

* |FAILURE| pw158485 [PATCH 2/2] test: add more tests for comments
       [not found] <20251105210657.871310-3-stephen@networkplumber.org>
                   ` (2 preceding siblings ...)
  2025-11-05 21:07 ` |SUCCESS| pw158485 " checkpatch
@ 2025-11-05 23:03 ` 0-day Robot
  2025-11-07  0:13 ` |FAILURE| pw158484-158485 [PATCH] [2/2] test: add more tests for com dpdklab
                   ` (24 subsequent siblings)
  28 siblings, 0 replies; 29+ messages in thread
From: 0-day Robot @ 2025-11-05 23:03 UTC (permalink / raw)
  To: test-report; +Cc: stephen, robot

From: robot@bytheb.org

Test-Label: github-robot: build
Test-Status: FAILURE
http://patchwork.dpdk.org/patch/158485/

_github build: failed_
Build URL: https://github.com/ovsrobot/dpdk/actions/runs/19117100972

^ permalink raw reply	[flat|nested] 29+ messages in thread

* |FAILURE| pw158484-158485 [PATCH] [2/2] test: add more tests for com
       [not found] <20251105210657.871310-3-stephen@networkplumber.org>
                   ` (3 preceding siblings ...)
  2025-11-05 23:03 ` |FAILURE| " 0-day Robot
@ 2025-11-07  0:13 ` dpdklab
  2025-11-07  0:16 ` |SUCCESS| " dpdklab
                   ` (23 subsequent siblings)
  28 siblings, 0 replies; 29+ messages in thread
From: dpdklab @ 2025-11-07  0:13 UTC (permalink / raw)
  To: Test Report; +Cc: dpdk-test-reports, Stephen Hemminger

Test-Label: iol-compile-amd64-testing
Test-Status: FAILURE
http://dpdk.org/patch/158485

_Testing issues_

Submitter: Stephen Hemminger <stephen@networkplumber.org>
Date: Wednesday, November 05 2025 21:03:59 
DPDK git baseline: Repo:dpdk
  Branch: master
  CommitID:87f7895e470c13e13efd6762d701139d0987294a

158484-158485 --> testing issues

Upstream job id: Generic-VM-DPDK-Compile-Meson#39558

Test environment and result as below:

+--------------+--------------------+
| Environment  | dpdk_meson_compile |
+==============+====================+
| Ubuntu 20.04 | FAIL               |
+--------------+--------------------+
| FreeBSD 14.2 | PEND               |
+--------------+--------------------+

==== 20 line log output for Ubuntu 20.04 (dpdk_meson_compile): ====
[3575/3601] Compiling C object app/dpdk-test.p/test_test_vdev.c.o
[3576/3601] Compiling C object app/dpdk-test.p/test_test_trace_perf.c.o
[3577/3601] Compiling C object app/dpdk-test.p/test_test_version.c.o
[3578/3601] Compiling C object app/dpdk-test.p/test_test_trace_register.c.o
[3579/3601] Compiling C object app/dpdk-test.p/test_virtual_pmd.c.o
[3580/3601] Linking target app/dpdk-test-sad
[3581/3601] Linking target app/dpdk-testpmd
[3582/3601] Linking target app/dpdk-test-security-perf
[3583/3601] Compiling C object app/dpdk-test.p/test_test_pcapng.c.o
FAILED: app/dpdk-test.p/test_test_pcapng.c.o
ccache cc -Iapp/dpdk-test.p -Iapp -I../app -Ilib/cmdline -I../lib/cmdline -Ilib/eal/common -I../lib/eal/common -I. -I.. -Iconfig -I../config -Ilib/eal/include -I../lib/eal/include -Ilib/eal/linux/include -I../lib/eal/linux/include -Ilib/eal/x86/include -I../lib/eal/x86/include -I../kernel/linux -Ilib/eal -I../lib/eal -Ilib/kvargs -I../lib/kvargs -Ilib/log -I../lib/log -Ilib/metrics -I../lib/metrics -Ilib/telemetry -I../lib/telemetry -Ilib/argparse -I../lib/argparse -Ilib/net -I../lib/net -Ilib/mbuf -I../lib/mbuf -Ilib/mempool -I../lib/mempool -Ilib/ring -I../lib/ring -Idrivers/net/ring -I../drivers/net/ring -Ilib/ethdev -I../lib/ethdev -Ilib/meter -I../lib/meter -Idrivers/bus/pci -I../drivers/bus/pci -I../drivers/bus/pci/linux -Ilib/pci -I../lib/pci -Idrivers/bus/vdev -I../drivers/bus/vdev -Ilib/acl -I../lib/acl -Ilib/hash -I../lib/hash -Ilib/rcu -I../lib/rcu -Ilib/bitratestats -I../lib/bitratestats -Ilib/bpf -I../lib/bpf -Ilib/cfgfile -I../lib/cfgfile -Ilib/compressdev -I../lib/comp
 ressdev -Ilib/cryptodev -I../lib/cryptodev -Ilib/security -I../lib/security -Ilib/dispatcher -I../lib/dispatcher -Ilib/eventdev -I../lib/eventdev -Ilib/timer -I../lib/timer -Ilib/dmadev -I../lib/dmadev -Ilib/distributor -I../lib/distributor -Ilib/efd -I../lib/efd -Ilib/fib -I../lib/fib -Ilib/rib -I../lib/rib -Ilib/table -I../lib/table -Ilib/port -I../lib/port -Ilib/sched -I../lib/sched -Ilib/ip_frag -I../lib/ip_frag -Ilib/lpm -I../lib/lpm -Ilib/graph -I../lib/graph -Ilib/pcapng -I../lib/pcapng -Ilib/ipsec -I../lib/ipsec -Ilib/latencystats -I../lib/latencystats -Idrivers/net/bonding -I../drivers/net/bonding -Ilib/member -I../lib/member -Ilib/pdcp -I../lib/pdcp -Ilib/reorder -I../lib/reorder -Ilib/pdump -I../lib/pdump -Ilib/pmu -I../lib/pmu -Ilib/power -I../lib/power -Idrivers/power/acpi -I../drivers/power/acpi -Idrivers/power/kvm_vm -I../drivers/power/kvm_vm -Idrivers/power/intel_pstate -I../drivers/power/intel_pstate -Idrivers/power/amd_pstate -I../drivers/power/amd_pstate -Idrivers
 /power/cppc -I../drivers/power/cppc -Idrivers/power/intel_uncore -I../drivers/power/intel_uncore -Ilib/ptr_compress -I../lib/ptr_compress -Ilib/rawdev -I../lib/rawdev -Idrivers/raw/skeleton -I../drivers/raw/skeleton -Ilib/stack -I../lib/stack -Ilib/pipeline -I../lib/pipeline -Idrivers/crypto/scheduler -I../drivers/crypto/scheduler -Iapp/test/test_cfgfiles -fdiagnostics-color=always -pipe -D_FILE_OFFSET_BITS=64 -Wall -Winvalid-pch -Wextra -Werror -std=c11 -O3 -include rte_config.h -Wvla -Wcast-qual -Wdeprecated -Wformat -Wformat-nonliteral -Wformat-security -Wmissing-declarations -Wmissing-prototypes -Wnested-externs -Wold-style-definition -Wpointer-arith -Wsign-compare -Wstrict-prototypes -Wundef -Wwrite-strings -Wno-packed-not-aligned -Wno-missing-field-initializers -D_GNU_SOURCE -march=native -mrtm -DALLOW_EXPERIMENTAL_API -Wno-vla -fno-strict-aliasing -Wno-format-truncation -DALLOW_INTERNAL_API -MD -MQ app/dpdk-test.p/test_test_pcapng.c.o -MF app/dpdk-test.p/test_test_pcapng.c.o.
 d -o app/dpdk-test.p/test_test_pcapng.c.o -c ../app/test/test_pcapng.c
../app/test/test_pcapng.c: In function 'fill_pcapng_file':
../app/test/test_pcapng.c:169:5: error: ignoring return value of 'asprintf', declared with attribute warn_unused_result [-Werror=unused-result]
169 |     asprintf(&comment, "Function: %s\nPacket %u\n",
|     ^~~~~~~~~~~~~~~~~~~~~~~~~~~~~~~~~~~~~~~~~~~~~~~
170 |       __func__, count + i);
|       ~~~~~~~~~~~~~~~~~~~~
cc1: all warnings being treated as errors
[3584/3601] Generating rte_common_cnxk.sym_chk with a custom command (wrapped by meson to capture output)
ninja: build stopped: subcommand failed.
==== End log output ====

Ubuntu 20.04
	Kernel: 4.19
	Compiler: gcc gcc (Ubuntu 9.4.0-1ubuntu1~20.04.2) 9.4.0

FreeBSD 14.2
	Kernel: 14.2-RELEASE
	Compiler: clang 18.1.6

To view detailed results, visit:
https://lab.dpdk.org/results/dashboard/patchsets/34499/

UNH-IOL DPDK Community Lab

To manage your email subscriptions, visit: 
https://lab.dpdk.org/results/dashboard/preferences/subscriptions/

^ permalink raw reply	[flat|nested] 29+ messages in thread

* |SUCCESS| pw158484-158485 [PATCH] [2/2] test: add more tests for com
       [not found] <20251105210657.871310-3-stephen@networkplumber.org>
                   ` (4 preceding siblings ...)
  2025-11-07  0:13 ` |FAILURE| pw158484-158485 [PATCH] [2/2] test: add more tests for com dpdklab
@ 2025-11-07  0:16 ` dpdklab
  2025-11-07  0:17 ` |FAILURE| " dpdklab
                   ` (22 subsequent siblings)
  28 siblings, 0 replies; 29+ messages in thread
From: dpdklab @ 2025-11-07  0:16 UTC (permalink / raw)
  To: Test Report; +Cc: dpdk-test-reports

Test-Label: iol-mellanox-Functional
Test-Status: SUCCESS
http://dpdk.org/patch/158485

_Functional Testing PASS_

Submitter: Stephen Hemminger <stephen@networkplumber.org>
Date: Wednesday, November 05 2025 21:03:59 
DPDK git baseline: Repo:dpdk
  Branch: master
  CommitID:87f7895e470c13e13efd6762d701139d0987294a

158484-158485 --> functional testing pass

Upstream job id: Template-DPDK-DTS-Pipeline#3054

Test environment and result as below:

Ubuntu 24.04
Kernel: 6.8.0-55-generic
Compiler: gcc 13.3.0
NIC: Mellanox ConnectX-5 100000 Mbps

Aggregate Results by Test Suite
+---------------------------------+--------+
|           Test Suite            | Result |
+=================================+========+
| blocklist                       |  PASS  |
+---------------------------------+--------+
| promisc_support                 |  PASS  |
+---------------------------------+--------+
| uni_pkt                         |  PASS  |
+---------------------------------+--------+
| dynamic_config                  |  PASS  |
+---------------------------------+--------+
| hello_world                     |  PASS  |
+---------------------------------+--------+
| l2fwd                           |  PASS  |
+---------------------------------+--------+
| port_restart_config_persistency |  PASS  |
+---------------------------------+--------+
| softnic                         |  PASS  |
+---------------------------------+--------+
| vlan                            |  PASS  |
+---------------------------------+--------+


To view detailed results, visit:
https://lab.dpdk.org/results/dashboard/patchsets/34499/

UNH-IOL DPDK Community Lab

To manage your email subscriptions, visit: 
https://lab.dpdk.org/results/dashboard/preferences/subscriptions/

^ permalink raw reply	[flat|nested] 29+ messages in thread

* |FAILURE| pw158484-158485 [PATCH] [2/2] test: add more tests for com
       [not found] <20251105210657.871310-3-stephen@networkplumber.org>
                   ` (5 preceding siblings ...)
  2025-11-07  0:16 ` |SUCCESS| " dpdklab
@ 2025-11-07  0:17 ` dpdklab
  2025-11-07  0:21 ` |SUCCESS| " dpdklab
                   ` (21 subsequent siblings)
  28 siblings, 0 replies; 29+ messages in thread
From: dpdklab @ 2025-11-07  0:17 UTC (permalink / raw)
  To: Test Report; +Cc: dpdk-test-reports, Stephen Hemminger

Test-Label: iol-compile-amd64-testing
Test-Status: FAILURE
http://dpdk.org/patch/158485

_Testing issues_

Submitter: Stephen Hemminger <stephen@networkplumber.org>
Date: Wednesday, November 05 2025 21:03:59 
DPDK git baseline: Repo:dpdk
  Branch: master
  CommitID:87f7895e470c13e13efd6762d701139d0987294a

158484-158485 --> testing issues

Upstream job id: Generic-VM-DPDK-Compile-Meson#39559

Test environment and result as below:

+--------------+--------------------+
| Environment  | dpdk_meson_compile |
+==============+====================+
| Ubuntu 20.04 | FAIL               |
+--------------+--------------------+
| FreeBSD 14.2 | PASS               |
+--------------+--------------------+

==== 20 line log output for Ubuntu 20.04 (dpdk_meson_compile): ====
[3575/3601] Compiling C object app/dpdk-test.p/test_test_vdev.c.o
[3576/3601] Compiling C object app/dpdk-test.p/test_test_trace_perf.c.o
[3577/3601] Compiling C object app/dpdk-test.p/test_test_version.c.o
[3578/3601] Compiling C object app/dpdk-test.p/test_test_trace_register.c.o
[3579/3601] Compiling C object app/dpdk-test.p/test_virtual_pmd.c.o
[3580/3601] Linking target app/dpdk-test-sad
[3581/3601] Linking target app/dpdk-testpmd
[3582/3601] Linking target app/dpdk-test-security-perf
[3583/3601] Compiling C object app/dpdk-test.p/test_test_pcapng.c.o
FAILED: app/dpdk-test.p/test_test_pcapng.c.o
ccache cc -Iapp/dpdk-test.p -Iapp -I../app -Ilib/cmdline -I../lib/cmdline -Ilib/eal/common -I../lib/eal/common -I. -I.. -Iconfig -I../config -Ilib/eal/include -I../lib/eal/include -Ilib/eal/linux/include -I../lib/eal/linux/include -Ilib/eal/x86/include -I../lib/eal/x86/include -I../kernel/linux -Ilib/eal -I../lib/eal -Ilib/kvargs -I../lib/kvargs -Ilib/log -I../lib/log -Ilib/metrics -I../lib/metrics -Ilib/telemetry -I../lib/telemetry -Ilib/argparse -I../lib/argparse -Ilib/net -I../lib/net -Ilib/mbuf -I../lib/mbuf -Ilib/mempool -I../lib/mempool -Ilib/ring -I../lib/ring -Idrivers/net/ring -I../drivers/net/ring -Ilib/ethdev -I../lib/ethdev -Ilib/meter -I../lib/meter -Idrivers/bus/pci -I../drivers/bus/pci -I../drivers/bus/pci/linux -Ilib/pci -I../lib/pci -Idrivers/bus/vdev -I../drivers/bus/vdev -Ilib/acl -I../lib/acl -Ilib/hash -I../lib/hash -Ilib/rcu -I../lib/rcu -Ilib/bitratestats -I../lib/bitratestats -Ilib/bpf -I../lib/bpf -Ilib/cfgfile -I../lib/cfgfile -Ilib/compressdev -I../lib/comp
 ressdev -Ilib/cryptodev -I../lib/cryptodev -Ilib/security -I../lib/security -Ilib/dispatcher -I../lib/dispatcher -Ilib/eventdev -I../lib/eventdev -Ilib/timer -I../lib/timer -Ilib/dmadev -I../lib/dmadev -Ilib/distributor -I../lib/distributor -Ilib/efd -I../lib/efd -Ilib/fib -I../lib/fib -Ilib/rib -I../lib/rib -Ilib/table -I../lib/table -Ilib/port -I../lib/port -Ilib/sched -I../lib/sched -Ilib/ip_frag -I../lib/ip_frag -Ilib/lpm -I../lib/lpm -Ilib/graph -I../lib/graph -Ilib/pcapng -I../lib/pcapng -Ilib/ipsec -I../lib/ipsec -Ilib/latencystats -I../lib/latencystats -Idrivers/net/bonding -I../drivers/net/bonding -Ilib/member -I../lib/member -Ilib/pdcp -I../lib/pdcp -Ilib/reorder -I../lib/reorder -Ilib/pdump -I../lib/pdump -Ilib/pmu -I../lib/pmu -Ilib/power -I../lib/power -Idrivers/power/acpi -I../drivers/power/acpi -Idrivers/power/kvm_vm -I../drivers/power/kvm_vm -Idrivers/power/intel_pstate -I../drivers/power/intel_pstate -Idrivers/power/amd_pstate -I../drivers/power/amd_pstate -Idrivers
 /power/cppc -I../drivers/power/cppc -Idrivers/power/intel_uncore -I../drivers/power/intel_uncore -Ilib/ptr_compress -I../lib/ptr_compress -Ilib/rawdev -I../lib/rawdev -Idrivers/raw/skeleton -I../drivers/raw/skeleton -Ilib/stack -I../lib/stack -Ilib/pipeline -I../lib/pipeline -Idrivers/crypto/scheduler -I../drivers/crypto/scheduler -Iapp/test/test_cfgfiles -fdiagnostics-color=always -pipe -D_FILE_OFFSET_BITS=64 -Wall -Winvalid-pch -Wextra -Werror -std=c11 -O3 -include rte_config.h -Wvla -Wcast-qual -Wdeprecated -Wformat -Wformat-nonliteral -Wformat-security -Wmissing-declarations -Wmissing-prototypes -Wnested-externs -Wold-style-definition -Wpointer-arith -Wsign-compare -Wstrict-prototypes -Wundef -Wwrite-strings -Wno-packed-not-aligned -Wno-missing-field-initializers -D_GNU_SOURCE -march=native -mrtm -DALLOW_EXPERIMENTAL_API -Wno-vla -fno-strict-aliasing -Wno-format-truncation -DALLOW_INTERNAL_API -MD -MQ app/dpdk-test.p/test_test_pcapng.c.o -MF app/dpdk-test.p/test_test_pcapng.c.o.
 d -o app/dpdk-test.p/test_test_pcapng.c.o -c ../app/test/test_pcapng.c
../app/test/test_pcapng.c: In function 'fill_pcapng_file':
../app/test/test_pcapng.c:169:5: error: ignoring return value of 'asprintf', declared with attribute warn_unused_result [-Werror=unused-result]
169 |     asprintf(&comment, "Function: %s\nPacket %u\n",
|     ^~~~~~~~~~~~~~~~~~~~~~~~~~~~~~~~~~~~~~~~~~~~~~~
170 |       __func__, count + i);
|       ~~~~~~~~~~~~~~~~~~~~
cc1: all warnings being treated as errors
[3584/3601] Generating rte_common_cnxk.sym_chk with a custom command (wrapped by meson to capture output)
ninja: build stopped: subcommand failed.
==== End log output ====

Ubuntu 20.04
	Kernel: 4.19
	Compiler: gcc gcc (Ubuntu 9.4.0-1ubuntu1~20.04.2) 9.4.0

FreeBSD 14.2
	Kernel: 14.2-RELEASE
	Compiler: clang 18.1.6

To view detailed results, visit:
https://lab.dpdk.org/results/dashboard/patchsets/34499/

UNH-IOL DPDK Community Lab

To manage your email subscriptions, visit: 
https://lab.dpdk.org/results/dashboard/preferences/subscriptions/

^ permalink raw reply	[flat|nested] 29+ messages in thread

* |SUCCESS| pw158484-158485 [PATCH] [2/2] test: add more tests for com
       [not found] <20251105210657.871310-3-stephen@networkplumber.org>
                   ` (6 preceding siblings ...)
  2025-11-07  0:17 ` |FAILURE| " dpdklab
@ 2025-11-07  0:21 ` dpdklab
  2025-11-07  0:28 ` dpdklab
                   ` (20 subsequent siblings)
  28 siblings, 0 replies; 29+ messages in thread
From: dpdklab @ 2025-11-07  0:21 UTC (permalink / raw)
  To: Test Report; +Cc: dpdk-test-reports

Test-Label: iol-marvell-Functional
Test-Status: SUCCESS
http://dpdk.org/patch/158485

_Functional Testing PASS_

Submitter: Stephen Hemminger <stephen@networkplumber.org>
Date: Wednesday, November 05 2025 21:03:59 
DPDK git baseline: Repo:dpdk
  Branch: master
  CommitID:87f7895e470c13e13efd6762d701139d0987294a

158484-158485 --> functional testing pass

Upstream job id: Template-DTS-Pipeline#253434

Test environment and result as below:

Ubuntu 20.04.6
Kernel: 5.4.105
Compiler: gcc 9.4
NIC: Marvell CN106XX 50000 Mbps
Target: arm64-native-linuxapp-gcc

Aggregate Results by Test Suite
+----------------+--------+
|   Test Suite   | Result |
+================+========+
| cmdline        |  PASS  |
+----------------+--------+
| rxtx_callbacks |  PASS  |
+----------------+--------+


To view detailed results, visit:
https://lab.dpdk.org/results/dashboard/patchsets/34499/

UNH-IOL DPDK Community Lab

To manage your email subscriptions, visit: 
https://lab.dpdk.org/results/dashboard/preferences/subscriptions/

^ permalink raw reply	[flat|nested] 29+ messages in thread

* |SUCCESS| pw158484-158485 [PATCH] [2/2] test: add more tests for com
       [not found] <20251105210657.871310-3-stephen@networkplumber.org>
                   ` (7 preceding siblings ...)
  2025-11-07  0:21 ` |SUCCESS| " dpdklab
@ 2025-11-07  0:28 ` dpdklab
  2025-11-07  0:39 ` dpdklab
                   ` (19 subsequent siblings)
  28 siblings, 0 replies; 29+ messages in thread
From: dpdklab @ 2025-11-07  0:28 UTC (permalink / raw)
  To: Test Report; +Cc: dpdk-test-reports

Test-Label: iol-sample-apps-testing
Test-Status: SUCCESS
http://dpdk.org/patch/158485

_Testing PASS_

Submitter: Stephen Hemminger <stephen@networkplumber.org>
Date: Wednesday, November 05 2025 21:03:59 
DPDK git baseline: Repo:dpdk
  Branch: master
  CommitID:87f7895e470c13e13efd6762d701139d0987294a

158484-158485 --> testing pass

Upstream job id: Template-DTS-Pipeline#253436

Test environment and result as below:

+--------------+----------------------+
| Environment  | compressdev_zlib_pmd |
+==============+======================+
| Ubuntu 22.04 | PASS                 |
+--------------+----------------------+


Ubuntu 22.04
	Kernel: 5.15
	Compiler: gcc gcc (Ubuntu 11.4.0-1ubuntu1~22.04.2) 11.4.0

To view detailed results, visit:
https://lab.dpdk.org/results/dashboard/patchsets/34499/

UNH-IOL DPDK Community Lab

To manage your email subscriptions, visit: 
https://lab.dpdk.org/results/dashboard/preferences/subscriptions/

^ permalink raw reply	[flat|nested] 29+ messages in thread

* |SUCCESS| pw158484-158485 [PATCH] [2/2] test: add more tests for com
       [not found] <20251105210657.871310-3-stephen@networkplumber.org>
                   ` (8 preceding siblings ...)
  2025-11-07  0:28 ` dpdklab
@ 2025-11-07  0:39 ` dpdklab
  2025-11-07  0:53 ` dpdklab
                   ` (18 subsequent siblings)
  28 siblings, 0 replies; 29+ messages in thread
From: dpdklab @ 2025-11-07  0:39 UTC (permalink / raw)
  To: Test Report; +Cc: dpdk-test-reports

Test-Label: iol-intel-Functional
Test-Status: SUCCESS
http://dpdk.org/patch/158485

_Functional Testing PASS_

Submitter: Stephen Hemminger <stephen@networkplumber.org>
Date: Wednesday, November 05 2025 21:03:59 
DPDK git baseline: Repo:dpdk
  Branch: master
  CommitID:87f7895e470c13e13efd6762d701139d0987294a

158484-158485 --> functional testing pass

Upstream job id: Template-DTS-Pipeline#253437

Test environment and result as below:

Ubuntu 24.04
Kernel: 6.8
Compiler: gcc gcc (Ubuntu 13.3.0-6ubuntu2~24.04) 13.3.0
NIC: Intel E810 (Arm Grace Server) 100000 Mbps

Aggregate Results by Test Suite
+------------+--------+
| Test Suite | Result |
+============+========+
| blocklist  |  PASS  |
+------------+--------+
| uni_pkt    |  PASS  |
+------------+--------+


Ubuntu 24.04 LTS
Kernel: 6.8.0-44-generic
Compiler: gcc 13.2.0
NIC: Intel Corporation Ethernet Controller XL710 for 40GbE QSFP+ 40 Mbps

Aggregate Results by Test Suite
+--------------------+--------+
|     Test Suite     | Result |
+====================+========+
| blocklist          |  PASS  |
+--------------------+--------+
| uni_pkt            |  PASS  |
+--------------------+--------+
| promisc_support    |  PASS  |
+--------------------+--------+
| dynamic_queue_conf |  PASS  |
+--------------------+--------+
| hello_world        |  PASS  |
+--------------------+--------+
| l2fwd              |  PASS  |
+--------------------+--------+
| softnic            |  PASS  |
+--------------------+--------+


Ubuntu 24.04
Kernel: 6.8
Compiler: gcc gcc (Ubuntu 13.3.0-6ubuntu2~24.04) 13.3.0
NIC: Intel Corporation 4xxx Series QAT 0 Mbps

Aggregate Results by Test Suite
+----------------------------+--------+
|         Test Suite         | Result |
+============================+========+
| crypto_perf_cryptodev_perf |  PASS  |
+----------------------------+--------+


To view detailed results, visit:
https://lab.dpdk.org/results/dashboard/patchsets/34499/

UNH-IOL DPDK Community Lab

To manage your email subscriptions, visit: 
https://lab.dpdk.org/results/dashboard/preferences/subscriptions/

^ permalink raw reply	[flat|nested] 29+ messages in thread

* |SUCCESS| pw158484-158485 [PATCH] [2/2] test: add more tests for com
       [not found] <20251105210657.871310-3-stephen@networkplumber.org>
                   ` (9 preceding siblings ...)
  2025-11-07  0:39 ` dpdklab
@ 2025-11-07  0:53 ` dpdklab
  2025-11-07  1:20 ` |PENDING| " dpdklab
                   ` (17 subsequent siblings)
  28 siblings, 0 replies; 29+ messages in thread
From: dpdklab @ 2025-11-07  0:53 UTC (permalink / raw)
  To: Test Report, Ali Alnubani; +Cc: dpdk-test-reports

Test-Label: iol-mellanox-Performance
Test-Status: SUCCESS
http://dpdk.org/patch/158485

_Performance Testing PASS_

Submitter: Stephen Hemminger <stephen@networkplumber.org>
Date: Wednesday, November 05 2025 21:03:59 
DPDK git baseline: Repo:dpdk
  Branch: master
  CommitID:87f7895e470c13e13efd6762d701139d0987294a

158484-158485 --> performance testing pass

Upstream job id: Template-DTS-Pipeline#253424

Test environment and result as below:

Ubuntu 24.04
Kernel: 6.8
Compiler: gcc gcc (Ubuntu 13.3.0-6ubuntu2~24.04) 13.3.0
NIC: Mellanox ConnectX-6 Lx 25000 Mbps
Fail/Total: 0/6

Detail performance results: 
+------------+---------+----------+-------------+------------------------------+
| frame_size | txd/rxd | num_cpus | num_threads |  throughput difference from  |
|            |         |          |             |           expected           |
+============+=========+==========+=============+==============================+
| 64         | 1024    | 1        | 1           | 0.2%                         |
+------------+---------+----------+-------------+------------------------------+
| 128        | 1024    | 1        | 1           | 0.2%                         |
+------------+---------+----------+-------------+------------------------------+
| 256        | 1024    | 1        | 1           | 0.2%                         |
+------------+---------+----------+-------------+------------------------------+
| 512        | 1024    | 1        | 1           | 0.2%                         |
+------------+---------+----------+-------------+------------------------------+
| 1024       | 1024    | 1        | 1           | 0.2%                         |
+------------+---------+----------+-------------+------------------------------+
| 1518       | 1024    | 1        | 1           | 0.1%                         |
+------------+---------+----------+-------------+------------------------------+

Ubuntu 24.04
Kernel: 6.8
Compiler: gcc gcc (Ubuntu 13.3.0-6ubuntu2~24.04) 13.3.0
NIC: NVIDIA Mellanox ConnectX-7 100000 Mbps
Fail/Total: 0/6

Detail performance results: 
+------------+---------+----------+-------------+------------------------------+
| frame_size | txd/rxd | num_cpus | num_threads |  throughput difference from  |
|            |         |          |             |           expected           |
+============+=========+==========+=============+==============================+
| 64         | 1024    | 1        | 1           | 0.1%                         |
+------------+---------+----------+-------------+------------------------------+
| 128        | 1024    | 1        | 1           | -0.7%                        |
+------------+---------+----------+-------------+------------------------------+
| 256        | 1024    | 1        | 1           | -1.9%                        |
+------------+---------+----------+-------------+------------------------------+
| 512        | 1024    | 1        | 1           | -0.1%                        |
+------------+---------+----------+-------------+------------------------------+
| 1024       | 1024    | 1        | 1           | 0.2%                         |
+------------+---------+----------+-------------+------------------------------+
| 1518       | 1024    | 1        | 1           | 0.1%                         |
+------------+---------+----------+-------------+------------------------------+

To view detailed results, visit:
https://lab.dpdk.org/results/dashboard/patchsets/34499/

UNH-IOL DPDK Community Lab

To manage your email subscriptions, visit: 
https://lab.dpdk.org/results/dashboard/preferences/subscriptions/

^ permalink raw reply	[flat|nested] 29+ messages in thread

* |PENDING| pw158484-158485 [PATCH] [2/2] test: add more tests for com
       [not found] <20251105210657.871310-3-stephen@networkplumber.org>
                   ` (10 preceding siblings ...)
  2025-11-07  0:53 ` dpdklab
@ 2025-11-07  1:20 ` dpdklab
  2025-11-07  1:29 ` dpdklab
                   ` (16 subsequent siblings)
  28 siblings, 0 replies; 29+ messages in thread
From: dpdklab @ 2025-11-07  1:20 UTC (permalink / raw)
  To: Test Report; +Cc: dpdk-test-reports

Test-Label: iol-unit-amd64-testing
Test-Status: PENDING
http://dpdk.org/patch/158485

_Testing pending_

Submitter: Stephen Hemminger <stephen@networkplumber.org>
Date: Wednesday, November 05 2025 21:03:59 
DPDK git baseline: Repo:dpdk
  Branch: master
  CommitID:87f7895e470c13e13efd6762d701139d0987294a

158484-158485 --> testing pending

Upstream job id: Generic-Unit-Test-DPDK#389702

Test environment and result as below:

+-------------------------------+----------------+
|          Environment          | dpdk_unit_test |
+===============================+================+
| Debian GNU/Linux 12           | PASS           |
+-------------------------------+----------------+
| CentOS Stream 9               | PEND           |
+-------------------------------+----------------+
| Fedora Linux 41               | PEND           |
+-------------------------------+----------------+
| CentOS Stream 10              | PEND           |
+-------------------------------+----------------+
| Fedora Linux 40               | PEND           |
+-------------------------------+----------------+
| Fedora Linux 42               | PEND           |
+-------------------------------+----------------+
| Red Hat Enterprise Linux 8.10 | PEND           |
+-------------------------------+----------------+
| Red Hat Enterprise Linux 9.5  | PEND           |
+-------------------------------+----------------+
| Ubuntu 20.04                  | PEND           |
+-------------------------------+----------------+
| Ubuntu 22.04                  | PEND           |
+-------------------------------+----------------+
| Ubuntu 24.04                  | PEND           |
+-------------------------------+----------------+


Debian GNU/Linux 12
	Kernel: 5.15
	Compiler: gcc gcc (Debian 12.2.0-14+deb12u1) 12.2.0

CentOS Stream 9
	Kernel: 5.15
	Compiler: gcc gcc (GCC) 11.5.0 20240719 (Red Hat 11.5.0-11)

Fedora Linux 41
	Kernel: 5.15
	Compiler: gcc gcc (GCC) 14.3.1 20250523 (Red Hat 14.3.1-1)

CentOS Stream 10
	Kernel: 5.15
	Compiler: gcc gcc (GCC) 14.2.1 20250110 (Red Hat 14.2.1-8)

Fedora Linux 40
	Kernel: 5.15
	Compiler: clang gcc (GCC) 14.2.1 20240912 (Red Hat 14.2.1-3)

Fedora Linux 42
	Kernel: 5.15
	Compiler: clang gcc (GCC) 15.2.1 20250808 (Red Hat 15.2.1-1)

Red Hat Enterprise Linux 8.10
	Kernel: 5.15
	Compiler: gcc gcc (GCC) 8.5.0 20210514 (Red Hat 8.5.0-22)

Red Hat Enterprise Linux 9.5
	Kernel: 5.15
	Compiler: gcc gcc (GCC) 11.5.0 20240719 (Red Hat 11.5.0-2)

Ubuntu 20.04
	Kernel: 5.15
	Compiler: gcc gcc (Ubuntu 9.4.0-1ubuntu1~20.04.2) 9.4.0

Ubuntu 22.04
	Kernel: 5.15
	Compiler: gcc gcc (Ubuntu 11.4.0-1ubuntu1~22.04) 11.4.0

Ubuntu 24.04
	Kernel: 5.15
	Compiler: gcc gcc (Ubuntu 13.3.0-6ubuntu2~24.04) 13.3.0

To view detailed results, visit:
https://lab.dpdk.org/results/dashboard/patchsets/34499/

UNH-IOL DPDK Community Lab

To manage your email subscriptions, visit: 
https://lab.dpdk.org/results/dashboard/preferences/subscriptions/

^ permalink raw reply	[flat|nested] 29+ messages in thread

* |PENDING| pw158484-158485 [PATCH] [2/2] test: add more tests for com
       [not found] <20251105210657.871310-3-stephen@networkplumber.org>
                   ` (11 preceding siblings ...)
  2025-11-07  1:20 ` |PENDING| " dpdklab
@ 2025-11-07  1:29 ` dpdklab
  2025-11-07  1:41 ` dpdklab
                   ` (15 subsequent siblings)
  28 siblings, 0 replies; 29+ messages in thread
From: dpdklab @ 2025-11-07  1:29 UTC (permalink / raw)
  To: Test Report; +Cc: dpdk-test-reports

Test-Label: iol-unit-arm64-testing
Test-Status: PENDING
http://dpdk.org/patch/158485

_Testing pending_

Submitter: Stephen Hemminger <stephen@networkplumber.org>
Date: Wednesday, November 05 2025 21:03:59 
DPDK git baseline: Repo:dpdk
  Branch: master
  CommitID:87f7895e470c13e13efd6762d701139d0987294a

158484-158485 --> testing pending

Upstream job id: Aarch32-Unit-Test#8126

Test environment and result as below:

+------------------------------+----------------+--------------+---------------------------+------------------------------+
|         Environment          | dpdk_unit_test | lpm_autotest | cryptodev_sw_zuc_autotest | cryptodev_sw_snow3g_autotest |
+==============================+================+==============+===========================+==============================+
| CentOS Stream 10             | PEND           | SKIPPED      | SKIPPED                   | SKIPPED                      |
+------------------------------+----------------+--------------+---------------------------+------------------------------+
| CentOS Stream 9              | PEND           | SKIPPED      | SKIPPED                   | SKIPPED                      |
+------------------------------+----------------+--------------+---------------------------+------------------------------+
| Fedora Linux 40              | PEND           | SKIPPED      | SKIPPED                   | SKIPPED                      |
+------------------------------+----------------+--------------+---------------------------+------------------------------+
| Debian GNU/Linux 12          | PEND           | SKIPPED      | SKIPPED                   | SKIPPED                      |
+------------------------------+----------------+--------------+---------------------------+------------------------------+
| Fedora Linux 41              | PEND           | SKIPPED      | SKIPPED                   | SKIPPED                      |
+------------------------------+----------------+--------------+---------------------------+------------------------------+
| Fedora Linux 42              | PEND           | SKIPPED      | SKIPPED                   | SKIPPED                      |
+------------------------------+----------------+--------------+---------------------------+------------------------------+
| Ubuntu 22.04                 | PASS           | SKIPPED      | SKIPPED                   | SKIPPED                      |
+------------------------------+----------------+--------------+---------------------------+------------------------------+
| Ubuntu 20.04                 | PEND           | PEND         | SKIPPED                   | SKIPPED                      |
+------------------------------+----------------+--------------+---------------------------+------------------------------+
| Ubuntu 24.04                 | PEND           | SKIPPED      | SKIPPED                   | SKIPPED                      |
+------------------------------+----------------+--------------+---------------------------+------------------------------+
| Red Hat Enterprise Linux 9.5 | PEND           | SKIPPED      | SKIPPED                   | SKIPPED                      |
+------------------------------+----------------+--------------+---------------------------+------------------------------+
| Debian 12 (arm)              | SKIPPED        | SKIPPED      | PEND                      | PEND                         |
+------------------------------+----------------+--------------+---------------------------+------------------------------+


CentOS Stream 10
	Kernel: 5.4
	Compiler: gcc gcc (GCC) 14.2.1 20250110 (Red Hat 14.2.1-8)

CentOS Stream 9
	Kernel: 5.4
	Compiler: gcc gcc (GCC) 11.5.0 20240719 (Red Hat 11.5.0-11)

Fedora Linux 40
	Kernel: 5.4
	Compiler: gcc gcc (GCC) 14.2.1 20240912 (Red Hat 14.2.1-3)

Debian GNU/Linux 12
	Kernel: 5.4
	Compiler: gcc gcc (Debian 12.2.0-14+deb12u1) 12.2.0

Fedora Linux 41
	Kernel: 5.4
	Compiler: gcc gcc (GCC) 14.3.1 20250523 (Red Hat 14.3.1-1)

Fedora Linux 42
	Kernel: 5.4
	Compiler: gcc gcc (GCC) 15.2.1 20250808 (Red Hat 15.2.1-1)

Ubuntu 22.04
	Kernel: 5.4
	Compiler: gcc gcc (Ubuntu 11.4.0-1ubuntu1~22.04) 11.4.0

Ubuntu 20.04
	Kernel: 5.4
	Compiler: gcc gcc (Ubuntu 9.4.0-1ubuntu1~20.04.2) 9.4.0

Ubuntu 24.04
	Kernel: 5.4
	Compiler: gcc gcc (Ubuntu 13.3.0-6ubuntu2~24.04) 13.3.0

Red Hat Enterprise Linux 9.5
	Kernel: 5.4
	Compiler: gcc gcc (GCC) 11.5.0 20240719 (Red Hat 11.5.0-2)

Debian 12 (arm)
	Kernel: Depends on container host
	Compiler: gcc (Debian 12.2.0-14) 12.2.0

To view detailed results, visit:
https://lab.dpdk.org/results/dashboard/patchsets/34499/

UNH-IOL DPDK Community Lab

To manage your email subscriptions, visit: 
https://lab.dpdk.org/results/dashboard/preferences/subscriptions/

^ permalink raw reply	[flat|nested] 29+ messages in thread

* |PENDING| pw158484-158485 [PATCH] [2/2] test: add more tests for com
       [not found] <20251105210657.871310-3-stephen@networkplumber.org>
                   ` (12 preceding siblings ...)
  2025-11-07  1:29 ` dpdklab
@ 2025-11-07  1:41 ` dpdklab
  2025-11-07  1:45 ` |FAILURE| " dpdklab
                   ` (14 subsequent siblings)
  28 siblings, 0 replies; 29+ messages in thread
From: dpdklab @ 2025-11-07  1:41 UTC (permalink / raw)
  To: Test Report; +Cc: dpdk-test-reports

Test-Label: iol-compile-arm64-testing
Test-Status: PENDING
http://dpdk.org/patch/158485

_Testing pending_

Submitter: Stephen Hemminger <stephen@networkplumber.org>
Date: Wednesday, November 05 2025 21:03:59 
DPDK git baseline: Repo:dpdk
  Branch: master
  CommitID:87f7895e470c13e13efd6762d701139d0987294a

158484-158485 --> testing pending

Upstream job id: Generic-DPDK-Compile-Meson#441781

Test environment and result as below:

+------------------------------+--------------------+
|         Environment          | dpdk_meson_compile |
+==============================+====================+
| Ubuntu 20.04                 | PEND               |
+------------------------------+--------------------+
| Red Hat Enterprise Linux 9.5 | PEND               |
+------------------------------+--------------------+
| Debian GNU/Linux 12          | PEND               |
+------------------------------+--------------------+
| Fedora Linux 42              | PEND               |
+------------------------------+--------------------+
| Ubuntu 22.04                 | PEND               |
+------------------------------+--------------------+
| Ubuntu 24.04                 | PEND               |
+------------------------------+--------------------+
| CentOS Stream 9              | PEND               |
+------------------------------+--------------------+
| CentOS Stream 10             | PEND               |
+------------------------------+--------------------+


Ubuntu 20.04
	Kernel: 5.15
	Compiler: aarch64-linux-gnu-gcc gcc (Ubuntu 9.4.0-1ubuntu1~20.04.2) 9.4.0

Red Hat Enterprise Linux 9.5
	Kernel: 5.4
	Compiler: gcc gcc (GCC) 11.5.0 20240719 (Red Hat 11.5.0-2)

Debian GNU/Linux 12
	Kernel: 5.4
	Compiler: gcc gcc (Debian 12.2.0-14+deb12u1) 12.2.0

Fedora Linux 42
	Kernel: 5.4
	Compiler: clang gcc (GCC) 15.2.1 20250808 (Red Hat 15.2.1-1)

Ubuntu 22.04
	Kernel: 5.4
	Compiler: gcc gcc (Ubuntu 11.4.0-1ubuntu1~22.04) 11.4.0

Ubuntu 24.04
	Kernel: 5.4
	Compiler: gcc gcc (Ubuntu 13.3.0-6ubuntu2~24.04) 13.3.0

CentOS Stream 9
	Kernel: 5.4
	Compiler: gcc gcc (GCC) 11.5.0 20240719 (Red Hat 11.5.0-11)

CentOS Stream 10
	Kernel: 5.4
	Compiler: gcc gcc (GCC) 14.2.1 20250110 (Red Hat 14.2.1-8)

To view detailed results, visit:
https://lab.dpdk.org/results/dashboard/patchsets/34499/

UNH-IOL DPDK Community Lab

To manage your email subscriptions, visit: 
https://lab.dpdk.org/results/dashboard/preferences/subscriptions/

^ permalink raw reply	[flat|nested] 29+ messages in thread

* |FAILURE| pw158484-158485 [PATCH] [2/2] test: add more tests for com
       [not found] <20251105210657.871310-3-stephen@networkplumber.org>
                   ` (13 preceding siblings ...)
  2025-11-07  1:41 ` dpdklab
@ 2025-11-07  1:45 ` dpdklab
  2025-11-07  1:56 ` |SUCCESS| " dpdklab
                   ` (13 subsequent siblings)
  28 siblings, 0 replies; 29+ messages in thread
From: dpdklab @ 2025-11-07  1:45 UTC (permalink / raw)
  To: Test Report; +Cc: dpdk-test-reports, Stephen Hemminger

Test-Label: iol-unit-amd64-testing
Test-Status: FAILURE
http://dpdk.org/patch/158485

_Testing issues_

Submitter: Stephen Hemminger <stephen@networkplumber.org>
Date: Wednesday, November 05 2025 21:03:59 
DPDK git baseline: Repo:dpdk
  Branch: master
  CommitID:87f7895e470c13e13efd6762d701139d0987294a

158484-158485 --> testing issues

Upstream job id: Generic-Unit-Test-DPDK#389722

Test environment and result as below:

+-------------------------------+----------------+
|          Environment          | dpdk_unit_test |
+===============================+================+
| Debian GNU/Linux 12           | PASS           |
+-------------------------------+----------------+
| CentOS Stream 9               | PASS           |
+-------------------------------+----------------+
| Fedora Linux 41               | PEND           |
+-------------------------------+----------------+
| CentOS Stream 10              | PASS           |
+-------------------------------+----------------+
| Fedora Linux 40               | PASS           |
+-------------------------------+----------------+
| Fedora Linux 42               | PASS           |
+-------------------------------+----------------+
| Red Hat Enterprise Linux 8.10 | PEND           |
+-------------------------------+----------------+
| Red Hat Enterprise Linux 9.5  | PEND           |
+-------------------------------+----------------+
| Ubuntu 20.04                  | WARN           |
+-------------------------------+----------------+
| Ubuntu 22.04                  | PEND           |
+-------------------------------+----------------+
| Ubuntu 24.04                  | PEND           |
+-------------------------------+----------------+

==== 20 line log output for Ubuntu 20.04 (dpdk_unit_test): ====
[3591/3602] Compiling C object app/dpdk-test.p/test_test_trace.c.o
[3592/3602] Compiling C object app/dpdk-test.p/test_test_timer_perf.c.o
[3593/3602] Compiling C object app/dpdk-test.p/test_test_timer_racecond.c.o
[3594/3602] Compiling C object app/dpdk-test.p/test_test_timer_secondary.c.o
[3595/3602] Compiling C object app/dpdk-test.p/test_test_trace_perf.c.o
[3596/3602] Compiling C object app/dpdk-test.p/test_test_trace_register.c.o
[3597/3602] Compiling C object app/dpdk-test.p/test_test_vdev.c.o
[3598/3602] Compiling C object app/dpdk-test.p/test_test_version.c.o
[3599/3602] Compiling C object app/dpdk-test.p/test_virtual_pmd.c.o
[3600/3602] Compiling C object app/dpdk-test.p/test_test_pcapng.c.o
FAILED: app/dpdk-test.p/test_test_pcapng.c.o
ccache cc -Iapp/dpdk-test.p -Iapp -I../app -Ilib/cmdline -I../lib/cmdline -Ilib/eal/common -I../lib/eal/common -I. -I.. -Iconfig -I../config -Ilib/eal/include -I../lib/eal/include -Ilib/eal/linux/include -I../lib/eal/linux/include -Ilib/eal/x86/include -I../lib/eal/x86/include -I../kernel/linux -Ilib/eal -I../lib/eal -Ilib/kvargs -I../lib/kvargs -Ilib/log -I../lib/log -Ilib/metrics -I../lib/metrics -Ilib/telemetry -I../lib/telemetry -Ilib/argparse -I../lib/argparse -Ilib/net -I../lib/net -Ilib/mbuf -I../lib/mbuf -Ilib/mempool -I../lib/mempool -Ilib/ring -I../lib/ring -Idrivers/net/ring -I../drivers/net/ring -Ilib/ethdev -I../lib/ethdev -Ilib/meter -I../lib/meter -Idrivers/bus/pci -I../drivers/bus/pci -I../drivers/bus/pci/linux -Ilib/pci -I../lib/pci -Idrivers/bus/vdev -I../drivers/bus/vdev -Ilib/acl -I../lib/acl -Ilib/hash -I../lib/hash -Ilib/rcu -I../lib/rcu -Ilib/bitratestats -I../lib/bitratestats -Ilib/bpf -I../lib/bpf -Ilib/cfgfile -I../lib/cfgfile -Ilib/compressdev -I../lib/comp
 ressdev -Ilib/cryptodev -I../lib/cryptodev -Ilib/security -I../lib/security -Ilib/dispatcher -I../lib/dispatcher -Ilib/eventdev -I../lib/eventdev -Ilib/timer -I../lib/timer -Ilib/dmadev -I../lib/dmadev -Ilib/distributor -I../lib/distributor -Ilib/efd -I../lib/efd -Ilib/fib -I../lib/fib -Ilib/rib -I../lib/rib -Ilib/table -I../lib/table -Ilib/port -I../lib/port -Ilib/sched -I../lib/sched -Ilib/ip_frag -I../lib/ip_frag -Ilib/lpm -I../lib/lpm -Ilib/graph -I../lib/graph -Ilib/pcapng -I../lib/pcapng -Ilib/ipsec -I../lib/ipsec -Ilib/latencystats -I../lib/latencystats -Idrivers/net/bonding -I../drivers/net/bonding -Ilib/member -I../lib/member -Ilib/pdcp -I../lib/pdcp -Ilib/reorder -I../lib/reorder -Ilib/pdump -I../lib/pdump -Ilib/pmu -I../lib/pmu -Ilib/power -I../lib/power -Idrivers/power/acpi -I../drivers/power/acpi -Idrivers/power/kvm_vm -I../drivers/power/kvm_vm -Idrivers/power/intel_pstate -I../drivers/power/intel_pstate -Idrivers/power/amd_pstate -I../drivers/power/amd_pstate -Idrivers
 /power/cppc -I../drivers/power/cppc -Idrivers/power/intel_uncore -I../drivers/power/intel_uncore -Ilib/ptr_compress -I../lib/ptr_compress -Ilib/rawdev -I../lib/rawdev -Idrivers/raw/skeleton -I../drivers/raw/skeleton -Ilib/stack -I../lib/stack -Ilib/pipeline -I../lib/pipeline -Idrivers/crypto/scheduler -I../drivers/crypto/scheduler -Iapp/test/test_cfgfiles -fdiagnostics-color=always -pipe -D_FILE_OFFSET_BITS=64 -Wall -Winvalid-pch -Wextra -Werror -std=c11 -O3 -include rte_config.h -Wvla -Wcast-qual -Wdeprecated -Wformat -Wformat-nonliteral -Wformat-security -Wmissing-declarations -Wmissing-prototypes -Wnested-externs -Wold-style-definition -Wpointer-arith -Wsign-compare -Wstrict-prototypes -Wundef -Wwrite-strings -Wno-packed-not-aligned -Wno-missing-field-initializers -D_GNU_SOURCE -march=native -mrtm -DALLOW_EXPERIMENTAL_API -Wno-vla -fno-strict-aliasing -Wno-format-truncation -DALLOW_INTERNAL_API -MD -MQ app/dpdk-test.p/test_test_pcapng.c.o -MF app/dpdk-test.p/test_test_pcapng.c.o.
 d -o app/dpdk-test.p/test_test_pcapng.c.o -c ../app/test/test_pcapng.c
../app/test/test_pcapng.c: In function 'fill_pcapng_file':
../app/test/test_pcapng.c:169:5: error: ignoring return value of 'asprintf', declared with attribute warn_unused_result [-Werror=unused-result]
169 |     asprintf(&comment, "Function: %s\nPacket %u\n",
|     ^~~~~~~~~~~~~~~~~~~~~~~~~~~~~~~~~~~~~~~~~~~~~~~
170 |       __func__, count + i);
|       ~~~~~~~~~~~~~~~~~~~~
cc1: all warnings being treated as errors
ninja: build stopped: subcommand failed.
==== End log output ====

Debian GNU/Linux 12
	Kernel: 5.15
	Compiler: gcc gcc (Debian 12.2.0-14+deb12u1) 12.2.0

CentOS Stream 9
	Kernel: 5.15
	Compiler: gcc gcc (GCC) 11.5.0 20240719 (Red Hat 11.5.0-11)

Fedora Linux 41
	Kernel: 5.15
	Compiler: gcc gcc (GCC) 14.3.1 20250523 (Red Hat 14.3.1-1)

CentOS Stream 10
	Kernel: 5.15
	Compiler: gcc gcc (GCC) 14.2.1 20250110 (Red Hat 14.2.1-8)

Fedora Linux 40
	Kernel: 5.15
	Compiler: clang gcc (GCC) 14.2.1 20240912 (Red Hat 14.2.1-3)

Fedora Linux 42
	Kernel: 5.15
	Compiler: clang gcc (GCC) 15.2.1 20250808 (Red Hat 15.2.1-1)

Red Hat Enterprise Linux 8.10
	Kernel: 5.15
	Compiler: gcc gcc (GCC) 8.5.0 20210514 (Red Hat 8.5.0-22)

Red Hat Enterprise Linux 9.5
	Kernel: 5.15
	Compiler: gcc gcc (GCC) 11.5.0 20240719 (Red Hat 11.5.0-2)

Ubuntu 20.04
	Kernel: 5.15
	Compiler: gcc gcc (Ubuntu 9.4.0-1ubuntu1~20.04.2) 9.4.0

Ubuntu 22.04
	Kernel: 5.15
	Compiler: gcc gcc (Ubuntu 11.4.0-1ubuntu1~22.04) 11.4.0

Ubuntu 24.04
	Kernel: 5.15
	Compiler: gcc gcc (Ubuntu 13.3.0-6ubuntu2~24.04) 13.3.0

To view detailed results, visit:
https://lab.dpdk.org/results/dashboard/patchsets/34499/

UNH-IOL DPDK Community Lab

To manage your email subscriptions, visit: 
https://lab.dpdk.org/results/dashboard/preferences/subscriptions/

^ permalink raw reply	[flat|nested] 29+ messages in thread

* |SUCCESS| pw158484-158485 [PATCH] [2/2] test: add more tests for com
       [not found] <20251105210657.871310-3-stephen@networkplumber.org>
                   ` (14 preceding siblings ...)
  2025-11-07  1:45 ` |FAILURE| " dpdklab
@ 2025-11-07  1:56 ` dpdklab
  2025-11-07  1:58 ` |WARNING| " dpdklab
                   ` (12 subsequent siblings)
  28 siblings, 0 replies; 29+ messages in thread
From: dpdklab @ 2025-11-07  1:56 UTC (permalink / raw)
  To: Test Report; +Cc: dpdk-test-reports

Test-Label: iol-intel-Performance
Test-Status: SUCCESS
http://dpdk.org/patch/158485

_Performance Testing PASS_

Submitter: Stephen Hemminger <stephen@networkplumber.org>
Date: Wednesday, November 05 2025 21:03:59 
DPDK git baseline: Repo:dpdk
  Branch: master
  CommitID:87f7895e470c13e13efd6762d701139d0987294a

158484-158485 --> performance testing pass

Upstream job id: Template-DTS-Pipeline#253427

Test environment and result as below:

Ubuntu 22.04
Kernel: 5.15
Compiler: gcc gcc (Ubuntu 11.4.0-1ubuntu1~22.04.2) 11.4.0
NIC: Intel E810 100000 Mbps
Fail/Total: 0/2

Detail performance results: 
+------------+---------+----------+-------------+------------------------------+
| frame_size | txd/rxd | num_cpus | num_threads |  throughput difference from  |
|            |         |          |             |           expected           |
+============+=========+==========+=============+==============================+
| 64         | 512     | 1        | 1           | -0.2%                        |
+------------+---------+----------+-------------+------------------------------+
| 64         | 2048    | 1        | 1           | 0.1%                         |
+------------+---------+----------+-------------+------------------------------+

Ubuntu 20.04
Kernel: 5.4
Compiler: gcc gcc (Ubuntu 9.4.0-1ubuntu1~20.04.1) 9.4.0
NIC: Intel Corporation Ethernet Converged Network Adapter XL710-QDA2 40000 Mbps
Fail/Total: 0/4

Detail performance results: 
+----------+-------------+---------+------------+------------------------------+
| num_cpus | num_threads | txd/rxd | frame_size |  throughput difference from  |
|          |             |         |            |           expected           |
+==========+=============+=========+============+==============================+
| 1        | 2           | 512     | 64         | -0.8%                        |
+----------+-------------+---------+------------+------------------------------+
| 1        | 2           | 2048    | 64         | -1.6%                        |
+----------+-------------+---------+------------+------------------------------+
| 1        | 1           | 512     | 64         | -1.8%                        |
+----------+-------------+---------+------------+------------------------------+
| 1        | 1           | 2048    | 64         | 1.8%                         |
+----------+-------------+---------+------------+------------------------------+

Ubuntu 24.04
Kernel: 6.8
Compiler: gcc gcc (Ubuntu 13.3.0-6ubuntu2~24.04) 13.3.0
NIC: Intel E810 (Arm Grace Server) 100000 Mbps
Fail/Total: 0/2

Detail performance results: 
+------------+---------+----------+-------------+------------------------------+
| frame_size | txd/rxd | num_cpus | num_threads |  throughput difference from  |
|            |         |          |             |           expected           |
+============+=========+==========+=============+==============================+
| 64         | 512     | 1        | 1           | 0.2%                         |
+------------+---------+----------+-------------+------------------------------+
| 64         | 2048    | 1        | 1           | -0.7%                        |
+------------+---------+----------+-------------+------------------------------+

To view detailed results, visit:
https://lab.dpdk.org/results/dashboard/patchsets/34499/

UNH-IOL DPDK Community Lab

To manage your email subscriptions, visit: 
https://lab.dpdk.org/results/dashboard/preferences/subscriptions/

^ permalink raw reply	[flat|nested] 29+ messages in thread

* |WARNING| pw158484-158485 [PATCH] [2/2] test: add more tests for com
       [not found] <20251105210657.871310-3-stephen@networkplumber.org>
                   ` (15 preceding siblings ...)
  2025-11-07  1:56 ` |SUCCESS| " dpdklab
@ 2025-11-07  1:58 ` dpdklab
  2025-11-07  2:07 ` dpdklab
                   ` (11 subsequent siblings)
  28 siblings, 0 replies; 29+ messages in thread
From: dpdklab @ 2025-11-07  1:58 UTC (permalink / raw)
  To: Test Report; +Cc: dpdk-test-reports

Test-Label: iol-unit-amd64-testing
Test-Status: WARNING
http://dpdk.org/patch/158485

_Testing issues_

Submitter: Stephen Hemminger <stephen@networkplumber.org>
Date: Wednesday, November 05 2025 21:03:59 
DPDK git baseline: Repo:dpdk
  Branch: master
  CommitID:87f7895e470c13e13efd6762d701139d0987294a

158484-158485 --> testing issues

Upstream job id: Generic-Unit-Test-DPDK#389717

Test environment and result as below:

+-------------------------------+----------------+
|          Environment          | dpdk_unit_test |
+===============================+================+
| Debian GNU/Linux 12           | PASS           |
+-------------------------------+----------------+
| CentOS Stream 9               | PASS           |
+-------------------------------+----------------+
| Fedora Linux 41               | PASS           |
+-------------------------------+----------------+
| CentOS Stream 10              | PASS           |
+-------------------------------+----------------+
| Fedora Linux 40               | PASS           |
+-------------------------------+----------------+
| Fedora Linux 42               | PASS           |
+-------------------------------+----------------+
| Red Hat Enterprise Linux 8.10 | PASS           |
+-------------------------------+----------------+
| Red Hat Enterprise Linux 9.5  | PASS           |
+-------------------------------+----------------+
| Ubuntu 20.04                  | WARN           |
+-------------------------------+----------------+
| Ubuntu 22.04                  | WARN           |
+-------------------------------+----------------+
| Ubuntu 24.04                  | WARN           |
+-------------------------------+----------------+

==== 20 line log output for Ubuntu 24.04 (dpdk_unit_test): ====
[3596/3607] Compiling C object app/dpdk-test.p/test_test_timer.c.o
[3597/3607] Compiling C object app/dpdk-test.p/test_test_timer_racecond.c.o
[3598/3607] Compiling C object app/dpdk-test.p/test_test_timer_secondary.c.o
[3599/3607] Compiling C object app/dpdk-test.p/test_test_trace.c.o
[3600/3607] Compiling C object app/dpdk-test.p/test_test_trace_register.c.o
[3601/3607] Compiling C object app/dpdk-test.p/test_test_vdev.c.o
[3602/3607] Compiling C object app/dpdk-test.p/test_test_trace_perf.c.o
[3603/3607] Compiling C object app/dpdk-test.p/test_test_version.c.o
[3604/3607] Compiling C object app/dpdk-test.p/test_virtual_pmd.c.o
[3605/3607] Compiling C object app/dpdk-test.p/test_test_pcapng.c.o
FAILED: app/dpdk-test.p/test_test_pcapng.c.o
ccache cc -Iapp/dpdk-test.p -Iapp -I../app -Ilib/cmdline -I../lib/cmdline -Ilib/eal/common -I../lib/eal/common -I. -I.. -Iconfig -I../config -Ilib/eal/include -I../lib/eal/include -Ilib/eal/linux/include -I../lib/eal/linux/include -Ilib/eal/x86/include -I../lib/eal/x86/include -I../kernel/linux -Ilib/eal -I../lib/eal -Ilib/kvargs -I../lib/kvargs -Ilib/log -I../lib/log -Ilib/metrics -I../lib/metrics -Ilib/telemetry -I../lib/telemetry -Ilib/argparse -I../lib/argparse -Ilib/net -I../lib/net -Ilib/mbuf -I../lib/mbuf -Ilib/mempool -I../lib/mempool -Ilib/ring -I../lib/ring -Idrivers/net/ring -I../drivers/net/ring -Ilib/ethdev -I../lib/ethdev -Ilib/meter -I../lib/meter -Idrivers/bus/pci -I../drivers/bus/pci -I../drivers/bus/pci/linux -Ilib/pci -I../lib/pci -Idrivers/bus/vdev -I../drivers/bus/vdev -Ilib/acl -I../lib/acl -Ilib/hash -I../lib/hash -Ilib/rcu -I../lib/rcu -Ilib/bitratestats -I../lib/bitratestats -Ilib/bpf -I../lib/bpf -Ilib/cfgfile -I../lib/cfgfile -Ilib/compressdev -I../lib/comp
 ressdev -Ilib/cryptodev -I../lib/cryptodev -Ilib/security -I../lib/security -Ilib/dispatcher -I../lib/dispatcher -Ilib/eventdev -I../lib/eventdev -Ilib/timer -I../lib/timer -Ilib/dmadev -I../lib/dmadev -Ilib/distributor -I../lib/distributor -Ilib/efd -I../lib/efd -Ilib/fib -I../lib/fib -Ilib/rib -I../lib/rib -Ilib/table -I../lib/table -Ilib/port -I../lib/port -Ilib/sched -I../lib/sched -Ilib/ip_frag -I../lib/ip_frag -Ilib/lpm -I../lib/lpm -Ilib/graph -I../lib/graph -Ilib/pcapng -I../lib/pcapng -Ilib/ipsec -I../lib/ipsec -Ilib/latencystats -I../lib/latencystats -Idrivers/net/bonding -I../drivers/net/bonding -Ilib/member -I../lib/member -Ilib/pdcp -I../lib/pdcp -Ilib/reorder -I../lib/reorder -Ilib/pdump -I../lib/pdump -Ilib/pmu -I../lib/pmu -Ilib/power -I../lib/power -Idrivers/power/acpi -I../drivers/power/acpi -Idrivers/power/kvm_vm -I../drivers/power/kvm_vm -Idrivers/power/intel_pstate -I../drivers/power/intel_pstate -Idrivers/power/amd_pstate -I../drivers/power/amd_pstate -Idrivers
 /power/cppc -I../drivers/power/cppc -Idrivers/power/intel_uncore -I../drivers/power/intel_uncore -Ilib/ptr_compress -I../lib/ptr_compress -Ilib/rawdev -I../lib/rawdev -Idrivers/raw/skeleton -I../drivers/raw/skeleton -Ilib/stack -I../lib/stack -Ilib/pipeline -I../lib/pipeline -Idrivers/crypto/scheduler -I../drivers/crypto/scheduler -Iapp/test/test_cfgfiles -I/usr/include/dbus-1.0 -I/usr/lib/x86_64-linux-gnu/dbus-1.0/include -I/usr/include/libnl3 -fdiagnostics-color=always -pipe -D_FILE_OFFSET_BITS=64 -Wall -Winvalid-pch -Wextra -Werror -std=c11 -O3 -include rte_config.h -Wvla -Wcast-qual -Wdeprecated -Wformat -Wformat-nonliteral -Wformat-security -Wmissing-declarations -Wmissing-prototypes -Wnested-externs -Wold-style-definition -Wpointer-arith -Wsign-compare -Wstrict-prototypes -Wundef -Wwrite-strings -Wno-packed-not-aligned -Wno-missing-field-initializers -D_GNU_SOURCE -march=native -mrtm -DALLOW_EXPERIMENTAL_API -Wno-vla -fno-strict-aliasing -Wno-format-truncation -DALLOW_INTERNAL
 _API -MD -MQ app/dpdk-test.p/test_test_pcapng.c.o -MF app/dpdk-test.p/test_test_pcapng.c.o.d -o app/dpdk-test.p/test_test_pcapng.c.o -c ../app/test/test_pcapng.c
../app/test/test_pcapng.c: In function 'fill_pcapng_file':
../app/test/test_pcapng.c:169:33: error: ignoring return value of 'asprintf' declared with attribute 'warn_unused_result' [-Werror=unused-result]
169 |                                 asprintf(&comment, "Function: %s\nPacket %u\n",
|                                 ^~~~~~~~~~~~~~~~~~~~~~~~~~~~~~~~~~~~~~~~~~~~~~~
170 |                                          __func__, count + i);
|                                          ~~~~~~~~~~~~~~~~~~~~
cc1: all warnings being treated as errors
ninja: build stopped: subcommand failed.
==== End log output ====

Debian GNU/Linux 12
	Kernel: 5.15
	Compiler: gcc gcc (Debian 12.2.0-14+deb12u1) 12.2.0

CentOS Stream 9
	Kernel: 5.15
	Compiler: gcc gcc (GCC) 11.5.0 20240719 (Red Hat 11.5.0-11)

Fedora Linux 41
	Kernel: 5.15
	Compiler: gcc gcc (GCC) 14.3.1 20250523 (Red Hat 14.3.1-1)

CentOS Stream 10
	Kernel: 5.15
	Compiler: gcc gcc (GCC) 14.2.1 20250110 (Red Hat 14.2.1-8)

Fedora Linux 40
	Kernel: 5.15
	Compiler: clang gcc (GCC) 14.2.1 20240912 (Red Hat 14.2.1-3)

Fedora Linux 42
	Kernel: 5.15
	Compiler: clang gcc (GCC) 15.2.1 20250808 (Red Hat 15.2.1-1)

Red Hat Enterprise Linux 8.10
	Kernel: 5.15
	Compiler: gcc gcc (GCC) 8.5.0 20210514 (Red Hat 8.5.0-22)

Red Hat Enterprise Linux 9.5
	Kernel: 5.15
	Compiler: gcc gcc (GCC) 11.5.0 20240719 (Red Hat 11.5.0-2)

Ubuntu 20.04
	Kernel: 5.15
	Compiler: gcc gcc (Ubuntu 9.4.0-1ubuntu1~20.04.2) 9.4.0

Ubuntu 22.04
	Kernel: 5.15
	Compiler: gcc gcc (Ubuntu 11.4.0-1ubuntu1~22.04) 11.4.0

Ubuntu 24.04
	Kernel: 5.15
	Compiler: gcc gcc (Ubuntu 13.3.0-6ubuntu2~24.04) 13.3.0

To view detailed results, visit:
https://lab.dpdk.org/results/dashboard/patchsets/34499/

UNH-IOL DPDK Community Lab

To manage your email subscriptions, visit: 
https://lab.dpdk.org/results/dashboard/preferences/subscriptions/

^ permalink raw reply	[flat|nested] 29+ messages in thread

* |WARNING| pw158484-158485 [PATCH] [2/2] test: add more tests for com
       [not found] <20251105210657.871310-3-stephen@networkplumber.org>
                   ` (16 preceding siblings ...)
  2025-11-07  1:58 ` |WARNING| " dpdklab
@ 2025-11-07  2:07 ` dpdklab
  2025-11-07  2:10 ` |SUCCESS| " dpdklab
                   ` (10 subsequent siblings)
  28 siblings, 0 replies; 29+ messages in thread
From: dpdklab @ 2025-11-07  2:07 UTC (permalink / raw)
  To: Test Report; +Cc: dpdk-test-reports

Test-Label: iol-sample-apps-testing
Test-Status: WARNING
http://dpdk.org/patch/158485

_Testing issues_

Submitter: Stephen Hemminger <stephen@networkplumber.org>
Date: Wednesday, November 05 2025 21:03:59 
DPDK git baseline: Repo:dpdk
  Branch: master
  CommitID:87f7895e470c13e13efd6762d701139d0987294a

158484-158485 --> testing issues

Upstream job id: ACVP-FIPS-testing#11714

Test environment and result as below:

+--------------+----------------------+----------------------+
| Environment  | compressdev_zlib_pmd | dpdk_fips_validation |
+==============+======================+======================+
| Ubuntu 22.04 | PASS                 | SKIPPED              |
+--------------+----------------------+----------------------+
| Ubuntu 20.04 | SKIPPED              | WARN                 |
+--------------+----------------------+----------------------+

==== 20 line log output for Ubuntu 20.04 (dpdk_fips_validation): ====
|       ~~~~~~~~~~~~~~~~~~~~
cc1: all warnings being treated as errors
[3526/3632] Compiling C object app/dpdk-test.p/test_test_pflock.c.o
[3527/3632] Compiling C object app/dpdk-test.p/test_test_pmu.c.o
[3528/3632] Compiling C object app/dpdk-test.p/test_test_link_bonding_mode4.c.o
[3529/3632] Compiling C object app/dpdk-test.p/test_test_rand_perf.c.o
[3530/3632] Compiling C object app/dpdk-test.p/test_test_pie.c.o
[3531/3632] Compiling C object app/dpdk-test.p/test_test_power_cpufreq.c.o
[3532/3632] Compiling C object app/dpdk-test.p/test_test_ptr_compress.c.o
[3533/3632] Compiling C object app/dpdk-test.p/test_test_reciprocal_division_perf.c.o
[3534/3632] Compiling C object app/dpdk-test.p/test_test_pmd_ring_perf.c.o
[3535/3632] Compiling C object app/dpdk-test.p/test_test_pdcp.c.o
[3536/3632] Compiling C object app/dpdk-test.p/test_test_pmd_perf.c.o
[3537/3632] Compiling C object app/dpdk-test.p/test_test_rcu_qsbr_perf.c.o
[3538/3632] Compiling C object app/dpdk-test.p/test_test_mempool_perf.c.o
[3539/3632] Compiling C object app/dpdk-test.p/test_test_mbuf.c.o
[3540/3632] Compiling C object drivers/libtmp_rte_crypto_cnxk.a.p/crypto_cnxk_cn10k_cryptodev_ops.c.o
[3541/3632] Compiling C object app/dpdk-test.p/test_test_memcpy_perf.c.o
[3542/3632] Compiling C object app/dpdk-test.p/test_test_cryptodev.c.o
ninja: build stopped: subcommand failed.
==== End log output ====

Ubuntu 22.04
	Kernel: 5.15
	Compiler: gcc gcc (Ubuntu 11.4.0-1ubuntu1~22.04.2) 11.4.0

Ubuntu 20.04
	Kernel: 5.15
	Compiler: gcc gcc (Ubuntu 9.4.0-1ubuntu1~20.04.2) 9.4.0

To view detailed results, visit:
https://lab.dpdk.org/results/dashboard/patchsets/34499/

UNH-IOL DPDK Community Lab

To manage your email subscriptions, visit: 
https://lab.dpdk.org/results/dashboard/preferences/subscriptions/

^ permalink raw reply	[flat|nested] 29+ messages in thread

* |SUCCESS| pw158484-158485 [PATCH] [2/2] test: add more tests for com
       [not found] <20251105210657.871310-3-stephen@networkplumber.org>
                   ` (17 preceding siblings ...)
  2025-11-07  2:07 ` dpdklab
@ 2025-11-07  2:10 ` dpdklab
  2025-11-07  2:12 ` |FAILURE| " dpdklab
                   ` (9 subsequent siblings)
  28 siblings, 0 replies; 29+ messages in thread
From: dpdklab @ 2025-11-07  2:10 UTC (permalink / raw)
  To: Test Report; +Cc: dpdk-test-reports

Test-Label: iol-intel-Functional
Test-Status: SUCCESS
http://dpdk.org/patch/158485

_Functional Testing PASS_

Submitter: Stephen Hemminger <stephen@networkplumber.org>
Date: Wednesday, November 05 2025 21:03:59 
DPDK git baseline: Repo:dpdk
  Branch: master
  CommitID:87f7895e470c13e13efd6762d701139d0987294a

158484-158485 --> functional testing pass

Upstream job id: Template-DTS-Pipeline#253431

Test environment and result as below:

Ubuntu 24.04
Kernel: 6.8
Compiler: gcc gcc (Ubuntu 13.3.0-6ubuntu2~24.04) 13.3.0
NIC: Intel E810 (Arm Grace Server) 100000 Mbps

Aggregate Results by Test Suite
+------------+--------+
| Test Suite | Result |
+============+========+
| blocklist  |  PASS  |
+------------+--------+
| uni_pkt    |  PASS  |
+------------+--------+


Ubuntu 24.04 LTS
Kernel: 6.8.0-44-generic
Compiler: gcc 13.2.0
NIC: Intel Corporation Ethernet Controller XL710 for 40GbE QSFP+ 40 Mbps

Aggregate Results by Test Suite
+--------------------+--------+
|     Test Suite     | Result |
+====================+========+
| blocklist          |  PASS  |
+--------------------+--------+
| uni_pkt            |  PASS  |
+--------------------+--------+
| promisc_support    |  PASS  |
+--------------------+--------+
| dynamic_queue_conf |  PASS  |
+--------------------+--------+
| hello_world        |  PASS  |
+--------------------+--------+
| l2fwd              |  PASS  |
+--------------------+--------+
| softnic            |  PASS  |
+--------------------+--------+


Ubuntu 24.04
Kernel: 6.8
Compiler: gcc gcc (Ubuntu 13.3.0-6ubuntu2~24.04) 13.3.0
NIC: Intel Corporation 4xxx Series QAT 0 Mbps

Aggregate Results by Test Suite
+----------------------------+--------+
|         Test Suite         | Result |
+============================+========+
| crypto_perf_cryptodev_perf |  PASS  |
+----------------------------+--------+


Ubuntu 20.04
Kernel: 5.4
Compiler: gcc gcc (Ubuntu 9.4.0-1ubuntu1~20.04.1) 9.4.0
NIC: Intel Corporation Ethernet Converged Network Adapter XL710-QDA2 40000 Mbps

Aggregate Results by Test Suite
+-----------------------------+--------+
|         Test Suite          | Result |
+=============================+========+
| unit_tests_mbuf             |  PASS  |
+-----------------------------+--------+
| vhost_virtio_user_interrupt |  PASS  |
+-----------------------------+--------+
| virtio_smoke                |  PASS  |
+-----------------------------+--------+


To view detailed results, visit:
https://lab.dpdk.org/results/dashboard/patchsets/34499/

UNH-IOL DPDK Community Lab

To manage your email subscriptions, visit: 
https://lab.dpdk.org/results/dashboard/preferences/subscriptions/

^ permalink raw reply	[flat|nested] 29+ messages in thread

* |FAILURE| pw158484-158485 [PATCH] [2/2] test: add more tests for com
       [not found] <20251105210657.871310-3-stephen@networkplumber.org>
                   ` (18 preceding siblings ...)
  2025-11-07  2:10 ` |SUCCESS| " dpdklab
@ 2025-11-07  2:12 ` dpdklab
  2025-11-07  3:21 ` |WARNING| " dpdklab
                   ` (8 subsequent siblings)
  28 siblings, 0 replies; 29+ messages in thread
From: dpdklab @ 2025-11-07  2:12 UTC (permalink / raw)
  To: Test Report; +Cc: dpdk-test-reports, Stephen Hemminger

Test-Label: iol-compile-amd64-testing
Test-Status: FAILURE
http://dpdk.org/patch/158485

_Testing issues_

Submitter: Stephen Hemminger <stephen@networkplumber.org>
Date: Wednesday, November 05 2025 21:03:59 
DPDK git baseline: Repo:dpdk
  Branch: master
  CommitID:87f7895e470c13e13efd6762d701139d0987294a

158484-158485 --> testing issues

Upstream job id: Generic-DPDK-Compile-Meson#441780

Test environment and result as below:

+-------------------------------+--------------------+------------------+
|          Environment          | dpdk_meson_compile | dpdk_compile_ovs |
+===============================+====================+==================+
| Ubuntu 20.04                  | FAIL               | SKIPPED          |
+-------------------------------+--------------------+------------------+
| FreeBSD 14.2                  | PASS               | SKIPPED          |
+-------------------------------+--------------------+------------------+
| CentOS Stream 9               | PASS               | SKIPPED          |
+-------------------------------+--------------------+------------------+
| CentOS Stream 10              | PASS               | SKIPPED          |
+-------------------------------+--------------------+------------------+
| Debian GNU/Linux 12           | PASS               | SKIPPED          |
+-------------------------------+--------------------+------------------+
| Fedora Linux 42               | PASS               | PASS             |
+-------------------------------+--------------------+------------------+
| Red Hat Enterprise Linux 8.10 | PASS               | SKIPPED          |
+-------------------------------+--------------------+------------------+
| openSUSE Leap 15.6            | PASS               | SKIPPED          |
+-------------------------------+--------------------+------------------+
| Red Hat Enterprise Linux 9.5  | PASS               | SKIPPED          |
+-------------------------------+--------------------+------------------+
| Ubuntu 22.04                  | FAIL               | SKIPPED          |
+-------------------------------+--------------------+------------------+
| Ubuntu 24.04                  | FAIL               | WARN             |
+-------------------------------+--------------------+------------------+

==== 20 line log output for Ubuntu 24.04 (dpdk_compile_ovs): ====
 --- Failed to get log output --- 
==== End log output ====

Ubuntu 20.04
	Kernel: 4.19
	Compiler: gcc gcc (Ubuntu 9.4.0-1ubuntu1~20.04.2) 9.4.0

FreeBSD 14.2
	Kernel: 14.2-RELEASE
	Compiler: clang 18.1.6

CentOS Stream 9
	Kernel: 5.15
	Compiler: gcc gcc (GCC) 11.5.0 20240719 (Red Hat 11.5.0-11)

CentOS Stream 10
	Kernel: 5.15
	Compiler: gcc gcc (GCC) 14.2.1 20250110 (Red Hat 14.2.1-8)

Debian GNU/Linux 12
	Kernel: 5.15
	Compiler: gcc gcc (Debian 12.2.0-14+deb12u1) 12.2.0

Fedora Linux 42
	Kernel: 5.15
	Compiler: clang gcc (GCC) 15.2.1 20250808 (Red Hat 15.2.1-1)

Red Hat Enterprise Linux 8.10
	Kernel: 5.15
	Compiler: gcc gcc (GCC) 8.5.0 20210514 (Red Hat 8.5.0-22)

openSUSE Leap 15.6
	Kernel: 5.15
	Compiler: gcc gcc (SUSE Linux) 7.5.0

Red Hat Enterprise Linux 9.5
	Kernel: 5.15
	Compiler: gcc gcc (GCC) 11.5.0 20240719 (Red Hat 11.5.0-2)

Ubuntu 22.04
	Kernel: 5.15
	Compiler: gcc gcc (Ubuntu 11.4.0-1ubuntu1~22.04) 11.4.0

Ubuntu 24.04
	Kernel: 5.15
	Compiler: gcc gcc (Ubuntu 13.3.0-6ubuntu2~24.04) 13.3.0

To view detailed results, visit:
https://lab.dpdk.org/results/dashboard/patchsets/34499/

UNH-IOL DPDK Community Lab

To manage your email subscriptions, visit: 
https://lab.dpdk.org/results/dashboard/preferences/subscriptions/

^ permalink raw reply	[flat|nested] 29+ messages in thread

* |WARNING| pw158484-158485 [PATCH] [2/2] test: add more tests for com
       [not found] <20251105210657.871310-3-stephen@networkplumber.org>
                   ` (19 preceding siblings ...)
  2025-11-07  2:12 ` |FAILURE| " dpdklab
@ 2025-11-07  3:21 ` dpdklab
  2025-11-07  3:43 ` |FAILURE| " dpdklab
                   ` (7 subsequent siblings)
  28 siblings, 0 replies; 29+ messages in thread
From: dpdklab @ 2025-11-07  3:21 UTC (permalink / raw)
  To: Test Report; +Cc: dpdk-test-reports

Test-Label: iol-sample-apps-testing
Test-Status: WARNING
http://dpdk.org/patch/158485

_Testing issues_

Submitter: Stephen Hemminger <stephen@networkplumber.org>
Date: Wednesday, November 05 2025 21:03:59 
DPDK git baseline: Repo:dpdk
  Branch: master
  CommitID:87f7895e470c13e13efd6762d701139d0987294a

158484-158485 --> testing issues

Upstream job id: Template-DTS-Pipeline#253435

Test environment and result as below:

+--------------+----------------------+----------------------+
| Environment  | compressdev_zlib_pmd | dpdk_fips_validation |
+==============+======================+======================+
| Ubuntu 22.04 | PASS                 | SKIPPED              |
+--------------+----------------------+----------------------+
| Ubuntu 20.04 | SKIPPED              | WARN                 |
+--------------+----------------------+----------------------+

==== 20 line log output for Ubuntu 20.04 (dpdk_fips_validation): ====
|       ~~~~~~~~~~~~~~~~~~~~
cc1: all warnings being treated as errors
[3526/3632] Compiling C object app/dpdk-test.p/test_test_pflock.c.o
[3527/3632] Compiling C object app/dpdk-test.p/test_test_pmu.c.o
[3528/3632] Compiling C object app/dpdk-test.p/test_test_link_bonding_mode4.c.o
[3529/3632] Compiling C object app/dpdk-test.p/test_test_rand_perf.c.o
[3530/3632] Compiling C object app/dpdk-test.p/test_test_pie.c.o
[3531/3632] Compiling C object app/dpdk-test.p/test_test_power_cpufreq.c.o
[3532/3632] Compiling C object app/dpdk-test.p/test_test_ptr_compress.c.o
[3533/3632] Compiling C object app/dpdk-test.p/test_test_reciprocal_division_perf.c.o
[3534/3632] Compiling C object app/dpdk-test.p/test_test_pmd_ring_perf.c.o
[3535/3632] Compiling C object app/dpdk-test.p/test_test_pdcp.c.o
[3536/3632] Compiling C object app/dpdk-test.p/test_test_pmd_perf.c.o
[3537/3632] Compiling C object app/dpdk-test.p/test_test_rcu_qsbr_perf.c.o
[3538/3632] Compiling C object app/dpdk-test.p/test_test_mempool_perf.c.o
[3539/3632] Compiling C object app/dpdk-test.p/test_test_mbuf.c.o
[3540/3632] Compiling C object drivers/libtmp_rte_crypto_cnxk.a.p/crypto_cnxk_cn10k_cryptodev_ops.c.o
[3541/3632] Compiling C object app/dpdk-test.p/test_test_memcpy_perf.c.o
[3542/3632] Compiling C object app/dpdk-test.p/test_test_cryptodev.c.o
ninja: build stopped: subcommand failed.
==== End log output ====

Ubuntu 22.04
	Kernel: 5.15
	Compiler: gcc gcc (Ubuntu 11.4.0-1ubuntu1~22.04.2) 11.4.0

Ubuntu 20.04
	Kernel: 5.15
	Compiler: gcc gcc (Ubuntu 9.4.0-1ubuntu1~20.04.2) 9.4.0

To view detailed results, visit:
https://lab.dpdk.org/results/dashboard/patchsets/34499/

UNH-IOL DPDK Community Lab

To manage your email subscriptions, visit: 
https://lab.dpdk.org/results/dashboard/preferences/subscriptions/

^ permalink raw reply	[flat|nested] 29+ messages in thread

* |FAILURE| pw158484-158485 [PATCH] [2/2] test: add more tests for com
       [not found] <20251105210657.871310-3-stephen@networkplumber.org>
                   ` (20 preceding siblings ...)
  2025-11-07  3:21 ` |WARNING| " dpdklab
@ 2025-11-07  3:43 ` dpdklab
  2025-11-07  3:57 ` |WARNING| " dpdklab
                   ` (6 subsequent siblings)
  28 siblings, 0 replies; 29+ messages in thread
From: dpdklab @ 2025-11-07  3:43 UTC (permalink / raw)
  To: Test Report; +Cc: dpdk-test-reports, Stephen Hemminger

Test-Label: iol-compile-amd64-testing
Test-Status: FAILURE
http://dpdk.org/patch/158485

_Testing issues_

Submitter: Stephen Hemminger <stephen@networkplumber.org>
Date: Wednesday, November 05 2025 21:03:59 
DPDK git baseline: Repo:dpdk
  Branch: master
  CommitID:87f7895e470c13e13efd6762d701139d0987294a

158484-158485 --> testing issues

Upstream job id: Windows-Compile-DPDK-VS#7458

Test environment and result as below:

+-------------------------------+--------------------+------------------+-------------------+
|          Environment          | dpdk_meson_compile | dpdk_compile_ovs | dpdk_msvc_compile |
+===============================+====================+==================+===================+
| Ubuntu 20.04                  | FAIL               | SKIPPED          | SKIPPED           |
+-------------------------------+--------------------+------------------+-------------------+
| FreeBSD 14.2                  | PASS               | SKIPPED          | SKIPPED           |
+-------------------------------+--------------------+------------------+-------------------+
| CentOS Stream 9               | PASS               | SKIPPED          | SKIPPED           |
+-------------------------------+--------------------+------------------+-------------------+
| CentOS Stream 10              | PASS               | SKIPPED          | SKIPPED           |
+-------------------------------+--------------------+------------------+-------------------+
| Debian GNU/Linux 12           | PASS               | SKIPPED          | SKIPPED           |
+-------------------------------+--------------------+------------------+-------------------+
| Fedora Linux 42               | PASS               | PASS             | SKIPPED           |
+-------------------------------+--------------------+------------------+-------------------+
| Red Hat Enterprise Linux 8.10 | PASS               | SKIPPED          | SKIPPED           |
+-------------------------------+--------------------+------------------+-------------------+
| openSUSE Leap 15.6            | PASS               | SKIPPED          | SKIPPED           |
+-------------------------------+--------------------+------------------+-------------------+
| Red Hat Enterprise Linux 9.5  | PASS               | SKIPPED          | SKIPPED           |
+-------------------------------+--------------------+------------------+-------------------+
| Ubuntu 22.04                  | FAIL               | SKIPPED          | SKIPPED           |
+-------------------------------+--------------------+------------------+-------------------+
| Ubuntu 24.04                  | PASS               | WARN             | SKIPPED           |
+-------------------------------+--------------------+------------------+-------------------+
| Alpine Linux 3.22.0           | PASS               | SKIPPED          | SKIPPED           |
+-------------------------------+--------------------+------------------+-------------------+
| Windows Server 2022           | SKIPPED            | SKIPPED          | PASS              |
+-------------------------------+--------------------+------------------+-------------------+

==== 20 line log output for Ubuntu 24.04 (dpdk_compile_ovs): ====
 --- Failed to get log output --- 
==== End log output ====

Ubuntu 20.04
	Kernel: 4.19
	Compiler: gcc gcc (Ubuntu 9.4.0-1ubuntu1~20.04.2) 9.4.0

FreeBSD 14.2
	Kernel: 14.2-RELEASE
	Compiler: clang 18.1.6

CentOS Stream 9
	Kernel: 5.15
	Compiler: gcc gcc (GCC) 11.5.0 20240719 (Red Hat 11.5.0-11)

CentOS Stream 10
	Kernel: 5.15
	Compiler: gcc gcc (GCC) 14.2.1 20250110 (Red Hat 14.2.1-8)

Debian GNU/Linux 12
	Kernel: 5.15
	Compiler: gcc gcc (Debian 12.2.0-14+deb12u1) 12.2.0

Fedora Linux 42
	Kernel: 5.15
	Compiler: clang gcc (GCC) 15.2.1 20250808 (Red Hat 15.2.1-1)

Red Hat Enterprise Linux 8.10
	Kernel: 5.15
	Compiler: gcc gcc (GCC) 8.5.0 20210514 (Red Hat 8.5.0-22)

openSUSE Leap 15.6
	Kernel: 5.15
	Compiler: gcc gcc (SUSE Linux) 7.5.0

Red Hat Enterprise Linux 9.5
	Kernel: 5.15
	Compiler: gcc gcc (GCC) 11.5.0 20240719 (Red Hat 11.5.0-2)

Ubuntu 22.04
	Kernel: 5.15
	Compiler: gcc gcc (Ubuntu 11.4.0-1ubuntu1~22.04) 11.4.0

Ubuntu 24.04
	Kernel: 5.15
	Compiler: gcc gcc (Ubuntu 13.3.0-6ubuntu2~24.04) 13.3.0

Alpine Linux 3.22.0
	Kernel: 5.15
	Compiler: gcc gcc (Alpine 14.2.0) 14.2.0

Windows Server 2022
	Kernel: 10.0.20348.2031
	Compiler: clang 15.0.7, gcc 14.1.0 (MinGW), and MSVC VS 19.39.33521

To view detailed results, visit:
https://lab.dpdk.org/results/dashboard/patchsets/34499/

UNH-IOL DPDK Community Lab

To manage your email subscriptions, visit: 
https://lab.dpdk.org/results/dashboard/preferences/subscriptions/

^ permalink raw reply	[flat|nested] 29+ messages in thread

* |WARNING| pw158484-158485 [PATCH] [2/2] test: add more tests for com
       [not found] <20251105210657.871310-3-stephen@networkplumber.org>
                   ` (21 preceding siblings ...)
  2025-11-07  3:43 ` |FAILURE| " dpdklab
@ 2025-11-07  3:57 ` dpdklab
  2025-11-07  3:58 ` |FAILURE| " dpdklab
                   ` (5 subsequent siblings)
  28 siblings, 0 replies; 29+ messages in thread
From: dpdklab @ 2025-11-07  3:57 UTC (permalink / raw)
  To: Test Report; +Cc: dpdk-test-reports

Test-Label: iol-unit-amd64-testing
Test-Status: WARNING
http://dpdk.org/patch/158485

_Testing issues_

Submitter: Stephen Hemminger <stephen@networkplumber.org>
Date: Wednesday, November 05 2025 21:03:59 
DPDK git baseline: Repo:dpdk
  Branch: master
  CommitID:87f7895e470c13e13efd6762d701139d0987294a

158484-158485 --> testing issues

Upstream job id: Generic-VM-Unit-Test-DPDK#32367

Test environment and result as below:

+-------------------------------+----------------+
|          Environment          | dpdk_unit_test |
+===============================+================+
| Debian GNU/Linux 12           | PASS           |
+-------------------------------+----------------+
| CentOS Stream 9               | PASS           |
+-------------------------------+----------------+
| Fedora Linux 41               | PASS           |
+-------------------------------+----------------+
| CentOS Stream 10              | PASS           |
+-------------------------------+----------------+
| Fedora Linux 40               | PASS           |
+-------------------------------+----------------+
| Fedora Linux 42               | PASS           |
+-------------------------------+----------------+
| Red Hat Enterprise Linux 8.10 | PASS           |
+-------------------------------+----------------+
| Red Hat Enterprise Linux 9.5  | PASS           |
+-------------------------------+----------------+
| Ubuntu 20.04                  | WARN           |
+-------------------------------+----------------+
| Ubuntu 22.04                  | WARN           |
+-------------------------------+----------------+
| Ubuntu 24.04                  | WARN           |
+-------------------------------+----------------+
| Windows Server 2022           | PASS           |
+-------------------------------+----------------+

==== 20 line log output for Ubuntu 24.04 (dpdk_unit_test): ====
[3596/3607] Compiling C object app/dpdk-test.p/test_test_timer.c.o
[3597/3607] Compiling C object app/dpdk-test.p/test_test_timer_racecond.c.o
[3598/3607] Compiling C object app/dpdk-test.p/test_test_timer_secondary.c.o
[3599/3607] Compiling C object app/dpdk-test.p/test_test_trace.c.o
[3600/3607] Compiling C object app/dpdk-test.p/test_test_trace_register.c.o
[3601/3607] Compiling C object app/dpdk-test.p/test_test_vdev.c.o
[3602/3607] Compiling C object app/dpdk-test.p/test_test_trace_perf.c.o
[3603/3607] Compiling C object app/dpdk-test.p/test_test_version.c.o
[3604/3607] Compiling C object app/dpdk-test.p/test_virtual_pmd.c.o
[3605/3607] Compiling C object app/dpdk-test.p/test_test_pcapng.c.o
FAILED: app/dpdk-test.p/test_test_pcapng.c.o
ccache cc -Iapp/dpdk-test.p -Iapp -I../app -Ilib/cmdline -I../lib/cmdline -Ilib/eal/common -I../lib/eal/common -I. -I.. -Iconfig -I../config -Ilib/eal/include -I../lib/eal/include -Ilib/eal/linux/include -I../lib/eal/linux/include -Ilib/eal/x86/include -I../lib/eal/x86/include -I../kernel/linux -Ilib/eal -I../lib/eal -Ilib/kvargs -I../lib/kvargs -Ilib/log -I../lib/log -Ilib/metrics -I../lib/metrics -Ilib/telemetry -I../lib/telemetry -Ilib/argparse -I../lib/argparse -Ilib/net -I../lib/net -Ilib/mbuf -I../lib/mbuf -Ilib/mempool -I../lib/mempool -Ilib/ring -I../lib/ring -Idrivers/net/ring -I../drivers/net/ring -Ilib/ethdev -I../lib/ethdev -Ilib/meter -I../lib/meter -Idrivers/bus/pci -I../drivers/bus/pci -I../drivers/bus/pci/linux -Ilib/pci -I../lib/pci -Idrivers/bus/vdev -I../drivers/bus/vdev -Ilib/acl -I../lib/acl -Ilib/hash -I../lib/hash -Ilib/rcu -I../lib/rcu -Ilib/bitratestats -I../lib/bitratestats -Ilib/bpf -I../lib/bpf -Ilib/cfgfile -I../lib/cfgfile -Ilib/compressdev -I../lib/comp
 ressdev -Ilib/cryptodev -I../lib/cryptodev -Ilib/security -I../lib/security -Ilib/dispatcher -I../lib/dispatcher -Ilib/eventdev -I../lib/eventdev -Ilib/timer -I../lib/timer -Ilib/dmadev -I../lib/dmadev -Ilib/distributor -I../lib/distributor -Ilib/efd -I../lib/efd -Ilib/fib -I../lib/fib -Ilib/rib -I../lib/rib -Ilib/table -I../lib/table -Ilib/port -I../lib/port -Ilib/sched -I../lib/sched -Ilib/ip_frag -I../lib/ip_frag -Ilib/lpm -I../lib/lpm -Ilib/graph -I../lib/graph -Ilib/pcapng -I../lib/pcapng -Ilib/ipsec -I../lib/ipsec -Ilib/latencystats -I../lib/latencystats -Idrivers/net/bonding -I../drivers/net/bonding -Ilib/member -I../lib/member -Ilib/pdcp -I../lib/pdcp -Ilib/reorder -I../lib/reorder -Ilib/pdump -I../lib/pdump -Ilib/pmu -I../lib/pmu -Ilib/power -I../lib/power -Idrivers/power/acpi -I../drivers/power/acpi -Idrivers/power/kvm_vm -I../drivers/power/kvm_vm -Idrivers/power/intel_pstate -I../drivers/power/intel_pstate -Idrivers/power/amd_pstate -I../drivers/power/amd_pstate -Idrivers
 /power/cppc -I../drivers/power/cppc -Idrivers/power/intel_uncore -I../drivers/power/intel_uncore -Ilib/ptr_compress -I../lib/ptr_compress -Ilib/rawdev -I../lib/rawdev -Idrivers/raw/skeleton -I../drivers/raw/skeleton -Ilib/stack -I../lib/stack -Ilib/pipeline -I../lib/pipeline -Idrivers/crypto/scheduler -I../drivers/crypto/scheduler -Iapp/test/test_cfgfiles -I/usr/include/dbus-1.0 -I/usr/lib/x86_64-linux-gnu/dbus-1.0/include -I/usr/include/libnl3 -fdiagnostics-color=always -pipe -D_FILE_OFFSET_BITS=64 -Wall -Winvalid-pch -Wextra -Werror -std=c11 -O3 -include rte_config.h -Wvla -Wcast-qual -Wdeprecated -Wformat -Wformat-nonliteral -Wformat-security -Wmissing-declarations -Wmissing-prototypes -Wnested-externs -Wold-style-definition -Wpointer-arith -Wsign-compare -Wstrict-prototypes -Wundef -Wwrite-strings -Wno-packed-not-aligned -Wno-missing-field-initializers -D_GNU_SOURCE -march=native -mrtm -DALLOW_EXPERIMENTAL_API -Wno-vla -fno-strict-aliasing -Wno-format-truncation -DALLOW_INTERNAL
 _API -MD -MQ app/dpdk-test.p/test_test_pcapng.c.o -MF app/dpdk-test.p/test_test_pcapng.c.o.d -o app/dpdk-test.p/test_test_pcapng.c.o -c ../app/test/test_pcapng.c
../app/test/test_pcapng.c: In function 'fill_pcapng_file':
../app/test/test_pcapng.c:169:33: error: ignoring return value of 'asprintf' declared with attribute 'warn_unused_result' [-Werror=unused-result]
169 |                                 asprintf(&comment, "Function: %s\nPacket %u\n",
|                                 ^~~~~~~~~~~~~~~~~~~~~~~~~~~~~~~~~~~~~~~~~~~~~~~
170 |                                          __func__, count + i);
|                                          ~~~~~~~~~~~~~~~~~~~~
cc1: all warnings being treated as errors
ninja: build stopped: subcommand failed.
==== End log output ====

Debian GNU/Linux 12
	Kernel: 5.15
	Compiler: gcc gcc (Debian 12.2.0-14+deb12u1) 12.2.0

CentOS Stream 9
	Kernel: 5.15
	Compiler: gcc gcc (GCC) 11.5.0 20240719 (Red Hat 11.5.0-11)

Fedora Linux 41
	Kernel: 5.15
	Compiler: gcc gcc (GCC) 14.3.1 20250523 (Red Hat 14.3.1-1)

CentOS Stream 10
	Kernel: 5.15
	Compiler: gcc gcc (GCC) 14.2.1 20250110 (Red Hat 14.2.1-8)

Fedora Linux 40
	Kernel: 5.15
	Compiler: clang gcc (GCC) 14.2.1 20240912 (Red Hat 14.2.1-3)

Fedora Linux 42
	Kernel: 5.15
	Compiler: clang gcc (GCC) 15.2.1 20250808 (Red Hat 15.2.1-1)

Red Hat Enterprise Linux 8.10
	Kernel: 5.15
	Compiler: gcc gcc (GCC) 8.5.0 20210514 (Red Hat 8.5.0-22)

Red Hat Enterprise Linux 9.5
	Kernel: 5.15
	Compiler: gcc gcc (GCC) 11.5.0 20240719 (Red Hat 11.5.0-2)

Ubuntu 20.04
	Kernel: 5.15
	Compiler: gcc gcc (Ubuntu 9.4.0-1ubuntu1~20.04.2) 9.4.0

Ubuntu 22.04
	Kernel: 5.15
	Compiler: gcc gcc (Ubuntu 11.4.0-1ubuntu1~22.04) 11.4.0

Ubuntu 24.04
	Kernel: 5.15
	Compiler: gcc gcc (Ubuntu 13.3.0-6ubuntu2~24.04) 13.3.0

Windows Server 2022
	Kernel: 10.0.20348.2031
	Compiler: clang 15.0.7, gcc 14.1.0 (MinGW), and MSVC VS 19.39.33521

To view detailed results, visit:
https://lab.dpdk.org/results/dashboard/patchsets/34499/

UNH-IOL DPDK Community Lab

To manage your email subscriptions, visit: 
https://lab.dpdk.org/results/dashboard/preferences/subscriptions/

^ permalink raw reply	[flat|nested] 29+ messages in thread

* |FAILURE| pw158484-158485 [PATCH] [2/2] test: add more tests for com
       [not found] <20251105210657.871310-3-stephen@networkplumber.org>
                   ` (22 preceding siblings ...)
  2025-11-07  3:57 ` |WARNING| " dpdklab
@ 2025-11-07  3:58 ` dpdklab
  2025-11-07  4:15 ` |SUCCESS| " dpdklab
                   ` (4 subsequent siblings)
  28 siblings, 0 replies; 29+ messages in thread
From: dpdklab @ 2025-11-07  3:58 UTC (permalink / raw)
  To: Test Report; +Cc: dpdk-test-reports, Stephen Hemminger

Test-Label: iol-unit-amd64-testing
Test-Status: FAILURE
http://dpdk.org/patch/158485

_Testing issues_

Submitter: Stephen Hemminger <stephen@networkplumber.org>
Date: Wednesday, November 05 2025 21:03:59 
DPDK git baseline: Repo:dpdk
  Branch: master
  CommitID:87f7895e470c13e13efd6762d701139d0987294a

158484-158485 --> testing issues

Upstream job id: Generic-VM-Unit-Test-DPDK#32368

Test environment and result as below:

+-------------------------------+----------------+
|          Environment          | dpdk_unit_test |
+===============================+================+
| Debian GNU/Linux 12           | PASS           |
+-------------------------------+----------------+
| CentOS Stream 9               | PASS           |
+-------------------------------+----------------+
| Fedora Linux 41               | PASS           |
+-------------------------------+----------------+
| CentOS Stream 10              | PASS           |
+-------------------------------+----------------+
| Fedora Linux 40               | PASS           |
+-------------------------------+----------------+
| Fedora Linux 42               | PASS           |
+-------------------------------+----------------+
| Red Hat Enterprise Linux 8.10 | PASS           |
+-------------------------------+----------------+
| Red Hat Enterprise Linux 9.5  | PASS           |
+-------------------------------+----------------+
| Ubuntu 20.04                  | FAIL           |
+-------------------------------+----------------+
| Ubuntu 22.04                  | WARN           |
+-------------------------------+----------------+
| Ubuntu 24.04                  | WARN           |
+-------------------------------+----------------+
| Windows Server 2022           | PASS           |
+-------------------------------+----------------+

==== 20 line log output for Ubuntu 24.04 (dpdk_unit_test): ====
[3596/3607] Compiling C object app/dpdk-test.p/test_test_timer.c.o
[3597/3607] Compiling C object app/dpdk-test.p/test_test_timer_racecond.c.o
[3598/3607] Compiling C object app/dpdk-test.p/test_test_timer_secondary.c.o
[3599/3607] Compiling C object app/dpdk-test.p/test_test_trace.c.o
[3600/3607] Compiling C object app/dpdk-test.p/test_test_trace_register.c.o
[3601/3607] Compiling C object app/dpdk-test.p/test_test_vdev.c.o
[3602/3607] Compiling C object app/dpdk-test.p/test_test_trace_perf.c.o
[3603/3607] Compiling C object app/dpdk-test.p/test_test_version.c.o
[3604/3607] Compiling C object app/dpdk-test.p/test_virtual_pmd.c.o
[3605/3607] Compiling C object app/dpdk-test.p/test_test_pcapng.c.o
FAILED: app/dpdk-test.p/test_test_pcapng.c.o
ccache cc -Iapp/dpdk-test.p -Iapp -I../app -Ilib/cmdline -I../lib/cmdline -Ilib/eal/common -I../lib/eal/common -I. -I.. -Iconfig -I../config -Ilib/eal/include -I../lib/eal/include -Ilib/eal/linux/include -I../lib/eal/linux/include -Ilib/eal/x86/include -I../lib/eal/x86/include -I../kernel/linux -Ilib/eal -I../lib/eal -Ilib/kvargs -I../lib/kvargs -Ilib/log -I../lib/log -Ilib/metrics -I../lib/metrics -Ilib/telemetry -I../lib/telemetry -Ilib/argparse -I../lib/argparse -Ilib/net -I../lib/net -Ilib/mbuf -I../lib/mbuf -Ilib/mempool -I../lib/mempool -Ilib/ring -I../lib/ring -Idrivers/net/ring -I../drivers/net/ring -Ilib/ethdev -I../lib/ethdev -Ilib/meter -I../lib/meter -Idrivers/bus/pci -I../drivers/bus/pci -I../drivers/bus/pci/linux -Ilib/pci -I../lib/pci -Idrivers/bus/vdev -I../drivers/bus/vdev -Ilib/acl -I../lib/acl -Ilib/hash -I../lib/hash -Ilib/rcu -I../lib/rcu -Ilib/bitratestats -I../lib/bitratestats -Ilib/bpf -I../lib/bpf -Ilib/cfgfile -I../lib/cfgfile -Ilib/compressdev -I../lib/comp
 ressdev -Ilib/cryptodev -I../lib/cryptodev -Ilib/security -I../lib/security -Ilib/dispatcher -I../lib/dispatcher -Ilib/eventdev -I../lib/eventdev -Ilib/timer -I../lib/timer -Ilib/dmadev -I../lib/dmadev -Ilib/distributor -I../lib/distributor -Ilib/efd -I../lib/efd -Ilib/fib -I../lib/fib -Ilib/rib -I../lib/rib -Ilib/table -I../lib/table -Ilib/port -I../lib/port -Ilib/sched -I../lib/sched -Ilib/ip_frag -I../lib/ip_frag -Ilib/lpm -I../lib/lpm -Ilib/graph -I../lib/graph -Ilib/pcapng -I../lib/pcapng -Ilib/ipsec -I../lib/ipsec -Ilib/latencystats -I../lib/latencystats -Idrivers/net/bonding -I../drivers/net/bonding -Ilib/member -I../lib/member -Ilib/pdcp -I../lib/pdcp -Ilib/reorder -I../lib/reorder -Ilib/pdump -I../lib/pdump -Ilib/pmu -I../lib/pmu -Ilib/power -I../lib/power -Idrivers/power/acpi -I../drivers/power/acpi -Idrivers/power/kvm_vm -I../drivers/power/kvm_vm -Idrivers/power/intel_pstate -I../drivers/power/intel_pstate -Idrivers/power/amd_pstate -I../drivers/power/amd_pstate -Idrivers
 /power/cppc -I../drivers/power/cppc -Idrivers/power/intel_uncore -I../drivers/power/intel_uncore -Ilib/ptr_compress -I../lib/ptr_compress -Ilib/rawdev -I../lib/rawdev -Idrivers/raw/skeleton -I../drivers/raw/skeleton -Ilib/stack -I../lib/stack -Ilib/pipeline -I../lib/pipeline -Idrivers/crypto/scheduler -I../drivers/crypto/scheduler -Iapp/test/test_cfgfiles -I/usr/include/dbus-1.0 -I/usr/lib/x86_64-linux-gnu/dbus-1.0/include -I/usr/include/libnl3 -fdiagnostics-color=always -pipe -D_FILE_OFFSET_BITS=64 -Wall -Winvalid-pch -Wextra -Werror -std=c11 -O3 -include rte_config.h -Wvla -Wcast-qual -Wdeprecated -Wformat -Wformat-nonliteral -Wformat-security -Wmissing-declarations -Wmissing-prototypes -Wnested-externs -Wold-style-definition -Wpointer-arith -Wsign-compare -Wstrict-prototypes -Wundef -Wwrite-strings -Wno-packed-not-aligned -Wno-missing-field-initializers -D_GNU_SOURCE -march=native -mrtm -DALLOW_EXPERIMENTAL_API -Wno-vla -fno-strict-aliasing -Wno-format-truncation -DALLOW_INTERNAL
 _API -MD -MQ app/dpdk-test.p/test_test_pcapng.c.o -MF app/dpdk-test.p/test_test_pcapng.c.o.d -o app/dpdk-test.p/test_test_pcapng.c.o -c ../app/test/test_pcapng.c
../app/test/test_pcapng.c: In function 'fill_pcapng_file':
../app/test/test_pcapng.c:169:33: error: ignoring return value of 'asprintf' declared with attribute 'warn_unused_result' [-Werror=unused-result]
169 |                                 asprintf(&comment, "Function: %s\nPacket %u\n",
|                                 ^~~~~~~~~~~~~~~~~~~~~~~~~~~~~~~~~~~~~~~~~~~~~~~
170 |                                          __func__, count + i);
|                                          ~~~~~~~~~~~~~~~~~~~~
cc1: all warnings being treated as errors
ninja: build stopped: subcommand failed.
==== End log output ====

Debian GNU/Linux 12
	Kernel: 5.15
	Compiler: gcc gcc (Debian 12.2.0-14+deb12u1) 12.2.0

CentOS Stream 9
	Kernel: 5.15
	Compiler: gcc gcc (GCC) 11.5.0 20240719 (Red Hat 11.5.0-11)

Fedora Linux 41
	Kernel: 5.15
	Compiler: gcc gcc (GCC) 14.3.1 20250523 (Red Hat 14.3.1-1)

CentOS Stream 10
	Kernel: 5.15
	Compiler: gcc gcc (GCC) 14.2.1 20250110 (Red Hat 14.2.1-8)

Fedora Linux 40
	Kernel: 5.15
	Compiler: clang gcc (GCC) 14.2.1 20240912 (Red Hat 14.2.1-3)

Fedora Linux 42
	Kernel: 5.15
	Compiler: clang gcc (GCC) 15.2.1 20250808 (Red Hat 15.2.1-1)

Red Hat Enterprise Linux 8.10
	Kernel: 5.15
	Compiler: gcc gcc (GCC) 8.5.0 20210514 (Red Hat 8.5.0-22)

Red Hat Enterprise Linux 9.5
	Kernel: 5.15
	Compiler: gcc gcc (GCC) 11.5.0 20240719 (Red Hat 11.5.0-2)

Ubuntu 20.04
	Kernel: 5.15
	Compiler: gcc gcc (Ubuntu 9.4.0-1ubuntu1~20.04.2) 9.4.0

Ubuntu 22.04
	Kernel: 5.15
	Compiler: gcc gcc (Ubuntu 11.4.0-1ubuntu1~22.04) 11.4.0

Ubuntu 24.04
	Kernel: 5.15
	Compiler: gcc gcc (Ubuntu 13.3.0-6ubuntu2~24.04) 13.3.0

Windows Server 2022
	Kernel: 10.0.20348.2031
	Compiler: clang 15.0.7, gcc 14.1.0 (MinGW), and MSVC VS 19.39.33521

To view detailed results, visit:
https://lab.dpdk.org/results/dashboard/patchsets/34499/

UNH-IOL DPDK Community Lab

To manage your email subscriptions, visit: 
https://lab.dpdk.org/results/dashboard/preferences/subscriptions/

^ permalink raw reply	[flat|nested] 29+ messages in thread

* |SUCCESS| pw158484-158485 [PATCH] [2/2] test: add more tests for com
       [not found] <20251105210657.871310-3-stephen@networkplumber.org>
                   ` (23 preceding siblings ...)
  2025-11-07  3:58 ` |FAILURE| " dpdklab
@ 2025-11-07  4:15 ` dpdklab
  2025-11-07  4:38 ` dpdklab
                   ` (3 subsequent siblings)
  28 siblings, 0 replies; 29+ messages in thread
From: dpdklab @ 2025-11-07  4:15 UTC (permalink / raw)
  To: Test Report; +Cc: dpdk-test-reports

Test-Label: iol-broadcom-Performance
Test-Status: SUCCESS
http://dpdk.org/patch/158485

_Performance Testing PASS_

Submitter: Stephen Hemminger <stephen@networkplumber.org>
Date: Wednesday, November 05 2025 21:03:59 
DPDK git baseline: Repo:dpdk
  Branch: master
  CommitID:87f7895e470c13e13efd6762d701139d0987294a

158484-158485 --> performance testing pass

Upstream job id: Template-DTS-Pipeline#253429

Test environment and result as below:

Ubuntu 22.04
Kernel: 5.15
Compiler: gcc gcc (Ubuntu 11.4.0-1ubuntu1~22.04) 11.4.0
NIC: Broadcom Inc. and subsidiaries BCM57414 NetXtreme-E 10Gb/25Gb RDMA Ethernet Controller 16d7 25 Mbps
Fail/Total: 0/3

Detail performance results: 
+------------+---------+----------+-------------+------------------------------+
| frame_size | txd/rxd | num_cpus | num_threads |  throughput difference from  |
|            |         |          |             |           expected           |
+============+=========+==========+=============+==============================+
| 64         | 128     | 1        | 1           | 0.2%                         |
+------------+---------+----------+-------------+------------------------------+
| 64         | 512     | 1        | 1           | 1.0%                         |
+------------+---------+----------+-------------+------------------------------+
| 64         | 2048    | 1        | 1           | 0.9%                         |
+------------+---------+----------+-------------+------------------------------+

Ubuntu 22.04
Kernel: 5.15
Compiler: gcc gcc (Ubuntu 11.4.0-1ubuntu1~22.04.2) 11.4.0
NIC: Arm Broadcom Inc. brcm_57414 25000 Mbps
Fail/Total: 0/2

Detail performance results: 
+------------+---------+----------+-------------+------------------------------+
| frame_size | txd/rxd | num_cpus | num_threads |  throughput difference from  |
|            |         |          |             |           expected           |
+============+=========+==========+=============+==============================+
| 64         | 512     | 1        | 1           | 0.3%                         |
+------------+---------+----------+-------------+------------------------------+
| 64         | 2048    | 1        | 1           | 0.1%                         |
+------------+---------+----------+-------------+------------------------------+

To view detailed results, visit:
https://lab.dpdk.org/results/dashboard/patchsets/34499/

UNH-IOL DPDK Community Lab

To manage your email subscriptions, visit: 
https://lab.dpdk.org/results/dashboard/preferences/subscriptions/

^ permalink raw reply	[flat|nested] 29+ messages in thread

* |SUCCESS| pw158484-158485 [PATCH] [2/2] test: add more tests for com
       [not found] <20251105210657.871310-3-stephen@networkplumber.org>
                   ` (24 preceding siblings ...)
  2025-11-07  4:15 ` |SUCCESS| " dpdklab
@ 2025-11-07  4:38 ` dpdklab
  2025-11-07  6:14 ` |FAILURE| " dpdklab
                   ` (2 subsequent siblings)
  28 siblings, 0 replies; 29+ messages in thread
From: dpdklab @ 2025-11-07  4:38 UTC (permalink / raw)
  To: Test Report; +Cc: dpdk-test-reports

Test-Label: iol-intel-Functional
Test-Status: SUCCESS
http://dpdk.org/patch/158485

_Functional Testing PASS_

Submitter: Stephen Hemminger <stephen@networkplumber.org>
Date: Wednesday, November 05 2025 21:03:59 
DPDK git baseline: Repo:dpdk
  Branch: master
  CommitID:87f7895e470c13e13efd6762d701139d0987294a

158484-158485 --> functional testing pass

Upstream job id: Template-DTS-Pipeline#253433

Test environment and result as below:

Ubuntu 24.04
Kernel: 6.8
Compiler: gcc gcc (Ubuntu 13.3.0-6ubuntu2~24.04) 13.3.0
NIC: Intel E810 (Arm Grace Server) 100000 Mbps

Aggregate Results by Test Suite
+------------+--------+
| Test Suite | Result |
+============+========+
| blocklist  |  PASS  |
+------------+--------+
| uni_pkt    |  PASS  |
+------------+--------+


Ubuntu 24.04 LTS
Kernel: 6.8.0-44-generic
Compiler: gcc 13.2.0
NIC: Intel Corporation Ethernet Controller XL710 for 40GbE QSFP+ 40 Mbps

Aggregate Results by Test Suite
+--------------------+--------+
|     Test Suite     | Result |
+====================+========+
| blocklist          |  PASS  |
+--------------------+--------+
| uni_pkt            |  PASS  |
+--------------------+--------+
| promisc_support    |  PASS  |
+--------------------+--------+
| dynamic_queue_conf |  PASS  |
+--------------------+--------+
| hello_world        |  PASS  |
+--------------------+--------+
| l2fwd              |  PASS  |
+--------------------+--------+
| softnic            |  PASS  |
+--------------------+--------+


Ubuntu 24.04
Kernel: 6.8
Compiler: gcc gcc (Ubuntu 13.3.0-6ubuntu2~24.04) 13.3.0
NIC: Intel Corporation 4xxx Series QAT 0 Mbps

Aggregate Results by Test Suite
+----------------------------+--------+
|         Test Suite         | Result |
+============================+========+
| crypto_perf_cryptodev_perf |  PASS  |
+----------------------------+--------+


Ubuntu 22.04
Kernel: 5.15
Compiler: gcc gcc (Ubuntu 11.4.0-1ubuntu1~22.04.2) 11.4.0
NIC: Intel Corporation QAT 8970 0 Mbps

Aggregate Results by Test Suite
+----------------------------+--------+
|         Test Suite         | Result |
+============================+========+
| crypto_perf_cryptodev_perf |  PASS  |
+----------------------------+--------+


Ubuntu 20.04
Kernel: 5.4
Compiler: gcc gcc (Ubuntu 9.4.0-1ubuntu1~20.04.1) 9.4.0
NIC: Intel Corporation Ethernet Converged Network Adapter XL710-QDA2 40000 Mbps

Aggregate Results by Test Suite
+-----------------------------+--------+
|         Test Suite          | Result |
+=============================+========+
| unit_tests_mbuf             |  PASS  |
+-----------------------------+--------+
| vhost_virtio_user_interrupt |  PASS  |
+-----------------------------+--------+
| virtio_smoke                |  PASS  |
+-----------------------------+--------+


To view detailed results, visit:
https://lab.dpdk.org/results/dashboard/patchsets/34499/

UNH-IOL DPDK Community Lab

To manage your email subscriptions, visit: 
https://lab.dpdk.org/results/dashboard/preferences/subscriptions/

^ permalink raw reply	[flat|nested] 29+ messages in thread

* |FAILURE| pw158484-158485 [PATCH] [2/2] test: add more tests for com
       [not found] <20251105210657.871310-3-stephen@networkplumber.org>
                   ` (25 preceding siblings ...)
  2025-11-07  4:38 ` dpdklab
@ 2025-11-07  6:14 ` dpdklab
  2025-11-07  6:17 ` dpdklab
  2025-11-07  7:32 ` dpdklab
  28 siblings, 0 replies; 29+ messages in thread
From: dpdklab @ 2025-11-07  6:14 UTC (permalink / raw)
  To: Test Report; +Cc: dpdk-test-reports, Stephen Hemminger

Test-Label: iol-compile-amd64-testing
Test-Status: FAILURE
http://dpdk.org/patch/158485

_Testing issues_

Submitter: Stephen Hemminger <stephen@networkplumber.org>
Date: Wednesday, November 05 2025 21:03:59 
DPDK git baseline: Repo:dpdk
  Branch: master
  CommitID:87f7895e470c13e13efd6762d701139d0987294a

158484-158485 --> testing issues

Upstream job id: Windows-Compile-DPDK-Native#32193

Test environment and result as below:

+-------------------------------+--------------------+------------------+-------------------+-------------------------+
|          Environment          | dpdk_meson_compile | dpdk_compile_ovs | dpdk_msvc_compile | dpdk_llvm_clang_compile |
+===============================+====================+==================+===================+=========================+
| Ubuntu 20.04                  | FAIL               | SKIPPED          | SKIPPED           | SKIPPED                 |
+-------------------------------+--------------------+------------------+-------------------+-------------------------+
| FreeBSD 14.2                  | PASS               | SKIPPED          | SKIPPED           | SKIPPED                 |
+-------------------------------+--------------------+------------------+-------------------+-------------------------+
| CentOS Stream 9               | PASS               | SKIPPED          | SKIPPED           | SKIPPED                 |
+-------------------------------+--------------------+------------------+-------------------+-------------------------+
| CentOS Stream 10              | PASS               | SKIPPED          | SKIPPED           | SKIPPED                 |
+-------------------------------+--------------------+------------------+-------------------+-------------------------+
| Debian GNU/Linux 12           | PASS               | SKIPPED          | SKIPPED           | SKIPPED                 |
+-------------------------------+--------------------+------------------+-------------------+-------------------------+
| Fedora Linux 42               | PASS               | PASS             | SKIPPED           | SKIPPED                 |
+-------------------------------+--------------------+------------------+-------------------+-------------------------+
| Red Hat Enterprise Linux 8.10 | PASS               | SKIPPED          | SKIPPED           | SKIPPED                 |
+-------------------------------+--------------------+------------------+-------------------+-------------------------+
| openSUSE Leap 15.6            | PASS               | SKIPPED          | SKIPPED           | SKIPPED                 |
+-------------------------------+--------------------+------------------+-------------------+-------------------------+
| Red Hat Enterprise Linux 9.5  | PASS               | SKIPPED          | SKIPPED           | SKIPPED                 |
+-------------------------------+--------------------+------------------+-------------------+-------------------------+
| Ubuntu 22.04                  | FAIL               | SKIPPED          | SKIPPED           | SKIPPED                 |
+-------------------------------+--------------------+------------------+-------------------+-------------------------+
| Ubuntu 24.04                  | PASS               | WARN             | SKIPPED           | SKIPPED                 |
+-------------------------------+--------------------+------------------+-------------------+-------------------------+
| Alpine Linux 3.22.0           | PASS               | SKIPPED          | SKIPPED           | SKIPPED                 |
+-------------------------------+--------------------+------------------+-------------------+-------------------------+
| Windows Server 2022           | SKIPPED            | SKIPPED          | PASS              | PASS                    |
+-------------------------------+--------------------+------------------+-------------------+-------------------------+

==== 20 line log output for Ubuntu 24.04 (dpdk_compile_ovs): ====
 --- Failed to get log output --- 
==== End log output ====

Ubuntu 20.04
	Kernel: 4.19
	Compiler: gcc gcc (Ubuntu 9.4.0-1ubuntu1~20.04.2) 9.4.0

FreeBSD 14.2
	Kernel: 14.2-RELEASE
	Compiler: clang 18.1.6

CentOS Stream 9
	Kernel: 5.15
	Compiler: gcc gcc (GCC) 11.5.0 20240719 (Red Hat 11.5.0-11)

CentOS Stream 10
	Kernel: 5.15
	Compiler: gcc gcc (GCC) 14.2.1 20250110 (Red Hat 14.2.1-8)

Debian GNU/Linux 12
	Kernel: 5.15
	Compiler: gcc gcc (Debian 12.2.0-14+deb12u1) 12.2.0

Fedora Linux 42
	Kernel: 5.15
	Compiler: clang gcc (GCC) 15.2.1 20250808 (Red Hat 15.2.1-1)

Red Hat Enterprise Linux 8.10
	Kernel: 5.15
	Compiler: gcc gcc (GCC) 8.5.0 20210514 (Red Hat 8.5.0-22)

openSUSE Leap 15.6
	Kernel: 5.15
	Compiler: gcc gcc (SUSE Linux) 7.5.0

Red Hat Enterprise Linux 9.5
	Kernel: 5.15
	Compiler: gcc gcc (GCC) 11.5.0 20240719 (Red Hat 11.5.0-2)

Ubuntu 22.04
	Kernel: 5.15
	Compiler: gcc gcc (Ubuntu 11.4.0-1ubuntu1~22.04) 11.4.0

Ubuntu 24.04
	Kernel: 5.15
	Compiler: gcc gcc (Ubuntu 13.3.0-6ubuntu2~24.04) 13.3.0

Alpine Linux 3.22.0
	Kernel: 5.15
	Compiler: gcc gcc (Alpine 14.2.0) 14.2.0

Windows Server 2022
	Kernel: 10.0.20348.2031
	Compiler: clang 15.0.7, gcc 14.1.0 (MinGW), and MSVC VS 19.39.33521

To view detailed results, visit:
https://lab.dpdk.org/results/dashboard/patchsets/34499/

UNH-IOL DPDK Community Lab

To manage your email subscriptions, visit: 
https://lab.dpdk.org/results/dashboard/preferences/subscriptions/

^ permalink raw reply	[flat|nested] 29+ messages in thread

* |FAILURE| pw158484-158485 [PATCH] [2/2] test: add more tests for com
       [not found] <20251105210657.871310-3-stephen@networkplumber.org>
                   ` (26 preceding siblings ...)
  2025-11-07  6:14 ` |FAILURE| " dpdklab
@ 2025-11-07  6:17 ` dpdklab
  2025-11-07  7:32 ` dpdklab
  28 siblings, 0 replies; 29+ messages in thread
From: dpdklab @ 2025-11-07  6:17 UTC (permalink / raw)
  To: Test Report; +Cc: dpdk-test-reports, Stephen Hemminger

Test-Label: iol-compile-amd64-testing
Test-Status: FAILURE
http://dpdk.org/patch/158485

_Testing issues_

Submitter: Stephen Hemminger <stephen@networkplumber.org>
Date: Wednesday, November 05 2025 21:03:59 
DPDK git baseline: Repo:dpdk
  Branch: master
  CommitID:87f7895e470c13e13efd6762d701139d0987294a

158484-158485 --> testing issues

Upstream job id: Windows-Compile-DPDK-Native#32194

Test environment and result as below:

+-------------------------------+--------------------+------------------+-------------------+-------------------------+----------------------+
|          Environment          | dpdk_meson_compile | dpdk_compile_ovs | dpdk_msvc_compile | dpdk_llvm_clang_compile | dpdk_mingw64_compile |
+===============================+====================+==================+===================+=========================+======================+
| Ubuntu 20.04                  | FAIL               | SKIPPED          | SKIPPED           | SKIPPED                 | SKIPPED              |
+-------------------------------+--------------------+------------------+-------------------+-------------------------+----------------------+
| FreeBSD 14.2                  | PASS               | SKIPPED          | SKIPPED           | SKIPPED                 | SKIPPED              |
+-------------------------------+--------------------+------------------+-------------------+-------------------------+----------------------+
| CentOS Stream 9               | PASS               | SKIPPED          | SKIPPED           | SKIPPED                 | SKIPPED              |
+-------------------------------+--------------------+------------------+-------------------+-------------------------+----------------------+
| CentOS Stream 10              | PASS               | SKIPPED          | SKIPPED           | SKIPPED                 | SKIPPED              |
+-------------------------------+--------------------+------------------+-------------------+-------------------------+----------------------+
| Debian GNU/Linux 12           | PASS               | SKIPPED          | SKIPPED           | SKIPPED                 | SKIPPED              |
+-------------------------------+--------------------+------------------+-------------------+-------------------------+----------------------+
| Fedora Linux 42               | PASS               | PASS             | SKIPPED           | SKIPPED                 | SKIPPED              |
+-------------------------------+--------------------+------------------+-------------------+-------------------------+----------------------+
| Red Hat Enterprise Linux 8.10 | PASS               | SKIPPED          | SKIPPED           | SKIPPED                 | SKIPPED              |
+-------------------------------+--------------------+------------------+-------------------+-------------------------+----------------------+
| openSUSE Leap 15.6            | PASS               | SKIPPED          | SKIPPED           | SKIPPED                 | SKIPPED              |
+-------------------------------+--------------------+------------------+-------------------+-------------------------+----------------------+
| Red Hat Enterprise Linux 9.5  | PASS               | SKIPPED          | SKIPPED           | SKIPPED                 | SKIPPED              |
+-------------------------------+--------------------+------------------+-------------------+-------------------------+----------------------+
| Ubuntu 22.04                  | FAIL               | SKIPPED          | SKIPPED           | SKIPPED                 | SKIPPED              |
+-------------------------------+--------------------+------------------+-------------------+-------------------------+----------------------+
| Ubuntu 24.04                  | PASS               | WARN             | SKIPPED           | SKIPPED                 | SKIPPED              |
+-------------------------------+--------------------+------------------+-------------------+-------------------------+----------------------+
| Alpine Linux 3.22.0           | PASS               | SKIPPED          | SKIPPED           | SKIPPED                 | SKIPPED              |
+-------------------------------+--------------------+------------------+-------------------+-------------------------+----------------------+
| Windows Server 2022           | SKIPPED            | SKIPPED          | PASS              | PASS                    | PASS                 |
+-------------------------------+--------------------+------------------+-------------------+-------------------------+----------------------+

==== 20 line log output for Ubuntu 24.04 (dpdk_compile_ovs): ====
 --- Failed to get log output --- 
==== End log output ====

Ubuntu 20.04
	Kernel: 4.19
	Compiler: gcc gcc (Ubuntu 9.4.0-1ubuntu1~20.04.2) 9.4.0

FreeBSD 14.2
	Kernel: 14.2-RELEASE
	Compiler: clang 18.1.6

CentOS Stream 9
	Kernel: 5.15
	Compiler: gcc gcc (GCC) 11.5.0 20240719 (Red Hat 11.5.0-11)

CentOS Stream 10
	Kernel: 5.15
	Compiler: gcc gcc (GCC) 14.2.1 20250110 (Red Hat 14.2.1-8)

Debian GNU/Linux 12
	Kernel: 5.15
	Compiler: gcc gcc (Debian 12.2.0-14+deb12u1) 12.2.0

Fedora Linux 42
	Kernel: 5.15
	Compiler: clang gcc (GCC) 15.2.1 20250808 (Red Hat 15.2.1-1)

Red Hat Enterprise Linux 8.10
	Kernel: 5.15
	Compiler: gcc gcc (GCC) 8.5.0 20210514 (Red Hat 8.5.0-22)

openSUSE Leap 15.6
	Kernel: 5.15
	Compiler: gcc gcc (SUSE Linux) 7.5.0

Red Hat Enterprise Linux 9.5
	Kernel: 5.15
	Compiler: gcc gcc (GCC) 11.5.0 20240719 (Red Hat 11.5.0-2)

Ubuntu 22.04
	Kernel: 5.15
	Compiler: gcc gcc (Ubuntu 11.4.0-1ubuntu1~22.04) 11.4.0

Ubuntu 24.04
	Kernel: 5.15
	Compiler: gcc gcc (Ubuntu 13.3.0-6ubuntu2~24.04) 13.3.0

Alpine Linux 3.22.0
	Kernel: 5.15
	Compiler: gcc gcc (Alpine 14.2.0) 14.2.0

Windows Server 2022
	Kernel: 10.0.20348.2031
	Compiler: clang 15.0.7, gcc 14.1.0 (MinGW), and MSVC VS 19.39.33521

To view detailed results, visit:
https://lab.dpdk.org/results/dashboard/patchsets/34499/

UNH-IOL DPDK Community Lab

To manage your email subscriptions, visit: 
https://lab.dpdk.org/results/dashboard/preferences/subscriptions/

^ permalink raw reply	[flat|nested] 29+ messages in thread

* |FAILURE| pw158484-158485 [PATCH] [2/2] test: add more tests for com
       [not found] <20251105210657.871310-3-stephen@networkplumber.org>
                   ` (27 preceding siblings ...)
  2025-11-07  6:17 ` dpdklab
@ 2025-11-07  7:32 ` dpdklab
  28 siblings, 0 replies; 29+ messages in thread
From: dpdklab @ 2025-11-07  7:32 UTC (permalink / raw)
  To: Test Report; +Cc: dpdk-test-reports, Stephen Hemminger

Test-Label: iol-compile-arm64-testing
Test-Status: FAILURE
http://dpdk.org/patch/158485

_Testing issues_

Submitter: Stephen Hemminger <stephen@networkplumber.org>
Date: Wednesday, November 05 2025 21:03:59 
DPDK git baseline: Repo:dpdk
  Branch: master
  CommitID:87f7895e470c13e13efd6762d701139d0987294a

158484-158485 --> testing issues

Upstream job id: Generic-DPDK-Compile-Meson#441789

Test environment and result as below:

+------------------------------+--------------------+
|         Environment          | dpdk_meson_compile |
+==============================+====================+
| Ubuntu 20.04                 | PASS               |
+------------------------------+--------------------+
| Red Hat Enterprise Linux 9.5 | PASS               |
+------------------------------+--------------------+
| Debian GNU/Linux 12          | PASS               |
+------------------------------+--------------------+
| Fedora Linux 42              | PASS               |
+------------------------------+--------------------+
| Ubuntu 22.04                 | FAIL               |
+------------------------------+--------------------+
| Ubuntu 24.04                 | FAIL               |
+------------------------------+--------------------+
| CentOS Stream 9              | PASS               |
+------------------------------+--------------------+
| CentOS Stream 10             | PASS               |
+------------------------------+--------------------+

==== 20 line log output for Ubuntu 24.04 (dpdk_meson_compile): ====
[3760/3844] Compiling C object app/dpdk-test.p/test_test_memory.c.o
[3761/3844] Compiling C object app/dpdk-test.p/test_test_mempool.c.o
[3762/3844] Compiling C object app/dpdk-test.p/test_test_mempool_perf.c.o
[3763/3844] Compiling C object app/dpdk-test.p/test_test_memzone.c.o
[3764/3844] Compiling C object app/dpdk-test.p/test_test_meter.c.o
[3765/3844] Compiling C object app/dpdk-test.p/test_test_metrics.c.o
[3766/3844] Compiling C object app/dpdk-test.p/test_test_mp_secondary.c.o
[3767/3844] Compiling C object app/dpdk-test.p/test_test_net_ether.c.o
[3768/3844] Compiling C object app/dpdk-test.p/test_test_net_ip6.c.o
[3769/3844] Compiling C object app/dpdk-test.p/test_test_pcapng.c.o
FAILED: app/dpdk-test.p/test_test_pcapng.c.o
ccache cc -Iapp/dpdk-test.p -Iapp -I../app -Ilib/cmdline -I../lib/cmdline -Ilib/eal/common -I../lib/eal/common -I. -I.. -Iconfig -I../config -Ilib/eal/include -I../lib/eal/include -Ilib/eal/linux/include -I../lib/eal/linux/include -Ilib/eal/arm/include -I../lib/eal/arm/include -I../kernel/linux -Ilib/eal -I../lib/eal -Ilib/kvargs -I../lib/kvargs -Ilib/log -I../lib/log -Ilib/metrics -I../lib/metrics -Ilib/telemetry -I../lib/telemetry -Ilib/argparse -I../lib/argparse -Ilib/net -I../lib/net -Ilib/mbuf -I../lib/mbuf -Ilib/mempool -I../lib/mempool -Ilib/ring -I../lib/ring -Idrivers/net/ring -I../drivers/net/ring -Ilib/ethdev -I../lib/ethdev -Ilib/meter -I../lib/meter -Idrivers/bus/pci -I../drivers/bus/pci -I../drivers/bus/pci/linux -Ilib/pci -I../lib/pci -Idrivers/bus/vdev -I../drivers/bus/vdev -Ilib/acl -I../lib/acl -Ilib/hash -I../lib/hash -Ilib/rcu -I../lib/rcu -Ilib/bitratestats -I../lib/bitratestats -Ilib/bpf -I../lib/bpf -Ilib/cfgfile -I../lib/cfgfile -Ilib/compressdev -I../lib/comp
 ressdev -Ilib/cryptodev -I../lib/cryptodev -Ilib/security -I../lib/security -Ilib/dispatcher -I../lib/dispatcher -Ilib/eventdev -I../lib/eventdev -Ilib/timer -I../lib/timer -Ilib/dmadev -I../lib/dmadev -Ilib/distributor -I../lib/distributor -Ilib/efd -I../lib/efd -Ilib/fib -I../lib/fib -Ilib/rib -I../lib/rib -Ilib/table -I../lib/table -Ilib/port -I../lib/port -Ilib/sched -I../lib/sched -Ilib/ip_frag -I../lib/ip_frag -Ilib/lpm -I../lib/lpm -Ilib/graph -I../lib/graph -Ilib/pcapng -I../lib/pcapng -Ilib/ipsec -I../lib/ipsec -Ilib/latencystats -I../lib/latencystats -Idrivers/net/bonding -I../drivers/net/bonding -Ilib/member -I../lib/member -Ilib/pdcp -I../lib/pdcp -Ilib/reorder -I../lib/reorder -Ilib/pdump -I../lib/pdump -Ilib/pmu -I../lib/pmu -Ilib/power -I../lib/power -Idrivers/power/acpi -I../drivers/power/acpi -Idrivers/power/kvm_vm -I../drivers/power/kvm_vm -Idrivers/power/intel_pstate -I../drivers/power/intel_pstate -Idrivers/power/amd_pstate -I../drivers/power/amd_pstate -Idrivers
 /power/cppc -I../drivers/power/cppc -Idrivers/power/intel_uncore -I../drivers/power/intel_uncore -Ilib/ptr_compress -I../lib/ptr_compress -Ilib/rawdev -I../lib/rawdev -Idrivers/raw/skeleton -I../drivers/raw/skeleton -Ilib/stack -I../lib/stack -Ilib/pipeline -I../lib/pipeline -Idrivers/crypto/scheduler -I../drivers/crypto/scheduler -Iapp/test/test_cfgfiles -I/usr/include/dbus-1.0 -I/usr/lib/aarch64-linux-gnu/dbus-1.0/include -I/usr/include/libnl3 -fdiagnostics-color=always -pipe -D_FILE_OFFSET_BITS=64 -Wall -Winvalid-pch -Wextra -Werror -std=c11 -O3 -include rte_config.h -Wvla -Wcast-qual -Wdeprecated -Wformat -Wformat-nonliteral -Wformat-security -Wmissing-declarations -Wmissing-prototypes -Wnested-externs -Wold-style-definition -Wpointer-arith -Wsign-compare -Wstrict-prototypes -Wundef -Wwrite-strings -Wno-packed-not-aligned -Wno-missing-field-initializers -D_GNU_SOURCE -march=armv8.1-a+crc+crypto -DALLOW_EXPERIMENTAL_API -Wno-vla -fno-strict-aliasing -Wno-format-truncation -DALLOW
 _INTERNAL_API -MD -MQ app/dpdk-test.p/test_test_pcapng.c.o -MF app/dpdk-test.p/test_test_pcapng.c.o.d -o app/dpdk-test.p/test_test_pcapng.c.o -c ../app/test/test_pcapng.c
../app/test/test_pcapng.c: In function 'fill_pcapng_file':
../app/test/test_pcapng.c:169:33: error: ignoring return value of 'asprintf' declared with attribute 'warn_unused_result' [-Werror=unused-result]
169 |                                 asprintf(&comment, "Function: %s\nPacket %u\n",
|                                 ^~~~~~~~~~~~~~~~~~~~~~~~~~~~~~~~~~~~~~~~~~~~~~~
170 |                                          __func__, count + i);
|                                          ~~~~~~~~~~~~~~~~~~~~
cc1: all warnings being treated as errors
ninja: build stopped: subcommand failed.
==== End log output ====

Ubuntu 20.04
	Kernel: 5.15
	Compiler: aarch64-linux-gnu-gcc gcc (Ubuntu 9.4.0-1ubuntu1~20.04.2) 9.4.0

Red Hat Enterprise Linux 9.5
	Kernel: 5.4
	Compiler: gcc gcc (GCC) 11.5.0 20240719 (Red Hat 11.5.0-2)

Debian GNU/Linux 12
	Kernel: 5.4
	Compiler: gcc gcc (Debian 12.2.0-14+deb12u1) 12.2.0

Fedora Linux 42
	Kernel: 5.4
	Compiler: clang gcc (GCC) 15.2.1 20250808 (Red Hat 15.2.1-1)

Ubuntu 22.04
	Kernel: 5.4
	Compiler: gcc gcc (Ubuntu 11.4.0-1ubuntu1~22.04) 11.4.0

Ubuntu 24.04
	Kernel: 5.4
	Compiler: gcc gcc (Ubuntu 13.3.0-6ubuntu2~24.04) 13.3.0

CentOS Stream 9
	Kernel: 5.4
	Compiler: gcc gcc (GCC) 11.5.0 20240719 (Red Hat 11.5.0-11)

CentOS Stream 10
	Kernel: 5.4
	Compiler: gcc gcc (GCC) 14.2.1 20250110 (Red Hat 14.2.1-8)

To view detailed results, visit:
https://lab.dpdk.org/results/dashboard/patchsets/34499/

UNH-IOL DPDK Community Lab

To manage your email subscriptions, visit: 
https://lab.dpdk.org/results/dashboard/preferences/subscriptions/

^ permalink raw reply	[flat|nested] 29+ messages in thread

end of thread, other threads:[~2025-11-07  7:32 UTC | newest]

Thread overview: 29+ messages (download: mbox.gz / follow: Atom feed)
-- links below jump to the message on this page --
     [not found] <20251105210657.871310-3-stephen@networkplumber.org>
2025-11-05 20:33 ` |SUCCESS| pw158484-158485 [PATCH 2/2] test: add more tests for comments qemudev
2025-11-05 20:38 ` qemudev
2025-11-05 21:07 ` |SUCCESS| pw158485 " checkpatch
2025-11-05 23:03 ` |FAILURE| " 0-day Robot
2025-11-07  0:13 ` |FAILURE| pw158484-158485 [PATCH] [2/2] test: add more tests for com dpdklab
2025-11-07  0:16 ` |SUCCESS| " dpdklab
2025-11-07  0:17 ` |FAILURE| " dpdklab
2025-11-07  0:21 ` |SUCCESS| " dpdklab
2025-11-07  0:28 ` dpdklab
2025-11-07  0:39 ` dpdklab
2025-11-07  0:53 ` dpdklab
2025-11-07  1:20 ` |PENDING| " dpdklab
2025-11-07  1:29 ` dpdklab
2025-11-07  1:41 ` dpdklab
2025-11-07  1:45 ` |FAILURE| " dpdklab
2025-11-07  1:56 ` |SUCCESS| " dpdklab
2025-11-07  1:58 ` |WARNING| " dpdklab
2025-11-07  2:07 ` dpdklab
2025-11-07  2:10 ` |SUCCESS| " dpdklab
2025-11-07  2:12 ` |FAILURE| " dpdklab
2025-11-07  3:21 ` |WARNING| " dpdklab
2025-11-07  3:43 ` |FAILURE| " dpdklab
2025-11-07  3:57 ` |WARNING| " dpdklab
2025-11-07  3:58 ` |FAILURE| " dpdklab
2025-11-07  4:15 ` |SUCCESS| " dpdklab
2025-11-07  4:38 ` dpdklab
2025-11-07  6:14 ` |FAILURE| " dpdklab
2025-11-07  6:17 ` dpdklab
2025-11-07  7:32 ` dpdklab

This is a public inbox, see mirroring instructions
for how to clone and mirror all data and code used for this inbox;
as well as URLs for NNTP newsgroup(s).