From mboxrd@z Thu Jan 1 00:00:00 1970 Return-Path: Received: from mails.dpdk.org (mails.dpdk.org [217.70.189.124]) by inbox.dpdk.org (Postfix) with ESMTP id 2828F48A96 for ; Fri, 7 Nov 2025 11:21:42 +0100 (CET) Received: from mails.dpdk.org (localhost [127.0.0.1]) by mails.dpdk.org (Postfix) with ESMTP id 0FDC44021F; Fri, 7 Nov 2025 11:21:42 +0100 (CET) Received: from mail-ot1-f97.google.com (mail-ot1-f97.google.com [209.85.210.97]) by mails.dpdk.org (Postfix) with ESMTP id 2C5904021F for ; Fri, 7 Nov 2025 11:21:41 +0100 (CET) Received: by mail-ot1-f97.google.com with SMTP id 46e09a7af769-7c67d9577b3so362701a34.2 for ; Fri, 07 Nov 2025 02:21:41 -0800 (PST) DKIM-Signature: v=1; a=rsa-sha256; c=relaxed/relaxed; d=iol.unh.edu; s=unh-iol; t=1762510900; x=1763115700; darn=dpdk.org; h=cc:to:from:subject:message-id:date:from:to:cc:subject:date :message-id:reply-to; bh=ymPIS1ZSUg60736/Eg1TdyhrPrWIcNOcAjMiG09MPwA=; b=T6wWcBq9ipTWfVCxo8sQ83LuXkZUUjhicwZcAvrX14iVjH+GotVjT+l764+weVqY/K sAbFxwx2d2TQvSON16CpsbyCznnLY+qWw1FXaSi7e/YRjMKe3gT26EQO5jSnSbhvW7bD Ol68JvGJgX0pAC0SHqLzB3yygLWbX61yU03mA= X-Google-DKIM-Signature: v=1; a=rsa-sha256; c=relaxed/relaxed; d=1e100.net; s=20230601; t=1762510900; x=1763115700; h=cc:to:from:subject:message-id:date:x-gm-gg:x-gm-message-state:from :to:cc:subject:date:message-id:reply-to; bh=ymPIS1ZSUg60736/Eg1TdyhrPrWIcNOcAjMiG09MPwA=; b=QSIWDuZ0X/c++wJdiXTVqbrFtrHIDvJ6YsOr+AIfJw+PKLETsFNeUNMcwdvwC/Q16a 06M+LUyNQYnkm0PCXVv2ecv1PqeccHsEZzsN/hEUKpI+WInZxg4HsONpKGmBirNvPgaB UKtufwYKgdBGb5ZgBfZwanBNm7qjTvM5fnHUugTR0l/Iv2wpWHWX61NXdPUjH84J2zl6 r5yzG+oEI0gvcZVgUZYf59DjOM7bEvKus98Dre7m5a5Avu7Ni1un/gk9VOUEOttF3qHT M7gC3TOTi5emzF9loANiIZDN3FHXo8fFiok/Og268e6vep/dKQIMoJzCbHHCATMuUJCe vVnA== X-Gm-Message-State: AOJu0YzjuGXx86wDE7B+G5wmSr62mC+lLXjbElsFFrByIGCsUu0ZZTF3 EkREgwneOUZbXrb7I1obbRaRpmrTtUjEUex9JBAPlXjSUaQ/pbVVDBIXnTr/LhzR0tGdfJf+qTO lp3XP4hZe8qHM6xE55KTLkUvnyWudHO5UY6AF X-Gm-Gg: ASbGncuLRcrNVvMf6P2BrnwauVRAhqn7se30udM5iQIBPVb33eyMJF9Ogr6AUUznXtS 93byVVMM+kn7m0Owo8KrojzFfa1HbW3Vuc6UoX/XQpqqCfLMHAQRhhESPGnD2gBOsyO7yjxltUi Ps/cJMwVIPNiMlaPKi8IwAELdlym1ct4QCzbcTaAL8yYeltMamyP63qDlFl+Q8QZ+CbeS6kNhmP aagFXUvLpFwShQ2XRSI9t6nB1gV8ILATtoBm8RDaTm3L8ySBlQku2MoXF9KoUIRL9Pngk0YqEKg WmTw6oZJXKefRvvnHtW/6PSDRGbDUMXAtMCFWJ0E9fjBSQF5cWcrnC58zMtauJSIojNReFisnDs rr9TMPm2laMxUJo/PsQWcB+BL6hvqKmc= X-Google-Smtp-Source: AGHT+IGr4f6HrMUNh/clgIUXhThZM1ErlVDRaN1tWY2j0I6O1LJWmYxHJ3qlG8IRiAMRVd9R/344wIDfsf95 X-Received: by 2002:a05:6808:219a:b0:44f:6def:3f3b with SMTP id 5614622812f47-45015f410d5mr1339148b6e.51.1762510900196; Fri, 07 Nov 2025 02:21:40 -0800 (PST) Received: from postal.iol.unh.edu (postal.iol.unh.edu. [132.177.123.84]) by smtp-relay.gmail.com with ESMTPS id 586e51a60fabf-3e41f2821b4sm197653fac.17.2025.11.07.02.21.40 (version=TLS1_2 cipher=ECDHE-ECDSA-AES128-GCM-SHA256 bits=128/128); Fri, 07 Nov 2025 02:21:40 -0800 (PST) X-Relaying-Domain: iol.unh.edu Date: Fri, 07 Nov 2025 02:21:40 -0800 (PST) Message-ID: <690dc834.050a0220.3abfc3.9fd3SMTPIN_ADDED_MISSING@mx.google.com> Received: from [172.21.0.2] (unknown [172.18.0.240]) by postal.iol.unh.edu (Postfix) with ESMTP id 9F5BF6051830; Fri, 7 Nov 2025 05:21:39 -0500 (EST) Subject: |FAILURE| [GIT MASTER] 62f583c49bf67dd4d6733ece14e55fe6839e66d1 From: dpdklab@iol.unh.edu To: Test Report Cc: dpdk-test-reports@iol.unh.edu, Xueming Li , Christian Ehrhardt , Kevin Traynor , Luca Boccassi Content-Type: text/plain X-BeenThere: test-report@dpdk.org X-Mailman-Version: 2.1.29 Precedence: list List-Id: automatic DPDK test reports List-Unsubscribe: , List-Archive: List-Post: List-Help: List-Subscribe: , Errors-To: test-report-bounces@dpdk.org _Testing issues_ Branch: tags/v23.11 62f583c49bf67dd4d6733ece14e55fe6839e66d1 --> testing issues Upstream job id: Generic-DPDK-Compile-Meson#441950 Test environment and result as below: +------------------------------+--------------------+ | Environment | dpdk_meson_compile | +==============================+====================+ | Red Hat Enterprise Linux 9.5 | PASS | +------------------------------+--------------------+ | Ubuntu 20.04 | PASS | +------------------------------+--------------------+ | Debian GNU/Linux 12 | PASS | +------------------------------+--------------------+ | Fedora Linux 42 | PASS | +------------------------------+--------------------+ | Ubuntu 22.04 | PASS | +------------------------------+--------------------+ | Ubuntu 24.04 | PASS | +------------------------------+--------------------+ | CentOS Stream 9 | PASS | +------------------------------+--------------------+ | CentOS Stream 10 | PASS | +------------------------------+--------------------+ Red Hat Enterprise Linux 9.5 Kernel: 5.4 Compiler: gcc gcc (GCC) 11.5.0 20240719 (Red Hat 11.5.0-2) Ubuntu 20.04 Kernel: 5.15 Compiler: aarch64-linux-gnu-gcc gcc (Ubuntu 9.4.0-1ubuntu1~20.04.2) 9.4.0 Debian GNU/Linux 12 Kernel: 5.4 Compiler: gcc gcc (Debian 12.2.0-14+deb12u1) 12.2.0 Fedora Linux 42 Kernel: 5.4 Compiler: gcc gcc (GCC) 15.2.1 20250808 (Red Hat 15.2.1-1) Ubuntu 22.04 Kernel: 5.4 Compiler: gcc gcc (Ubuntu 11.4.0-1ubuntu1~22.04) 11.4.0 Ubuntu 24.04 Kernel: 5.4 Compiler: gcc gcc (Ubuntu 13.3.0-6ubuntu2~24.04) 13.3.0 CentOS Stream 9 Kernel: 5.4 Compiler: gcc gcc (GCC) 11.5.0 20240719 (Red Hat 11.5.0-11) CentOS Stream 10 Kernel: 5.4 Compiler: gcc gcc (GCC) 14.2.1 20250110 (Red Hat 14.2.1-8) To view detailed results, visit: https://lab.dpdk.org/results/dashboard/tarballs/35499/ UNH-IOL DPDK Community Lab To manage your email subscriptions, visit: https://lab.dpdk.org/results/dashboard/preferences/subscriptions/