automatic DPDK test reports
 help / color / mirror / Atom feed
From: dpdklab@iol.unh.edu
To: Test Report <test-report@dpdk.org>
Cc: dpdk-test-reports@iol.unh.edu, Akhil Goyal <gakhil@marvell.com>
Subject: |SUCCESS| pw158607 [PATCH] crypto/qat: fix CCM request descriptor ha
Date: Fri, 07 Nov 2025 13:16:12 -0800 (PST)	[thread overview]
Message-ID: <690e619c.050a0220.23ec6b.d1b7SMTPIN_ADDED_MISSING@mx.google.com> (raw)
In-Reply-To: <20251107164329.2154794-1-emma.finn@intel.com>

Test-Label: iol-compile-arm64-testing
Test-Status: SUCCESS
http://dpdk.org/patch/158607

_Testing PASS_

Submitter: Emma Finn <emma.finn@intel.com>
Date: Friday, November 07 2025 16:43:29 
DPDK git baseline: Repo:dpdk-next-crypto
  Branch: master
  CommitID:9cec61fe8175f6d0ce8067734d3f7e8b02afe697

158607 --> testing pass

Upstream job id: Generic-DPDK-Compile-Meson#442041

Test environment and result as below:

+------------------------------+--------------------+
|         Environment          | dpdk_meson_compile |
+==============================+====================+
| Ubuntu 20.04                 | PASS               |
+------------------------------+--------------------+
| Debian GNU/Linux 12          | PASS               |
+------------------------------+--------------------+
| Fedora Linux 42              | PASS               |
+------------------------------+--------------------+
| Ubuntu 24.04                 | PASS               |
+------------------------------+--------------------+
| Ubuntu 22.04                 | PASS               |
+------------------------------+--------------------+
| CentOS Stream 10             | PASS               |
+------------------------------+--------------------+
| Red Hat Enterprise Linux 9.5 | PASS               |
+------------------------------+--------------------+
| CentOS Stream 9              | PASS               |
+------------------------------+--------------------+


Ubuntu 20.04
	Kernel: 5.15
	Compiler: aarch64-linux-gnu-gcc gcc (Ubuntu 9.4.0-1ubuntu1~20.04.2) 9.4.0

Debian GNU/Linux 12
	Kernel: 5.4
	Compiler: gcc gcc (Debian 12.2.0-14+deb12u1) 12.2.0

Fedora Linux 42
	Kernel: 5.4
	Compiler: clang gcc (GCC) 15.2.1 20250808 (Red Hat 15.2.1-1)

Ubuntu 24.04
	Kernel: 5.4
	Compiler: gcc gcc (Ubuntu 13.3.0-6ubuntu2~24.04) 13.3.0

Ubuntu 22.04
	Kernel: 5.4
	Compiler: gcc gcc (Ubuntu 11.4.0-1ubuntu1~22.04) 11.4.0

CentOS Stream 10
	Kernel: 5.4
	Compiler: gcc gcc (GCC) 14.2.1 20250110 (Red Hat 14.2.1-8)

Red Hat Enterprise Linux 9.5
	Kernel: 5.4
	Compiler: gcc gcc (GCC) 11.5.0 20240719 (Red Hat 11.5.0-2)

CentOS Stream 9
	Kernel: 5.4
	Compiler: gcc gcc (GCC) 11.5.0 20240719 (Red Hat 11.5.0-11)

To view detailed results, visit:
https://lab.dpdk.org/results/dashboard/patchsets/34510/

UNH-IOL DPDK Community Lab

To manage your email subscriptions, visit: 
https://lab.dpdk.org/results/dashboard/preferences/subscriptions/

      parent reply	other threads:[~2025-11-07 21:16 UTC|newest]

Thread overview: 24+ messages / expand[flat|nested]  mbox.gz  Atom feed  top
     [not found] <20251107164329.2154794-1-emma.finn@intel.com>
2025-11-07 16:09 ` |SUCCESS| pw158607 [PATCH] crypto/qat: fix CCM request descriptor hash_state_sz field qemudev
2025-11-07 16:15 ` qemudev
2025-11-07 16:43 ` checkpatch
2025-11-07 17:15 ` |PENDING| pw158607 [PATCH] crypto/qat: fix CCM request descriptor ha dpdklab
2025-11-07 17:15 ` |SUCCESS| " dpdklab
2025-11-07 17:20 ` dpdklab
2025-11-07 17:22 ` |PENDING| " dpdklab
2025-11-07 17:23 ` |SUCCESS| " dpdklab
2025-11-07 17:28 ` |FAILURE| " dpdklab
2025-11-07 17:34 ` |SUCCESS| " dpdklab
2025-11-07 17:41 ` |PENDING| " dpdklab
2025-11-07 17:42 ` |SUCCESS| " dpdklab
2025-11-07 17:45 ` dpdklab
2025-11-07 17:46 ` dpdklab
2025-11-07 18:14 ` dpdklab
2025-11-07 18:14 ` dpdklab
2025-11-07 18:19 ` dpdklab
2025-11-07 18:22 ` |FAILURE| " dpdklab
2025-11-07 18:24 ` |SUCCESS| " dpdklab
2025-11-07 18:26 ` dpdklab
2025-11-07 18:28 ` |FAILURE| " dpdklab
2025-11-07 19:55 ` |SUCCESS| pw158607 [PATCH] crypto/qat: fix CCM request descriptor hash_state_sz field 0-day Robot
2025-11-07 19:55 ` 0-day Robot
2025-11-07 21:16 ` dpdklab [this message]

Reply instructions:

You may reply publicly to this message via plain-text email
using any one of the following methods:

* Save the following mbox file, import it into your mail client,
  and reply-to-all from there: mbox

  Avoid top-posting and favor interleaved quoting:
  https://en.wikipedia.org/wiki/Posting_style#Interleaved_style

* Reply using the --to, --cc, and --in-reply-to
  switches of git-send-email(1):

  git send-email \
    --in-reply-to=690e619c.050a0220.23ec6b.d1b7SMTPIN_ADDED_MISSING@mx.google.com \
    --to=dpdklab@iol.unh.edu \
    --cc=dpdk-test-reports@iol.unh.edu \
    --cc=gakhil@marvell.com \
    --cc=test-report@dpdk.org \
    /path/to/YOUR_REPLY

  https://kernel.org/pub/software/scm/git/docs/git-send-email.html

* If your mail client supports setting the In-Reply-To header
  via mailto: links, try the mailto: link
Be sure your reply has a Subject: header at the top and a blank line before the message body.
This is a public inbox, see mirroring instructions
for how to clone and mirror all data and code used for this inbox;
as well as URLs for NNTP newsgroup(s).