From mboxrd@z Thu Jan 1 00:00:00 1970 Return-Path: Received: from mails.dpdk.org (mails.dpdk.org [217.70.189.124]) by inbox.dpdk.org (Postfix) with ESMTP id 9B62948AA3 for ; Fri, 7 Nov 2025 23:10:58 +0100 (CET) Received: from mails.dpdk.org (localhost [127.0.0.1]) by mails.dpdk.org (Postfix) with ESMTP id 74AEB4026D; Fri, 7 Nov 2025 23:10:58 +0100 (CET) Received: from mail-pg1-f228.google.com (mail-pg1-f228.google.com [209.85.215.228]) by mails.dpdk.org (Postfix) with ESMTP id 377724026D for ; Fri, 7 Nov 2025 23:10:57 +0100 (CET) Received: by mail-pg1-f228.google.com with SMTP id 41be03b00d2f7-b679450ecb6so901954a12.2 for ; Fri, 07 Nov 2025 14:10:57 -0800 (PST) DKIM-Signature: v=1; a=rsa-sha256; c=relaxed/relaxed; d=iol.unh.edu; s=unh-iol; t=1762553456; x=1763158256; darn=dpdk.org; h=cc:to:from:subject:message-id:date:from:to:cc:subject:date :message-id:reply-to; bh=OcONmkHNmJZDvI4O7XU3Tr+kQfox34OjY7sX2jOCaE0=; b=UlzXPzEzMRZFDETYoc0d5fgoiiUvjRyIbYIrmt0PdvMgsew6Hd2Wa+NMA8DD7w/7dB UZoyCzq7GIY8jbfSq7lR09sSo95iqR4+wJcOP9QUGmfZuPaUJWKMQcgpdIBKb9sGGRfL yoWJL6Pf0kRYJoj/9/nVz+V9XpYfmt4kv3anM= X-Google-DKIM-Signature: v=1; a=rsa-sha256; c=relaxed/relaxed; d=1e100.net; s=20230601; t=1762553456; x=1763158256; h=cc:to:from:subject:message-id:date:x-gm-gg:x-gm-message-state:from :to:cc:subject:date:message-id:reply-to; bh=OcONmkHNmJZDvI4O7XU3Tr+kQfox34OjY7sX2jOCaE0=; b=RadfPWCFqcwQw6iOXYIs9tG4pDl+mGfte3bn4wKTUJypRSc3Sssgw9Zl5YtTlv9aS9 IQT1h0QfWfnTtNMVzM9LmoBdDWI3dVZ/HaeWBUN/GS5Drkab30lStGLORz0dZWMESzns rvIkLKbYuN5j0+5XobvBE4Ug8yiJ8YC3aMf3W0U240cVRD/f26AGcEche/g7uyJou+Sz JLitll/lY5XUqXMjABxPRt/A8Ub0xCy1n+xUzgLtK0vOtRfMEzq2ghUwkvSX0iQoJDIG FSez/qYN49u/u4kz0XCaSDZEdAaPn4sCaceIZW6ZfslTM+pByvX1jGRVOGCEPdqXjh5A kr0g== X-Gm-Message-State: AOJu0YyikSSQywyQEwGnHSQhAr7jiH1zDIOnJRwJulaVkkVlwQyk/bEh /Mfv7vsl9GWwl3e4deQpuGaLcNLm0q10dIU9qaipNxLAG1jgJNMZNxJwoeDZ539eJbA5+Uis9PG ajbw64Tjt7tR7D3Hgi5NT/vfObegx/BJvxVd/ X-Gm-Gg: ASbGncu4FhbzxlZbz3DnxJdEv9w7BsvdZcUNTuD6JSV9JPFHanE8NllDSewF2U+zEuZ jUGPl+ObcwC9ZYdv6fPIm+Iy9YVTtvW1upAEgsVUbYzqYBbkmXaIOfACAAOCuiaKR6I87WLZ26c P5yEao6msMGSaA3s2ksZG7ZiFOtj4JzoCdbmmsOAqhrIyiOhIrbqusTYHN5cQB4AIbSvV3uLSQJ KhHngcZ6sGwKE0kaMdGzkGzJXDiBRCMkvDPduSgY1tMXSk3i3geeVwKAIVhxZU33Pvihmyt4ufV q/d3+q77pS+uGaM+qopuXeZVFGXkJ2YmpJ/Zx84n0uros7emHsGwJi3fLNF2oRwKKf6Fq0O4lfW jfLkAFtA1GHHL/00DoaUafCqgGMigP24= X-Google-Smtp-Source: AGHT+IHtI3r4Ghtx73YHFcSMq+iaWIIrpUdHfeV5NYeZAjIY8kkMn/7Vn7t06lramzVgcI7wPAVr/5fB4DA2 X-Received: by 2002:a17:903:244a:b0:27e:dc53:d239 with SMTP id d9443c01a7336-297e56be1a9mr6532105ad.35.1762553456237; Fri, 07 Nov 2025 14:10:56 -0800 (PST) Received: from postal.iol.unh.edu (postal.iol.unh.edu. [132.177.123.84]) by smtp-relay.gmail.com with ESMTPS id d9443c01a7336-29651c6ad0esm5571035ad.34.2025.11.07.14.10.56 (version=TLS1_2 cipher=ECDHE-ECDSA-AES128-GCM-SHA256 bits=128/128); Fri, 07 Nov 2025 14:10:56 -0800 (PST) X-Relaying-Domain: iol.unh.edu Date: Fri, 07 Nov 2025 14:10:56 -0800 (PST) Message-ID: <690e6e70.170a0220.3037f2.ccf1SMTPIN_ADDED_MISSING@mx.google.com> Received: from [172.21.0.2] (unknown [172.18.0.240]) by postal.iol.unh.edu (Postfix) with ESMTP id 54DF36051830; Fri, 7 Nov 2025 17:10:55 -0500 (EST) Subject: |FAILURE| [GIT MASTER] 9784db2c5af1eecd02fc21132b59b5b266039b87 From: dpdklab@iol.unh.edu To: Test Report Cc: dpdk-test-reports@iol.unh.edu, Xueming Li , Christian Ehrhardt , Kevin Traynor , Luca Boccassi Content-Type: text/plain X-BeenThere: test-report@dpdk.org X-Mailman-Version: 2.1.29 Precedence: list List-Id: automatic DPDK test reports List-Unsubscribe: , List-Archive: List-Post: List-Help: List-Subscribe: , Errors-To: test-report-bounces@dpdk.org _Testing issues_ Branch: tags/v22.11 9784db2c5af1eecd02fc21132b59b5b266039b87 --> testing issues Upstream job id: Generic-Unit-Test-DPDK#389825 Test environment and result as below: +-----------------+----------------+--------------+---------------------------+------------------------------+ | Environment | dpdk_unit_test | lpm_autotest | cryptodev_sw_zuc_autotest | cryptodev_sw_snow3g_autotest | +=================+================+==============+===========================+==============================+ | Ubuntu 22.04 | PASS | SKIPPED | SKIPPED | SKIPPED | +-----------------+----------------+--------------+---------------------------+------------------------------+ | Ubuntu 20.04 | SKIPPED | FAIL | SKIPPED | SKIPPED | +-----------------+----------------+--------------+---------------------------+------------------------------+ | Debian 12 (arm) | SKIPPED | SKIPPED | PASS | PASS | +-----------------+----------------+--------------+---------------------------+------------------------------+ ==== 20 line log output for Ubuntu 20.04 (lpm_autotest): ==== [671/690] Compiling C object 'app/test/3062f5d@@dpdk-test@exe/test_threads.c.o'. [672/690] Compiling C object 'app/test/3062f5d@@dpdk-test@exe/test_thash.c.o'. [673/690] Compiling C object 'app/test/3062f5d@@dpdk-test@exe/test_thash_perf.c.o'. [674/690] Compiling C object 'app/test/3062f5d@@dpdk-test@exe/test_timer.c.o'. [675/690] Compiling C object 'app/test/3062f5d@@dpdk-test@exe/test_timer_perf.c.o'. [676/690] Compiling C object 'app/test/3062f5d@@dpdk-test@exe/test_timer_racecond.c.o'. [677/690] Compiling C object 'app/test/3062f5d@@dpdk-test@exe/test_timer_secondary.c.o'. [678/690] Compiling C object 'app/test/3062f5d@@dpdk-test@exe/test_ticketlock.c.o'. [679/690] Compiling C object 'app/test/3062f5d@@dpdk-test@exe/test_trace_register.c.o'. [680/690] Compiling C object 'app/test/3062f5d@@dpdk-test@exe/test_trace.c.o'. [681/690] Compiling C object 'app/test/3062f5d@@dpdk-test@exe/test_version.c.o'. [682/690] Compiling C object 'app/test/3062f5d@@dpdk-test@exe/test_telemetry_json.c.o'. [683/690] Compiling C object 'app/test/3062f5d@@dpdk-test@exe/test_ring.c.o'. [684/690] Compiling C object 'app/test/3062f5d@@dpdk-test@exe/test_telemetry_data.c.o'. [685/690] Compiling C object 'app/test/3062f5d@@dpdk-test@exe/virtual_pmd.c.o'. [686/690] Compiling C object 'app/test/3062f5d@@dpdk-test@exe/test_pcapng.c.o'. [687/690] Compiling C object 'app/test/3062f5d@@dpdk-test@exe/test_bpf.c.o'. [688/690] Compiling C object 'app/test/3062f5d@@dpdk-test@exe/test_compressdev.c.o'. [689/690] Compiling C object 'app/test/3062f5d@@dpdk-test@exe/test_trace_perf.c.o'. [690/690] Linking target app/test/dpdk-test. ==== End log output ==== Ubuntu 22.04 Kernel: 5.15 Compiler: gcc gcc (Ubuntu 11.4.0-1ubuntu1~22.04.2) 11.4.0 Ubuntu 20.04 Kernel: 5.4 Compiler: gcc gcc (Ubuntu 9.4.0-1ubuntu1~20.04.2) 9.4.0 Debian 12 (arm) Kernel: Depends on container host Compiler: gcc (Debian 12.2.0-14) 12.2.0 To view detailed results, visit: https://lab.dpdk.org/results/dashboard/tarballs/35497/ UNH-IOL DPDK Community Lab To manage your email subscriptions, visit: https://lab.dpdk.org/results/dashboard/preferences/subscriptions/